{"id":98132,"date":"2020-12-17T22:11:53","date_gmt":"2020-12-18T06:11:53","guid":{"rendered":"https:\/\/www.mercadokeys.com\/product\/age-of-empires-ii-definitive-edition-steam-cd-key\/"},"modified":"2022-06-28T06:24:07","modified_gmt":"2022-06-28T13:24:07","slug":"age-of-empires-ii-definitive-edition-steam-cd-key","status":"publish","type":"product","link":"https:\/\/www.mercadokeys.com.mx\/eng\/product\/age-of-empires-ii-definitive-edition-steam-cd-key\/","title":{"rendered":"Age of Empires II: Definitive Edition Steam CD Key"},"content":{"rendered":"<p><span style=\"vertical-align: inherit\">Age of Empires II: Definitive Edition celebra el vig\u00e9simo aniversario de uno de los juegos de estrategia m\u00e1s populares de la historia con impresionantes gr\u00e1ficos 4K Ultra HD. Por su parte, incluye una banda sonora nueva y completamente remasterizada y contenido completamente nuevo. &#8220;The Last Khans&#8221; con 3 nuevas campa\u00f1as y 4 nuevas civilizaciones. Todo en Age of Empires II<\/span><\/p>","protected":false},"excerpt":{"rendered":"<p>Age of Empires II: Definitive Edition celebra el vig\u00e9simo aniversario de uno de los juegos de estrategia m\u00e1s populares de la historia con impresionantes gr\u00e1ficos 4K Ultra HD. Por su parte, incluye una banda sonora nueva y completamente remasterizada y contenido completamente nuevo. &#8220;The Last Khans&#8221; con 3 nuevas campa\u00f1as y 4 nuevas civilizaciones. Todo&#8230;<\/p>","protected":false},"featured_media":115472,"template":"","meta":{"_monsterinsights_skip_tracking":false,"_monsterinsights_sitenote_active":false,"_monsterinsights_sitenote_note":"","_monsterinsights_sitenote_category":0},"product_brand":[],"product_cat":[1501,2981,1271,1420,1283,1280,1273,1401,1378,1424],"product_tag":[2192,2294,2293,2292,1526],"class_list":{"0":"post-98132","1":"product","2":"type-product","3":"status-publish","4":"has-post-thumbnail","6":"product_cat-tienda-de-videojuegos-ultimos-juegos-tijuana-mexico","7":"product_cat-destacados","8":"product_cat-tienda-de-videojuegos-tijuana-mexico","9":"product_cat-tienda-de-videojuegos-populares-tijuana-mexico","10":"product_cat-tienda-de-videojuegos-plataformas-tijuana-mexico","11":"product_cat-tienda-de-videojuegos-pc-tijuana-mexico","12":"product_cat-tienda-de-videojuegos-steam-key-tijuana-mexico","13":"product_cat-tienda-de-videojuegos-estrategia-tijuana-mexico","14":"product_cat-tienda-de-videojuegos-mas-vendidos-tijuana-mexico","15":"product_cat-tienda-de-videojuegos-lo-mas-jugados-tijuana-mexico","16":"product_tag-age-of-empires","17":"product_tag-age-of-empires-ii","18":"product_tag-age-of-empires-ii-definitive-edition","19":"product_tag-age-of-empires-ii-definitive-edition-steam","20":"product_tag-steam","22":"first","23":"instock","24":"shipping-taxable","25":"purchasable","26":"product-type-simple"},"yoast_head":"<!-- This site is optimized with the Yoast SEO plugin v27.0 - https:\/\/yoast.com\/product\/yoast-seo-wordpress\/ -->\n<title>Age of Empires II: Definitive Edition Steam CD Key - MERCADOKEYS<\/title>\n<meta name=\"description\" content=\"Age of Empires II: Definitive Edition celebra el vig\u00e9simo aniversario de uno de los juegos de estrategia m\u00e1s populares de la historia\" \/>\n<meta name=\"robots\" content=\"index, follow, max-snippet:-1, max-image-preview:large, max-video-preview:-1\" \/>\n<link rel=\"canonical\" href=\"https:\/\/www.mercadokeys.com\/product\/age-of-empires-ii-definitive-edition-steam-cd-key\/\" \/>\n<meta property=\"og:locale\" content=\"en_GB\" \/>\n<meta property=\"og:type\" content=\"article\" \/>\n<meta property=\"og:title\" content=\"Age of Empires II: Definitive Edition Steam CD Key - MERCADOKEYS\" \/>\n<meta property=\"og:description\" content=\"Age of Empires II: Definitive Edition celebra el vig\u00e9simo aniversario de uno de los juegos de estrategia m\u00e1s populares de la historia\" \/>\n<meta property=\"og:url\" content=\"https:\/\/www.mercadokeys.com\/product\/age-of-empires-ii-definitive-edition-steam-cd-key\/\" \/>\n<meta property=\"og:site_name\" content=\"MERCADOKEYS\" \/>\n<meta property=\"article:modified_time\" content=\"2022-06-28T13:24:07+00:00\" \/>\n<meta property=\"og:image\" content=\"https:\/\/www.mercadokeys.com\/wp-content\/uploads\/2020\/12\/Age-of-Empires-II-Definitive-Edition-Steam-CD-Key.jpg\" \/>\n\t<meta property=\"og:image:width\" content=\"460\" \/>\n\t<meta property=\"og:image:height\" content=\"672\" \/>\n\t<meta property=\"og:image:type\" content=\"image\/jpeg\" \/>\n<meta name=\"twitter:card\" content=\"summary_large_image\" \/>\n<meta name=\"twitter:label1\" content=\"Estimated reading time\" \/>\n\t<meta name=\"twitter:data1\" content=\"1 minute\" \/>\n<script type=\"application\/ld+json\" class=\"yoast-schema-graph\">{\"@context\":\"https:\/\/schema.org\",\"@graph\":[{\"@type\":\"WebPage\",\"@id\":\"https:\/\/www.mercadokeys.com\/product\/age-of-empires-ii-definitive-edition-steam-cd-key\/\",\"url\":\"https:\/\/www.mercadokeys.com\/product\/age-of-empires-ii-definitive-edition-steam-cd-key\/\",\"name\":\"Age of Empires II: Definitive Edition Steam CD Key - MERCADOKEYS\",\"isPartOf\":{\"@id\":\"https:\/\/www.mercadokeys.com\/eng\/#website\"},\"primaryImageOfPage\":{\"@id\":\"https:\/\/www.mercadokeys.com\/product\/age-of-empires-ii-definitive-edition-steam-cd-key\/#primaryimage\"},\"image\":{\"@id\":\"https:\/\/www.mercadokeys.com\/product\/age-of-empires-ii-definitive-edition-steam-cd-key\/#primaryimage\"},\"thumbnailUrl\":\"https:\/\/www.mercadokeys.com.mx\/wp-content\/uploads\/2020\/12\/Age-of-Empires-II-Definitive-Edition-Steam-CD-Key.jpg\",\"datePublished\":\"2020-12-18T06:11:53+00:00\",\"dateModified\":\"2022-06-28T13:24:07+00:00\",\"description\":\"Age of Empires II: Definitive Edition celebra el vig\u00e9simo aniversario de uno de los juegos de estrategia m\u00e1s populares de la historia\",\"breadcrumb\":{\"@id\":\"https:\/\/www.mercadokeys.com\/product\/age-of-empires-ii-definitive-edition-steam-cd-key\/#breadcrumb\"},\"inLanguage\":\"en-GB\",\"potentialAction\":[{\"@type\":\"ReadAction\",\"target\":[\"https:\/\/www.mercadokeys.com\/product\/age-of-empires-ii-definitive-edition-steam-cd-key\/\"]}]},{\"@type\":\"ImageObject\",\"inLanguage\":\"en-GB\",\"@id\":\"https:\/\/www.mercadokeys.com\/product\/age-of-empires-ii-definitive-edition-steam-cd-key\/#primaryimage\",\"url\":\"https:\/\/www.mercadokeys.com.mx\/wp-content\/uploads\/2020\/12\/Age-of-Empires-II-Definitive-Edition-Steam-CD-Key.jpg\",\"contentUrl\":\"https:\/\/www.mercadokeys.com.mx\/wp-content\/uploads\/2020\/12\/Age-of-Empires-II-Definitive-Edition-Steam-CD-Key.jpg\",\"width\":460,\"height\":672,\"caption\":\"Age of Empires II: Definitive Edition Steam CD Key\"},{\"@type\":\"BreadcrumbList\",\"@id\":\"https:\/\/www.mercadokeys.com\/product\/age-of-empires-ii-definitive-edition-steam-cd-key\/#breadcrumb\",\"itemListElement\":[{\"@type\":\"ListItem\",\"position\":1,\"name\":\"Inicio\",\"item\":\"https:\/\/www.mercadokeys.com.mx\/\"},{\"@type\":\"ListItem\",\"position\":2,\"name\":\"Tienda\",\"item\":\"https:\/\/www.mercadokeys.com\/shop\/\"},{\"@type\":\"ListItem\",\"position\":3,\"name\":\"Age of Empires II: Definitive Edition Steam CD Key\"}]},{\"@type\":\"WebSite\",\"@id\":\"https:\/\/www.mercadokeys.com\/eng\/#website\",\"url\":\"https:\/\/www.mercadokeys.com\/eng\/\",\"name\":\"MERCADOKEYS\",\"description\":\"Tu Tienda de videojuegos digitales en Mexico!\",\"potentialAction\":[{\"@type\":\"SearchAction\",\"target\":{\"@type\":\"EntryPoint\",\"urlTemplate\":\"https:\/\/www.mercadokeys.com\/eng\/?s={search_term_string}\"},\"query-input\":{\"@type\":\"PropertyValueSpecification\",\"valueRequired\":true,\"valueName\":\"search_term_string\"}}],\"inLanguage\":\"en-GB\"}]}<\/script>\n<!-- \/ Yoast SEO plugin. -->","yoast_head_json":{"title":"Age of Empires II: Definitive Edition Steam CD Key - MERCADOKEYS","description":"Age of Empires II: Definitive Edition celebra el vig\u00e9simo aniversario de uno de los juegos de estrategia m\u00e1s populares de la historia","robots":{"index":"index","follow":"follow","max-snippet":"max-snippet:-1","max-image-preview":"max-image-preview:large","max-video-preview":"max-video-preview:-1"},"canonical":"https:\/\/www.mercadokeys.com\/product\/age-of-empires-ii-definitive-edition-steam-cd-key\/","og_locale":"en_GB","og_type":"article","og_title":"Age of Empires II: Definitive Edition Steam CD Key - MERCADOKEYS","og_description":"Age of Empires II: Definitive Edition celebra el vig\u00e9simo aniversario de uno de los juegos de estrategia m\u00e1s populares de la historia","og_url":"https:\/\/www.mercadokeys.com\/product\/age-of-empires-ii-definitive-edition-steam-cd-key\/","og_site_name":"MERCADOKEYS","article_modified_time":"2022-06-28T13:24:07+00:00","og_image":[{"width":460,"height":672,"url":"https:\/\/www.mercadokeys.com\/wp-content\/uploads\/2020\/12\/Age-of-Empires-II-Definitive-Edition-Steam-CD-Key.jpg","type":"image\/jpeg"}],"twitter_card":"summary_large_image","twitter_misc":{"Estimated reading time":"1 minute"},"schema":{"@context":"https:\/\/schema.org","@graph":[{"@type":"WebPage","@id":"https:\/\/www.mercadokeys.com\/product\/age-of-empires-ii-definitive-edition-steam-cd-key\/","url":"https:\/\/www.mercadokeys.com\/product\/age-of-empires-ii-definitive-edition-steam-cd-key\/","name":"Age of Empires II: Definitive Edition Steam CD Key - MERCADOKEYS","isPartOf":{"@id":"https:\/\/www.mercadokeys.com\/eng\/#website"},"primaryImageOfPage":{"@id":"https:\/\/www.mercadokeys.com\/product\/age-of-empires-ii-definitive-edition-steam-cd-key\/#primaryimage"},"image":{"@id":"https:\/\/www.mercadokeys.com\/product\/age-of-empires-ii-definitive-edition-steam-cd-key\/#primaryimage"},"thumbnailUrl":"https:\/\/www.mercadokeys.com.mx\/wp-content\/uploads\/2020\/12\/Age-of-Empires-II-Definitive-Edition-Steam-CD-Key.jpg","datePublished":"2020-12-18T06:11:53+00:00","dateModified":"2022-06-28T13:24:07+00:00","description":"Age of Empires II: Definitive Edition celebra el vig\u00e9simo aniversario de uno de los juegos de estrategia m\u00e1s populares de la historia","breadcrumb":{"@id":"https:\/\/www.mercadokeys.com\/product\/age-of-empires-ii-definitive-edition-steam-cd-key\/#breadcrumb"},"inLanguage":"en-GB","potentialAction":[{"@type":"ReadAction","target":["https:\/\/www.mercadokeys.com\/product\/age-of-empires-ii-definitive-edition-steam-cd-key\/"]}]},{"@type":"ImageObject","inLanguage":"en-GB","@id":"https:\/\/www.mercadokeys.com\/product\/age-of-empires-ii-definitive-edition-steam-cd-key\/#primaryimage","url":"https:\/\/www.mercadokeys.com.mx\/wp-content\/uploads\/2020\/12\/Age-of-Empires-II-Definitive-Edition-Steam-CD-Key.jpg","contentUrl":"https:\/\/www.mercadokeys.com.mx\/wp-content\/uploads\/2020\/12\/Age-of-Empires-II-Definitive-Edition-Steam-CD-Key.jpg","width":460,"height":672,"caption":"Age of Empires II: Definitive Edition Steam CD Key"},{"@type":"BreadcrumbList","@id":"https:\/\/www.mercadokeys.com\/product\/age-of-empires-ii-definitive-edition-steam-cd-key\/#breadcrumb","itemListElement":[{"@type":"ListItem","position":1,"name":"Inicio","item":"https:\/\/www.mercadokeys.com.mx\/"},{"@type":"ListItem","position":2,"name":"Tienda","item":"https:\/\/www.mercadokeys.com\/shop\/"},{"@type":"ListItem","position":3,"name":"Age of Empires II: Definitive Edition Steam CD Key"}]},{"@type":"WebSite","@id":"https:\/\/www.mercadokeys.com\/eng\/#website","url":"https:\/\/www.mercadokeys.com\/eng\/","name":"MERCADOKEYS","description":"Tu Tienda de videojuegos digitales en Mexico!","potentialAction":[{"@type":"SearchAction","target":{"@type":"EntryPoint","urlTemplate":"https:\/\/www.mercadokeys.com\/eng\/?s={search_term_string}"},"query-input":{"@type":"PropertyValueSpecification","valueRequired":true,"valueName":"search_term_string"}}],"inLanguage":"en-GB"}]}},"df_price":172.917115,"df_sale_price":172.917115,"df_regular_price":172.917115,"df_image_link":"https:\/\/www.mercadokeys.com.mx\/wp-content\/uploads\/2020\/12\/Age-of-Empires-II-Definitive-Edition-Steam-CD-Key-205x300.jpg","_links":{"self":[{"href":"https:\/\/www.mercadokeys.com.mx\/eng\/wp-json\/wp\/v2\/product\/98132","targetHints":{"allow":["GET"]}}],"collection":[{"href":"https:\/\/www.mercadokeys.com.mx\/eng\/wp-json\/wp\/v2\/product"}],"about":[{"href":"https:\/\/www.mercadokeys.com.mx\/eng\/wp-json\/wp\/v2\/types\/product"}],"wp:featuredmedia":[{"embeddable":true,"href":"https:\/\/www.mercadokeys.com.mx\/eng\/wp-json\/wp\/v2\/media\/115472"}],"wp:attachment":[{"href":"https:\/\/www.mercadokeys.com.mx\/eng\/wp-json\/wp\/v2\/media?parent=98132"}],"wp:term":[{"taxonomy":"product_brand","embeddable":true,"href":"https:\/\/www.mercadokeys.com.mx\/eng\/wp-json\/wp\/v2\/product_brand?post=98132"},{"taxonomy":"product_cat","embeddable":true,"href":"https:\/\/www.mercadokeys.com.mx\/eng\/wp-json\/wp\/v2\/product_cat?post=98132"},{"taxonomy":"product_tag","embeddable":true,"href":"https:\/\/www.mercadokeys.com.mx\/eng\/wp-json\/wp\/v2\/product_tag?post=98132"}],"curies":[{"name":"wp","href":"https:\/\/api.w.org\/{rel}","templated":true}]}}