{"id":95270,"date":"2020-12-17T19:37:54","date_gmt":"2020-12-18T03:37:54","guid":{"rendered":"https:\/\/www.mercadokeys.com\/product\/need-for-speed-heat-origin-cd-key\/"},"modified":"2022-06-29T06:14:32","modified_gmt":"2022-06-29T13:14:32","slug":"need-for-speed-heat-origin-cd-key","status":"publish","type":"product","link":"https:\/\/www.mercadokeys.com.mx\/eng\/product\/need-for-speed-heat-origin-cd-key\/","title":{"rendered":"Need for Speed: Heat Origin CD Key"},"content":{"rendered":"<p><span style=\"vertical-align: inherit;\">Corre de d\u00eda y arriesga todo por la noche en Need for Speed \u200b\u200bHeat, un corredor callejero de nudillos blancos; donde las l\u00edneas de la ley se desvanecen cuando el sol comienza a ponerse. Durante el d\u00eda, Palm City organiza el Speedhunter Showdown; una competencia autorizada en la que obtienes Bank para personalizar y mejorar tus autos de alto rendimiento. Por la noche, aumenta la intensidad en carreras callejeras il\u00edcitas que construyen tu reputaci\u00f3n y te dan acceso a carreras m\u00e1s importantes y mejores partes. Pero est\u00e9 preparado: la polic\u00eda est\u00e1 esperando y no todos juegan limpio<\/span><\/p>","protected":false},"excerpt":{"rendered":"<p>Corre de d\u00eda y arriesga todo por la noche en Need for Speed \u200b\u200bHeat, un corredor callejero de nudillos blancos; donde las l\u00edneas de la ley se desvanecen cuando el sol comienza a ponerse. Durante el d\u00eda, Palm City organiza el Speedhunter Showdown; una competencia autorizada en la que obtienes Bank para personalizar y mejorar&#8230;<\/p>","protected":false},"featured_media":115473,"template":"","meta":{"_monsterinsights_skip_tracking":false,"_monsterinsights_sitenote_active":false,"_monsterinsights_sitenote_note":"","_monsterinsights_sitenote_category":0},"product_brand":[],"product_cat":[1501,2981,3596,1271,1420,1283,1280,1277,1406,1428,1427,1423],"product_tag":[1591,1526],"class_list":{"0":"post-95270","1":"product","2":"type-product","3":"status-publish","4":"has-post-thumbnail","6":"product_cat-tienda-de-videojuegos-ultimos-juegos-tijuana-mexico","7":"product_cat-destacados","8":"product_cat-tienda-de-videojuegos-steam-recomendados-en-tijuana-mexico","9":"product_cat-tienda-de-videojuegos-tijuana-mexico","10":"product_cat-tienda-de-videojuegos-populares-tijuana-mexico","11":"product_cat-tienda-de-videojuegos-plataformas-tijuana-mexico","12":"product_cat-tienda-de-videojuegos-pc-tijuana-mexico","13":"product_cat-tienda-de-videojuegos-origin-tijuana-mexico","14":"product_cat-tienda-de-videojuegos-racing-tijuana-mexico","15":"product_cat-tienda-de-videojuegos-cooperativos-tijuana-mexico","16":"product_cat-tienda-de-videojuegos-juegos-para-mando-tijuana-mexico","17":"product_cat-tienda-de-videojuegos-nuevos-lanzamientos-tijuana-mexico","18":"product_tag-need-for-speed-heat","19":"product_tag-steam","21":"first","22":"instock","23":"shipping-taxable","24":"purchasable","25":"product-type-simple"},"yoast_head":"<!-- This site is optimized with the Yoast SEO plugin v27.0 - https:\/\/yoast.com\/product\/yoast-seo-wordpress\/ -->\n<title>Need for Speed: Heat Origin CD Key - MERCADOKEYS<\/title>\n<meta name=\"description\" content=\"En Need for Speed \u200b\u200bHeat, un corredor callejero de nudillos blancos, donde las l\u00edneas de la ley se desvanecen cuando el sol comienza a ponerse\" \/>\n<meta name=\"robots\" content=\"index, follow, max-snippet:-1, max-image-preview:large, max-video-preview:-1\" \/>\n<link rel=\"canonical\" href=\"https:\/\/www.mercadokeys.com\/product\/need-for-speed-heat-origin-cd-key\/\" \/>\n<meta property=\"og:locale\" content=\"en_GB\" \/>\n<meta property=\"og:type\" content=\"article\" \/>\n<meta property=\"og:title\" content=\"Need for Speed: Heat Origin CD Key - MERCADOKEYS\" \/>\n<meta property=\"og:description\" content=\"En Need for Speed \u200b\u200bHeat, un corredor callejero de nudillos blancos, donde las l\u00edneas de la ley se desvanecen cuando el sol comienza a ponerse\" \/>\n<meta property=\"og:url\" content=\"https:\/\/www.mercadokeys.com\/product\/need-for-speed-heat-origin-cd-key\/\" \/>\n<meta property=\"og:site_name\" content=\"MERCADOKEYS\" \/>\n<meta property=\"article:modified_time\" content=\"2022-06-29T13:14:32+00:00\" \/>\n<meta property=\"og:image\" content=\"https:\/\/www.mercadokeys.com\/wp-content\/uploads\/2020\/12\/Need-for-Speed-Heat-Origin-CD-Key.jpg\" \/>\n\t<meta property=\"og:image:width\" content=\"460\" \/>\n\t<meta property=\"og:image:height\" content=\"672\" \/>\n\t<meta property=\"og:image:type\" content=\"image\/jpeg\" \/>\n<meta name=\"twitter:card\" content=\"summary_large_image\" \/>\n<meta name=\"twitter:label1\" content=\"Estimated reading time\" \/>\n\t<meta name=\"twitter:data1\" content=\"1 minute\" \/>\n<script type=\"application\/ld+json\" class=\"yoast-schema-graph\">{\"@context\":\"https:\/\/schema.org\",\"@graph\":[{\"@type\":\"WebPage\",\"@id\":\"https:\/\/www.mercadokeys.com\/product\/need-for-speed-heat-origin-cd-key\/\",\"url\":\"https:\/\/www.mercadokeys.com\/product\/need-for-speed-heat-origin-cd-key\/\",\"name\":\"Need for Speed: Heat Origin CD Key - MERCADOKEYS\",\"isPartOf\":{\"@id\":\"https:\/\/www.mercadokeys.com\/eng\/#website\"},\"primaryImageOfPage\":{\"@id\":\"https:\/\/www.mercadokeys.com\/product\/need-for-speed-heat-origin-cd-key\/#primaryimage\"},\"image\":{\"@id\":\"https:\/\/www.mercadokeys.com\/product\/need-for-speed-heat-origin-cd-key\/#primaryimage\"},\"thumbnailUrl\":\"https:\/\/www.mercadokeys.com.mx\/wp-content\/uploads\/2020\/12\/Need-for-Speed-Heat-Origin-CD-Key.jpg\",\"datePublished\":\"2020-12-18T03:37:54+00:00\",\"dateModified\":\"2022-06-29T13:14:32+00:00\",\"description\":\"En Need for Speed \u200b\u200bHeat, un corredor callejero de nudillos blancos, donde las l\u00edneas de la ley se desvanecen cuando el sol comienza a ponerse\",\"breadcrumb\":{\"@id\":\"https:\/\/www.mercadokeys.com\/product\/need-for-speed-heat-origin-cd-key\/#breadcrumb\"},\"inLanguage\":\"en-GB\",\"potentialAction\":[{\"@type\":\"ReadAction\",\"target\":[\"https:\/\/www.mercadokeys.com\/product\/need-for-speed-heat-origin-cd-key\/\"]}]},{\"@type\":\"ImageObject\",\"inLanguage\":\"en-GB\",\"@id\":\"https:\/\/www.mercadokeys.com\/product\/need-for-speed-heat-origin-cd-key\/#primaryimage\",\"url\":\"https:\/\/www.mercadokeys.com.mx\/wp-content\/uploads\/2020\/12\/Need-for-Speed-Heat-Origin-CD-Key.jpg\",\"contentUrl\":\"https:\/\/www.mercadokeys.com.mx\/wp-content\/uploads\/2020\/12\/Need-for-Speed-Heat-Origin-CD-Key.jpg\",\"width\":460,\"height\":672,\"caption\":\"Need for Speed: Heat Origin CD Key\"},{\"@type\":\"BreadcrumbList\",\"@id\":\"https:\/\/www.mercadokeys.com\/product\/need-for-speed-heat-origin-cd-key\/#breadcrumb\",\"itemListElement\":[{\"@type\":\"ListItem\",\"position\":1,\"name\":\"Inicio\",\"item\":\"https:\/\/www.mercadokeys.com.mx\/\"},{\"@type\":\"ListItem\",\"position\":2,\"name\":\"Tienda\",\"item\":\"https:\/\/www.mercadokeys.com\/shop\/\"},{\"@type\":\"ListItem\",\"position\":3,\"name\":\"Need for Speed: Heat Origin CD Key\"}]},{\"@type\":\"WebSite\",\"@id\":\"https:\/\/www.mercadokeys.com\/eng\/#website\",\"url\":\"https:\/\/www.mercadokeys.com\/eng\/\",\"name\":\"MERCADOKEYS\",\"description\":\"Tu Tienda de videojuegos digitales en Mexico!\",\"potentialAction\":[{\"@type\":\"SearchAction\",\"target\":{\"@type\":\"EntryPoint\",\"urlTemplate\":\"https:\/\/www.mercadokeys.com\/eng\/?s={search_term_string}\"},\"query-input\":{\"@type\":\"PropertyValueSpecification\",\"valueRequired\":true,\"valueName\":\"search_term_string\"}}],\"inLanguage\":\"en-GB\"}]}<\/script>\n<!-- \/ Yoast SEO plugin. -->","yoast_head_json":{"title":"Need for Speed: Heat Origin CD Key - MERCADOKEYS","description":"En Need for Speed \u200b\u200bHeat, un corredor callejero de nudillos blancos, donde las l\u00edneas de la ley se desvanecen cuando el sol comienza a ponerse","robots":{"index":"index","follow":"follow","max-snippet":"max-snippet:-1","max-image-preview":"max-image-preview:large","max-video-preview":"max-video-preview:-1"},"canonical":"https:\/\/www.mercadokeys.com\/product\/need-for-speed-heat-origin-cd-key\/","og_locale":"en_GB","og_type":"article","og_title":"Need for Speed: Heat Origin CD Key - MERCADOKEYS","og_description":"En Need for Speed \u200b\u200bHeat, un corredor callejero de nudillos blancos, donde las l\u00edneas de la ley se desvanecen cuando el sol comienza a ponerse","og_url":"https:\/\/www.mercadokeys.com\/product\/need-for-speed-heat-origin-cd-key\/","og_site_name":"MERCADOKEYS","article_modified_time":"2022-06-29T13:14:32+00:00","og_image":[{"width":460,"height":672,"url":"https:\/\/www.mercadokeys.com\/wp-content\/uploads\/2020\/12\/Need-for-Speed-Heat-Origin-CD-Key.jpg","type":"image\/jpeg"}],"twitter_card":"summary_large_image","twitter_misc":{"Estimated reading time":"1 minute"},"schema":{"@context":"https:\/\/schema.org","@graph":[{"@type":"WebPage","@id":"https:\/\/www.mercadokeys.com\/product\/need-for-speed-heat-origin-cd-key\/","url":"https:\/\/www.mercadokeys.com\/product\/need-for-speed-heat-origin-cd-key\/","name":"Need for Speed: Heat Origin CD Key - MERCADOKEYS","isPartOf":{"@id":"https:\/\/www.mercadokeys.com\/eng\/#website"},"primaryImageOfPage":{"@id":"https:\/\/www.mercadokeys.com\/product\/need-for-speed-heat-origin-cd-key\/#primaryimage"},"image":{"@id":"https:\/\/www.mercadokeys.com\/product\/need-for-speed-heat-origin-cd-key\/#primaryimage"},"thumbnailUrl":"https:\/\/www.mercadokeys.com.mx\/wp-content\/uploads\/2020\/12\/Need-for-Speed-Heat-Origin-CD-Key.jpg","datePublished":"2020-12-18T03:37:54+00:00","dateModified":"2022-06-29T13:14:32+00:00","description":"En Need for Speed \u200b\u200bHeat, un corredor callejero de nudillos blancos, donde las l\u00edneas de la ley se desvanecen cuando el sol comienza a ponerse","breadcrumb":{"@id":"https:\/\/www.mercadokeys.com\/product\/need-for-speed-heat-origin-cd-key\/#breadcrumb"},"inLanguage":"en-GB","potentialAction":[{"@type":"ReadAction","target":["https:\/\/www.mercadokeys.com\/product\/need-for-speed-heat-origin-cd-key\/"]}]},{"@type":"ImageObject","inLanguage":"en-GB","@id":"https:\/\/www.mercadokeys.com\/product\/need-for-speed-heat-origin-cd-key\/#primaryimage","url":"https:\/\/www.mercadokeys.com.mx\/wp-content\/uploads\/2020\/12\/Need-for-Speed-Heat-Origin-CD-Key.jpg","contentUrl":"https:\/\/www.mercadokeys.com.mx\/wp-content\/uploads\/2020\/12\/Need-for-Speed-Heat-Origin-CD-Key.jpg","width":460,"height":672,"caption":"Need for Speed: Heat Origin CD Key"},{"@type":"BreadcrumbList","@id":"https:\/\/www.mercadokeys.com\/product\/need-for-speed-heat-origin-cd-key\/#breadcrumb","itemListElement":[{"@type":"ListItem","position":1,"name":"Inicio","item":"https:\/\/www.mercadokeys.com.mx\/"},{"@type":"ListItem","position":2,"name":"Tienda","item":"https:\/\/www.mercadokeys.com\/shop\/"},{"@type":"ListItem","position":3,"name":"Need for Speed: Heat Origin CD Key"}]},{"@type":"WebSite","@id":"https:\/\/www.mercadokeys.com\/eng\/#website","url":"https:\/\/www.mercadokeys.com\/eng\/","name":"MERCADOKEYS","description":"Tu Tienda de videojuegos digitales en Mexico!","potentialAction":[{"@type":"SearchAction","target":{"@type":"EntryPoint","urlTemplate":"https:\/\/www.mercadokeys.com\/eng\/?s={search_term_string}"},"query-input":{"@type":"PropertyValueSpecification","valueRequired":true,"valueName":"search_term_string"}}],"inLanguage":"en-GB"}]}},"df_price":293.625154,"df_sale_price":293.625154,"df_regular_price":293.625154,"df_image_link":"https:\/\/www.mercadokeys.com.mx\/wp-content\/uploads\/2020\/12\/Need-for-Speed-Heat-Origin-CD-Key-205x300.jpg","_links":{"self":[{"href":"https:\/\/www.mercadokeys.com.mx\/eng\/wp-json\/wp\/v2\/product\/95270","targetHints":{"allow":["GET"]}}],"collection":[{"href":"https:\/\/www.mercadokeys.com.mx\/eng\/wp-json\/wp\/v2\/product"}],"about":[{"href":"https:\/\/www.mercadokeys.com.mx\/eng\/wp-json\/wp\/v2\/types\/product"}],"wp:featuredmedia":[{"embeddable":true,"href":"https:\/\/www.mercadokeys.com.mx\/eng\/wp-json\/wp\/v2\/media\/115473"}],"wp:attachment":[{"href":"https:\/\/www.mercadokeys.com.mx\/eng\/wp-json\/wp\/v2\/media?parent=95270"}],"wp:term":[{"taxonomy":"product_brand","embeddable":true,"href":"https:\/\/www.mercadokeys.com.mx\/eng\/wp-json\/wp\/v2\/product_brand?post=95270"},{"taxonomy":"product_cat","embeddable":true,"href":"https:\/\/www.mercadokeys.com.mx\/eng\/wp-json\/wp\/v2\/product_cat?post=95270"},{"taxonomy":"product_tag","embeddable":true,"href":"https:\/\/www.mercadokeys.com.mx\/eng\/wp-json\/wp\/v2\/product_tag?post=95270"}],"curies":[{"name":"wp","href":"https:\/\/api.w.org\/{rel}","templated":true}]}}