{"id":95005,"date":"2020-12-17T19:24:51","date_gmt":"2020-12-18T03:24:51","guid":{"rendered":"https:\/\/www.mercadokeys.com\/product\/sid-meiers-civilization-vi-platinum-edition-steam-cd-key\/"},"modified":"2026-04-27T12:47:44","modified_gmt":"2026-04-27T19:47:44","slug":"sid-meiers-civilization-vi-platinum-edition-steam-cd-key","status":"publish","type":"product","link":"https:\/\/www.mercadokeys.com.mx\/eng\/product\/sid-meiers-civilization-vi-platinum-edition-steam-cd-key\/","title":{"rendered":"Sid Meier&#8217;s Civilization VI: Platinum Edition Steam CD Key"},"content":{"rendered":"<p>Civilization es un juego de estrategia por turnos en el que intentas construir un imperio para resistir el paso del tiempo. Convi\u00e9rtete en el Gobernante del Mundo estableciendo y liderando una civilizaci\u00f3n desde la Edad de Piedra hasta la Era de la Informaci\u00f3n. Haz la guerra, conduce la diplomacia, avanza en tu cultura y enfr\u00e9ntate cara a cara con los l\u00edderes m\u00e1s grandes de la historia mientras intentas construir la civilizaci\u00f3n m\u00e1s grande que el mundo jam\u00e1s haya conocido. Civilization VI ofrece nuevas formas de interactuar con tu mundo: las ciudades ahora se expanden f\u00edsicamente En todo el mapa, la investigaci\u00f3n activa en tecnolog\u00eda y cultura desbloquea un nuevo potencial, y los l\u00edderes en competencia seguir\u00e1n sus propias agendas en funci\u00f3n de sus rasgos hist\u00f3ricos mientras compites por una de las cinco formas de lograr la victoria en el juego.<\/p>","protected":false},"excerpt":{"rendered":"<p>Civilization es un juego de estrategia por turnos en el que intentas construir un imperio para resistir el paso del tiempo. Convi\u00e9rtete en el Gobernante del Mundo estableciendo y liderando una civilizaci\u00f3n desde la Edad de Piedra hasta la Era de la Informaci\u00f3n. Haz la guerra, conduce la diplomacia, avanza en tu cultura y enfr\u00e9ntate&#8230;<\/p>","protected":false},"featured_media":121353,"template":"","meta":{"_monsterinsights_skip_tracking":false,"_monsterinsights_sitenote_active":false,"_monsterinsights_sitenote_note":"","_monsterinsights_sitenote_category":0},"product_brand":[],"product_cat":[1271,1420,1283,1280,1273,1396,1378],"product_tag":[],"class_list":{"0":"post-95005","1":"product","2":"type-product","3":"status-publish","4":"has-post-thumbnail","6":"product_cat-tienda-de-videojuegos-tijuana-mexico","7":"product_cat-tienda-de-videojuegos-populares-tijuana-mexico","8":"product_cat-tienda-de-videojuegos-plataformas-tijuana-mexico","9":"product_cat-tienda-de-videojuegos-pc-tijuana-mexico","10":"product_cat-tienda-de-videojuegos-steam-key-tijuana-mexico","11":"product_cat-tienda-de-videojuegos-simulacion-tijuana-mexico","12":"product_cat-tienda-de-videojuegos-mas-vendidos-tijuana-mexico","14":"first","15":"instock","16":"shipping-taxable","17":"purchasable","18":"product-type-simple"},"yoast_head":"<!-- This site is optimized with the Yoast SEO plugin v27.0 - https:\/\/yoast.com\/product\/yoast-seo-wordpress\/ -->\n<title>Sid Meier&#039;s Civilization VI: Platinum Edition Steam CD Key - MERCADOKEYS<\/title>\n<meta name=\"robots\" content=\"index, follow, max-snippet:-1, max-image-preview:large, max-video-preview:-1\" \/>\n<link rel=\"canonical\" href=\"https:\/\/www.mercadokeys.com\/product\/sid-meiers-civilization-vi-platinum-edition-steam-cd-key\/\" \/>\n<meta property=\"og:locale\" content=\"en_GB\" \/>\n<meta property=\"og:type\" content=\"article\" \/>\n<meta property=\"og:title\" content=\"Sid Meier&#039;s Civilization VI: Platinum Edition Steam CD Key - MERCADOKEYS\" \/>\n<meta property=\"og:description\" content=\"Civilization es un juego de estrategia por turnos en el que intentas construir un imperio para resistir el paso del tiempo. Convi\u00e9rtete en el Gobernante del Mundo estableciendo y liderando una civilizaci\u00f3n desde la Edad de Piedra hasta la Era de la Informaci\u00f3n. Haz la guerra, conduce la diplomacia, avanza en tu cultura y enfr\u00e9ntate...\" \/>\n<meta property=\"og:url\" content=\"https:\/\/www.mercadokeys.com\/product\/sid-meiers-civilization-vi-platinum-edition-steam-cd-key\/\" \/>\n<meta property=\"og:site_name\" content=\"MERCADOKEYS\" \/>\n<meta property=\"article:modified_time\" content=\"2026-04-27T19:47:44+00:00\" \/>\n<meta property=\"og:image\" content=\"https:\/\/www.mercadokeys.com\/wp-content\/uploads\/2020\/12\/Sin-titulo-1.jpg\" \/>\n\t<meta property=\"og:image:width\" content=\"460\" \/>\n\t<meta property=\"og:image:height\" content=\"672\" \/>\n\t<meta property=\"og:image:type\" content=\"image\/jpeg\" \/>\n<meta name=\"twitter:card\" content=\"summary_large_image\" \/>\n<meta name=\"twitter:label1\" content=\"Estimated reading time\" \/>\n\t<meta name=\"twitter:data1\" content=\"1 minute\" \/>\n<script type=\"application\/ld+json\" class=\"yoast-schema-graph\">{\"@context\":\"https:\/\/schema.org\",\"@graph\":[{\"@type\":\"WebPage\",\"@id\":\"https:\/\/www.mercadokeys.com\/product\/sid-meiers-civilization-vi-platinum-edition-steam-cd-key\/\",\"url\":\"https:\/\/www.mercadokeys.com\/product\/sid-meiers-civilization-vi-platinum-edition-steam-cd-key\/\",\"name\":\"Sid Meier's Civilization VI: Platinum Edition Steam CD Key - MERCADOKEYS\",\"isPartOf\":{\"@id\":\"https:\/\/www.mercadokeys.com\/eng\/#website\"},\"primaryImageOfPage\":{\"@id\":\"https:\/\/www.mercadokeys.com\/product\/sid-meiers-civilization-vi-platinum-edition-steam-cd-key\/#primaryimage\"},\"image\":{\"@id\":\"https:\/\/www.mercadokeys.com\/product\/sid-meiers-civilization-vi-platinum-edition-steam-cd-key\/#primaryimage\"},\"thumbnailUrl\":\"https:\/\/www.mercadokeys.com.mx\/wp-content\/uploads\/2020\/12\/Sin-titulo-1.jpg\",\"datePublished\":\"2020-12-18T03:24:51+00:00\",\"dateModified\":\"2026-04-27T19:47:44+00:00\",\"breadcrumb\":{\"@id\":\"https:\/\/www.mercadokeys.com\/product\/sid-meiers-civilization-vi-platinum-edition-steam-cd-key\/#breadcrumb\"},\"inLanguage\":\"en-GB\",\"potentialAction\":[{\"@type\":\"ReadAction\",\"target\":[\"https:\/\/www.mercadokeys.com\/product\/sid-meiers-civilization-vi-platinum-edition-steam-cd-key\/\"]}]},{\"@type\":\"ImageObject\",\"inLanguage\":\"en-GB\",\"@id\":\"https:\/\/www.mercadokeys.com\/product\/sid-meiers-civilization-vi-platinum-edition-steam-cd-key\/#primaryimage\",\"url\":\"https:\/\/www.mercadokeys.com.mx\/wp-content\/uploads\/2020\/12\/Sin-titulo-1.jpg\",\"contentUrl\":\"https:\/\/www.mercadokeys.com.mx\/wp-content\/uploads\/2020\/12\/Sin-titulo-1.jpg\",\"width\":460,\"height\":672,\"caption\":\"Sid Meier's Civilization VI: Platinum Edition Steam CD Key\"},{\"@type\":\"BreadcrumbList\",\"@id\":\"https:\/\/www.mercadokeys.com\/product\/sid-meiers-civilization-vi-platinum-edition-steam-cd-key\/#breadcrumb\",\"itemListElement\":[{\"@type\":\"ListItem\",\"position\":1,\"name\":\"Inicio\",\"item\":\"https:\/\/www.mercadokeys.com.mx\/\"},{\"@type\":\"ListItem\",\"position\":2,\"name\":\"Tienda\",\"item\":\"https:\/\/www.mercadokeys.com\/shop\/\"},{\"@type\":\"ListItem\",\"position\":3,\"name\":\"Sid Meier&#8217;s Civilization VI: Platinum Edition Steam CD Key\"}]},{\"@type\":\"WebSite\",\"@id\":\"https:\/\/www.mercadokeys.com\/eng\/#website\",\"url\":\"https:\/\/www.mercadokeys.com\/eng\/\",\"name\":\"MERCADOKEYS\",\"description\":\"Tu Tienda de videojuegos digitales en Mexico!\",\"potentialAction\":[{\"@type\":\"SearchAction\",\"target\":{\"@type\":\"EntryPoint\",\"urlTemplate\":\"https:\/\/www.mercadokeys.com\/eng\/?s={search_term_string}\"},\"query-input\":{\"@type\":\"PropertyValueSpecification\",\"valueRequired\":true,\"valueName\":\"search_term_string\"}}],\"inLanguage\":\"en-GB\"}]}<\/script>\n<!-- \/ Yoast SEO plugin. -->","yoast_head_json":{"title":"Sid Meier's Civilization VI: Platinum Edition Steam CD Key - MERCADOKEYS","robots":{"index":"index","follow":"follow","max-snippet":"max-snippet:-1","max-image-preview":"max-image-preview:large","max-video-preview":"max-video-preview:-1"},"canonical":"https:\/\/www.mercadokeys.com\/product\/sid-meiers-civilization-vi-platinum-edition-steam-cd-key\/","og_locale":"en_GB","og_type":"article","og_title":"Sid Meier's Civilization VI: Platinum Edition Steam CD Key - MERCADOKEYS","og_description":"Civilization es un juego de estrategia por turnos en el que intentas construir un imperio para resistir el paso del tiempo. Convi\u00e9rtete en el Gobernante del Mundo estableciendo y liderando una civilizaci\u00f3n desde la Edad de Piedra hasta la Era de la Informaci\u00f3n. Haz la guerra, conduce la diplomacia, avanza en tu cultura y enfr\u00e9ntate...","og_url":"https:\/\/www.mercadokeys.com\/product\/sid-meiers-civilization-vi-platinum-edition-steam-cd-key\/","og_site_name":"MERCADOKEYS","article_modified_time":"2026-04-27T19:47:44+00:00","og_image":[{"width":460,"height":672,"url":"https:\/\/www.mercadokeys.com\/wp-content\/uploads\/2020\/12\/Sin-titulo-1.jpg","type":"image\/jpeg"}],"twitter_card":"summary_large_image","twitter_misc":{"Estimated reading time":"1 minute"},"schema":{"@context":"https:\/\/schema.org","@graph":[{"@type":"WebPage","@id":"https:\/\/www.mercadokeys.com\/product\/sid-meiers-civilization-vi-platinum-edition-steam-cd-key\/","url":"https:\/\/www.mercadokeys.com\/product\/sid-meiers-civilization-vi-platinum-edition-steam-cd-key\/","name":"Sid Meier's Civilization VI: Platinum Edition Steam CD Key - MERCADOKEYS","isPartOf":{"@id":"https:\/\/www.mercadokeys.com\/eng\/#website"},"primaryImageOfPage":{"@id":"https:\/\/www.mercadokeys.com\/product\/sid-meiers-civilization-vi-platinum-edition-steam-cd-key\/#primaryimage"},"image":{"@id":"https:\/\/www.mercadokeys.com\/product\/sid-meiers-civilization-vi-platinum-edition-steam-cd-key\/#primaryimage"},"thumbnailUrl":"https:\/\/www.mercadokeys.com.mx\/wp-content\/uploads\/2020\/12\/Sin-titulo-1.jpg","datePublished":"2020-12-18T03:24:51+00:00","dateModified":"2026-04-27T19:47:44+00:00","breadcrumb":{"@id":"https:\/\/www.mercadokeys.com\/product\/sid-meiers-civilization-vi-platinum-edition-steam-cd-key\/#breadcrumb"},"inLanguage":"en-GB","potentialAction":[{"@type":"ReadAction","target":["https:\/\/www.mercadokeys.com\/product\/sid-meiers-civilization-vi-platinum-edition-steam-cd-key\/"]}]},{"@type":"ImageObject","inLanguage":"en-GB","@id":"https:\/\/www.mercadokeys.com\/product\/sid-meiers-civilization-vi-platinum-edition-steam-cd-key\/#primaryimage","url":"https:\/\/www.mercadokeys.com.mx\/wp-content\/uploads\/2020\/12\/Sin-titulo-1.jpg","contentUrl":"https:\/\/www.mercadokeys.com.mx\/wp-content\/uploads\/2020\/12\/Sin-titulo-1.jpg","width":460,"height":672,"caption":"Sid Meier's Civilization VI: Platinum Edition Steam CD Key"},{"@type":"BreadcrumbList","@id":"https:\/\/www.mercadokeys.com\/product\/sid-meiers-civilization-vi-platinum-edition-steam-cd-key\/#breadcrumb","itemListElement":[{"@type":"ListItem","position":1,"name":"Inicio","item":"https:\/\/www.mercadokeys.com.mx\/"},{"@type":"ListItem","position":2,"name":"Tienda","item":"https:\/\/www.mercadokeys.com\/shop\/"},{"@type":"ListItem","position":3,"name":"Sid Meier&#8217;s Civilization VI: Platinum Edition Steam CD Key"}]},{"@type":"WebSite","@id":"https:\/\/www.mercadokeys.com\/eng\/#website","url":"https:\/\/www.mercadokeys.com\/eng\/","name":"MERCADOKEYS","description":"Tu Tienda de videojuegos digitales en Mexico!","potentialAction":[{"@type":"SearchAction","target":{"@type":"EntryPoint","urlTemplate":"https:\/\/www.mercadokeys.com\/eng\/?s={search_term_string}"},"query-input":{"@type":"PropertyValueSpecification","valueRequired":true,"valueName":"search_term_string"}}],"inLanguage":"en-GB"}]}},"df_price":505.227139,"df_sale_price":505.227139,"df_regular_price":505.227139,"df_image_link":"https:\/\/www.mercadokeys.com.mx\/wp-content\/uploads\/2020\/12\/Sin-titulo-1-205x300.jpg","_links":{"self":[{"href":"https:\/\/www.mercadokeys.com.mx\/eng\/wp-json\/wp\/v2\/product\/95005","targetHints":{"allow":["GET"]}}],"collection":[{"href":"https:\/\/www.mercadokeys.com.mx\/eng\/wp-json\/wp\/v2\/product"}],"about":[{"href":"https:\/\/www.mercadokeys.com.mx\/eng\/wp-json\/wp\/v2\/types\/product"}],"wp:featuredmedia":[{"embeddable":true,"href":"https:\/\/www.mercadokeys.com.mx\/eng\/wp-json\/wp\/v2\/media\/121353"}],"wp:attachment":[{"href":"https:\/\/www.mercadokeys.com.mx\/eng\/wp-json\/wp\/v2\/media?parent=95005"}],"wp:term":[{"taxonomy":"product_brand","embeddable":true,"href":"https:\/\/www.mercadokeys.com.mx\/eng\/wp-json\/wp\/v2\/product_brand?post=95005"},{"taxonomy":"product_cat","embeddable":true,"href":"https:\/\/www.mercadokeys.com.mx\/eng\/wp-json\/wp\/v2\/product_cat?post=95005"},{"taxonomy":"product_tag","embeddable":true,"href":"https:\/\/www.mercadokeys.com.mx\/eng\/wp-json\/wp\/v2\/product_tag?post=95005"}],"curies":[{"name":"wp","href":"https:\/\/api.w.org\/{rel}","templated":true}]}}