{"id":90976,"date":"2020-12-17T15:43:50","date_gmt":"2020-12-17T23:43:50","guid":{"rendered":"https:\/\/www.mercadokeys.com\/product\/ai-war-fleet-command-steam-cd-key\/"},"modified":"2022-06-28T06:30:13","modified_gmt":"2022-06-28T13:30:13","slug":"ai-war-fleet-command-steam-cd-key","status":"publish","type":"product","link":"https:\/\/www.mercadokeys.com.mx\/eng\/product\/ai-war-fleet-command-steam-cd-key\/","title":{"rendered":"AI War: Fleet Command Steam CD Key"},"content":{"rendered":"<p><span style=\"vertical-align: inherit\">&#8220;Est\u00e1s superado en armamento. Est\u00e1s enormemente superado en n\u00famero. Debes ganar&#8221;. \u00c9stas son tus \u00f3rdenes. En AI War: Fleet Command la humanidad ya ha peleado su guerra contra las m\u00e1quinas y ha perdido. Los escuadrones de la muerte de IA vigilan cada planeta y cada agujero de gusano, los pocos asentamientos humanos que quedan est\u00e1n cautivos en burbujas en \u00f3rbita, y las IA han dirigido su atenci\u00f3n hacia afuera, lejos de la galaxia, hacia amenazas alien\u00edgenas u oportunidades desconocidas. Esta falta de atenci\u00f3n es nuestra \u00fanica esperanza: ha sobrevivido una peque\u00f1a resistencia, demasiado insignificante incluso para ser notada por el comando central de la IA.<\/span><\/p>\n<p><span style=\"vertical-align: inherit\"> Dentro de AI War: Fleet Command estas son las fuerzas que comandar\u00e1s. Los subcomandantes de la IA luchar\u00e1n hasta la muerte cuando te vean, pero tu destello de oportunidad proviene de someter silenciosamente a esos subcomandantes sin alertar al procesamiento central del peligro hasta que sea demasiado tarde.<\/span><\/p>\n<ul>\n<li><span style=\"vertical-align: inherit\"> Tienes algunas cosas a tu favor. <\/span><\/li>\n<li><span style=\"vertical-align: inherit\">Tus naves son mucho m\u00e1s r\u00e1pidas. Tienes rutinas de IA seguras para automatizar defensas y puestos de miner\u00eda.<\/span><\/li>\n<li><span style=\"vertical-align: inherit\"> Tienes t\u00e9cnicas de producci\u00f3n que pueden producir cazas no tripulados completamente equipados en segundos. <\/span><\/li>\n<\/ul>\n<p><span style=\"vertical-align: inherit\">Nunca habr\u00e1 m\u00e1s de unos pocos miles de tus naves frente a decenas de miles de las suyas, pero a trav\u00e9s de una estrategia cuidadosa, de alguna manera debes alcanzar y destruir los n\u00facleos de IA fuertemente custodiados. Ve a la galaxia, roba tecnolog\u00eda de inteligencia artificial, recupera esos planetas que debes para lograr tus fines y salva lo que queda de la humanidad. Pero llama demasiado la atenci\u00f3n sobre ti mismo y todo el poder de los se\u00f1ores supremos de la IA se derrumbar\u00e1.<\/span><\/p>","protected":false},"excerpt":{"rendered":"<p>&#8220;Est\u00e1s superado en armamento. Est\u00e1s enormemente superado en n\u00famero. Debes ganar&#8221;. \u00c9stas son tus \u00f3rdenes. En AI War: Fleet Command la humanidad ya ha peleado su guerra contra las m\u00e1quinas y ha perdido. Los escuadrones de la muerte de IA vigilan cada planeta y cada agujero de gusano, los pocos asentamientos humanos que quedan est\u00e1n&#8230;<\/p>","protected":false},"featured_media":90986,"template":"","meta":{"_monsterinsights_skip_tracking":false,"_monsterinsights_sitenote_active":false,"_monsterinsights_sitenote_note":"","_monsterinsights_sitenote_category":0},"product_brand":[],"product_cat":[1501,2981,3596,1271,3164,1420,1283,1280,1273,1393,1428],"product_tag":[1623,1624,1526],"class_list":{"0":"post-90976","1":"product","2":"type-product","3":"status-publish","4":"has-post-thumbnail","6":"product_cat-tienda-de-videojuegos-ultimos-juegos-tijuana-mexico","7":"product_cat-destacados","8":"product_cat-tienda-de-videojuegos-steam-recomendados-en-tijuana-mexico","9":"product_cat-tienda-de-videojuegos-tijuana-mexico","10":"product_cat-tienda-de-videojuegos-baratos-economicos-tijuana-mexico","11":"product_cat-tienda-de-videojuegos-populares-tijuana-mexico","12":"product_cat-tienda-de-videojuegos-plataformas-tijuana-mexico","13":"product_cat-tienda-de-videojuegos-pc-tijuana-mexico","14":"product_cat-tienda-de-videojuegos-steam-key-tijuana-mexico","15":"product_cat-tienda-de-videojuegos-indie-tijuana-mexico","16":"product_cat-tienda-de-videojuegos-cooperativos-tijuana-mexico","17":"product_tag-ai-war-fleet-command","18":"product_tag-ai-war-fleet-command-steam","19":"product_tag-steam","21":"first","22":"instock","23":"shipping-taxable","24":"purchasable","25":"product-type-simple"},"yoast_head":"<!-- This site is optimized with the Yoast SEO plugin v27.0 - https:\/\/yoast.com\/product\/yoast-seo-wordpress\/ -->\n<title>AI War: Fleet Command Steam CD Key - MERCADOKEYS<\/title>\n<meta name=\"description\" content=\"En AI War: Fleet Command la humanidad ya ha peleado su guerra contra las m\u00e1quinas y ha perdido. Los escuadrones de la muerte de IA vigilan cada planeta\" \/>\n<meta name=\"robots\" content=\"index, follow, max-snippet:-1, max-image-preview:large, max-video-preview:-1\" \/>\n<link rel=\"canonical\" href=\"https:\/\/www.mercadokeys.com\/product\/ai-war-fleet-command-steam-cd-key\/\" \/>\n<meta property=\"og:locale\" content=\"en_GB\" \/>\n<meta property=\"og:type\" content=\"article\" \/>\n<meta property=\"og:title\" content=\"AI War: Fleet Command Steam CD Key - MERCADOKEYS\" \/>\n<meta property=\"og:description\" content=\"En AI War: Fleet Command la humanidad ya ha peleado su guerra contra las m\u00e1quinas y ha perdido. Los escuadrones de la muerte de IA vigilan cada planeta\" \/>\n<meta property=\"og:url\" content=\"https:\/\/www.mercadokeys.com\/product\/ai-war-fleet-command-steam-cd-key\/\" \/>\n<meta property=\"og:site_name\" content=\"MERCADOKEYS\" \/>\n<meta property=\"article:modified_time\" content=\"2022-06-28T13:30:13+00:00\" \/>\n<meta property=\"og:image\" content=\"https:\/\/www.mercadokeys.com\/wp-content\/uploads\/2020\/12\/ai-war-fleet-command_cover_original.png\" \/>\n\t<meta property=\"og:image:width\" content=\"441\" \/>\n\t<meta property=\"og:image:height\" content=\"640\" \/>\n\t<meta property=\"og:image:type\" content=\"image\/png\" \/>\n<meta name=\"twitter:card\" content=\"summary_large_image\" \/>\n<meta name=\"twitter:label1\" content=\"Estimated reading time\" \/>\n\t<meta name=\"twitter:data1\" content=\"2 minutes\" \/>\n<script type=\"application\/ld+json\" class=\"yoast-schema-graph\">{\"@context\":\"https:\/\/schema.org\",\"@graph\":[{\"@type\":\"WebPage\",\"@id\":\"https:\/\/www.mercadokeys.com\/product\/ai-war-fleet-command-steam-cd-key\/\",\"url\":\"https:\/\/www.mercadokeys.com\/product\/ai-war-fleet-command-steam-cd-key\/\",\"name\":\"AI War: Fleet Command Steam CD Key - MERCADOKEYS\",\"isPartOf\":{\"@id\":\"https:\/\/www.mercadokeys.com\/eng\/#website\"},\"primaryImageOfPage\":{\"@id\":\"https:\/\/www.mercadokeys.com\/product\/ai-war-fleet-command-steam-cd-key\/#primaryimage\"},\"image\":{\"@id\":\"https:\/\/www.mercadokeys.com\/product\/ai-war-fleet-command-steam-cd-key\/#primaryimage\"},\"thumbnailUrl\":\"https:\/\/www.mercadokeys.com.mx\/wp-content\/uploads\/2020\/12\/ai-war-fleet-command_cover_original.png\",\"datePublished\":\"2020-12-17T23:43:50+00:00\",\"dateModified\":\"2022-06-28T13:30:13+00:00\",\"description\":\"En AI War: Fleet Command la humanidad ya ha peleado su guerra contra las m\u00e1quinas y ha perdido. Los escuadrones de la muerte de IA vigilan cada planeta\",\"breadcrumb\":{\"@id\":\"https:\/\/www.mercadokeys.com\/product\/ai-war-fleet-command-steam-cd-key\/#breadcrumb\"},\"inLanguage\":\"en-GB\",\"potentialAction\":[{\"@type\":\"ReadAction\",\"target\":[\"https:\/\/www.mercadokeys.com\/product\/ai-war-fleet-command-steam-cd-key\/\"]}]},{\"@type\":\"ImageObject\",\"inLanguage\":\"en-GB\",\"@id\":\"https:\/\/www.mercadokeys.com\/product\/ai-war-fleet-command-steam-cd-key\/#primaryimage\",\"url\":\"https:\/\/www.mercadokeys.com.mx\/wp-content\/uploads\/2020\/12\/ai-war-fleet-command_cover_original.png\",\"contentUrl\":\"https:\/\/www.mercadokeys.com.mx\/wp-content\/uploads\/2020\/12\/ai-war-fleet-command_cover_original.png\",\"width\":441,\"height\":640,\"caption\":\"En AI War: Fleet Command la humanidad ya ha peleado su guerra contra las m\u00e1quinas y ha perdido. Los escuadrones de la muerte de IA vigilan cada planeta\"},{\"@type\":\"BreadcrumbList\",\"@id\":\"https:\/\/www.mercadokeys.com\/product\/ai-war-fleet-command-steam-cd-key\/#breadcrumb\",\"itemListElement\":[{\"@type\":\"ListItem\",\"position\":1,\"name\":\"Inicio\",\"item\":\"https:\/\/www.mercadokeys.com.mx\/\"},{\"@type\":\"ListItem\",\"position\":2,\"name\":\"Tienda\",\"item\":\"https:\/\/www.mercadokeys.com\/shop\/\"},{\"@type\":\"ListItem\",\"position\":3,\"name\":\"AI War: Fleet Command Steam CD Key\"}]},{\"@type\":\"WebSite\",\"@id\":\"https:\/\/www.mercadokeys.com\/eng\/#website\",\"url\":\"https:\/\/www.mercadokeys.com\/eng\/\",\"name\":\"MERCADOKEYS\",\"description\":\"Tu Tienda de videojuegos digitales en Mexico!\",\"potentialAction\":[{\"@type\":\"SearchAction\",\"target\":{\"@type\":\"EntryPoint\",\"urlTemplate\":\"https:\/\/www.mercadokeys.com\/eng\/?s={search_term_string}\"},\"query-input\":{\"@type\":\"PropertyValueSpecification\",\"valueRequired\":true,\"valueName\":\"search_term_string\"}}],\"inLanguage\":\"en-GB\"}]}<\/script>\n<!-- \/ Yoast SEO plugin. -->","yoast_head_json":{"title":"AI War: Fleet Command Steam CD Key - MERCADOKEYS","description":"En AI War: Fleet Command la humanidad ya ha peleado su guerra contra las m\u00e1quinas y ha perdido. Los escuadrones de la muerte de IA vigilan cada planeta","robots":{"index":"index","follow":"follow","max-snippet":"max-snippet:-1","max-image-preview":"max-image-preview:large","max-video-preview":"max-video-preview:-1"},"canonical":"https:\/\/www.mercadokeys.com\/product\/ai-war-fleet-command-steam-cd-key\/","og_locale":"en_GB","og_type":"article","og_title":"AI War: Fleet Command Steam CD Key - MERCADOKEYS","og_description":"En AI War: Fleet Command la humanidad ya ha peleado su guerra contra las m\u00e1quinas y ha perdido. Los escuadrones de la muerte de IA vigilan cada planeta","og_url":"https:\/\/www.mercadokeys.com\/product\/ai-war-fleet-command-steam-cd-key\/","og_site_name":"MERCADOKEYS","article_modified_time":"2022-06-28T13:30:13+00:00","og_image":[{"width":441,"height":640,"url":"https:\/\/www.mercadokeys.com\/wp-content\/uploads\/2020\/12\/ai-war-fleet-command_cover_original.png","type":"image\/png"}],"twitter_card":"summary_large_image","twitter_misc":{"Estimated reading time":"2 minutes"},"schema":{"@context":"https:\/\/schema.org","@graph":[{"@type":"WebPage","@id":"https:\/\/www.mercadokeys.com\/product\/ai-war-fleet-command-steam-cd-key\/","url":"https:\/\/www.mercadokeys.com\/product\/ai-war-fleet-command-steam-cd-key\/","name":"AI War: Fleet Command Steam CD Key - MERCADOKEYS","isPartOf":{"@id":"https:\/\/www.mercadokeys.com\/eng\/#website"},"primaryImageOfPage":{"@id":"https:\/\/www.mercadokeys.com\/product\/ai-war-fleet-command-steam-cd-key\/#primaryimage"},"image":{"@id":"https:\/\/www.mercadokeys.com\/product\/ai-war-fleet-command-steam-cd-key\/#primaryimage"},"thumbnailUrl":"https:\/\/www.mercadokeys.com.mx\/wp-content\/uploads\/2020\/12\/ai-war-fleet-command_cover_original.png","datePublished":"2020-12-17T23:43:50+00:00","dateModified":"2022-06-28T13:30:13+00:00","description":"En AI War: Fleet Command la humanidad ya ha peleado su guerra contra las m\u00e1quinas y ha perdido. Los escuadrones de la muerte de IA vigilan cada planeta","breadcrumb":{"@id":"https:\/\/www.mercadokeys.com\/product\/ai-war-fleet-command-steam-cd-key\/#breadcrumb"},"inLanguage":"en-GB","potentialAction":[{"@type":"ReadAction","target":["https:\/\/www.mercadokeys.com\/product\/ai-war-fleet-command-steam-cd-key\/"]}]},{"@type":"ImageObject","inLanguage":"en-GB","@id":"https:\/\/www.mercadokeys.com\/product\/ai-war-fleet-command-steam-cd-key\/#primaryimage","url":"https:\/\/www.mercadokeys.com.mx\/wp-content\/uploads\/2020\/12\/ai-war-fleet-command_cover_original.png","contentUrl":"https:\/\/www.mercadokeys.com.mx\/wp-content\/uploads\/2020\/12\/ai-war-fleet-command_cover_original.png","width":441,"height":640,"caption":"En AI War: Fleet Command la humanidad ya ha peleado su guerra contra las m\u00e1quinas y ha perdido. Los escuadrones de la muerte de IA vigilan cada planeta"},{"@type":"BreadcrumbList","@id":"https:\/\/www.mercadokeys.com\/product\/ai-war-fleet-command-steam-cd-key\/#breadcrumb","itemListElement":[{"@type":"ListItem","position":1,"name":"Inicio","item":"https:\/\/www.mercadokeys.com.mx\/"},{"@type":"ListItem","position":2,"name":"Tienda","item":"https:\/\/www.mercadokeys.com\/shop\/"},{"@type":"ListItem","position":3,"name":"AI War: Fleet Command Steam CD Key"}]},{"@type":"WebSite","@id":"https:\/\/www.mercadokeys.com\/eng\/#website","url":"https:\/\/www.mercadokeys.com\/eng\/","name":"MERCADOKEYS","description":"Tu Tienda de videojuegos digitales en Mexico!","potentialAction":[{"@type":"SearchAction","target":{"@type":"EntryPoint","urlTemplate":"https:\/\/www.mercadokeys.com\/eng\/?s={search_term_string}"},"query-input":{"@type":"PropertyValueSpecification","valueRequired":true,"valueName":"search_term_string"}}],"inLanguage":"en-GB"}]}},"df_price":20.413826,"df_sale_price":20.413826,"df_regular_price":20.413826,"df_image_link":"https:\/\/www.mercadokeys.com.mx\/wp-content\/uploads\/2020\/12\/ai-war-fleet-command_cover_original-207x300.png","_links":{"self":[{"href":"https:\/\/www.mercadokeys.com.mx\/eng\/wp-json\/wp\/v2\/product\/90976","targetHints":{"allow":["GET"]}}],"collection":[{"href":"https:\/\/www.mercadokeys.com.mx\/eng\/wp-json\/wp\/v2\/product"}],"about":[{"href":"https:\/\/www.mercadokeys.com.mx\/eng\/wp-json\/wp\/v2\/types\/product"}],"wp:featuredmedia":[{"embeddable":true,"href":"https:\/\/www.mercadokeys.com.mx\/eng\/wp-json\/wp\/v2\/media\/90986"}],"wp:attachment":[{"href":"https:\/\/www.mercadokeys.com.mx\/eng\/wp-json\/wp\/v2\/media?parent=90976"}],"wp:term":[{"taxonomy":"product_brand","embeddable":true,"href":"https:\/\/www.mercadokeys.com.mx\/eng\/wp-json\/wp\/v2\/product_brand?post=90976"},{"taxonomy":"product_cat","embeddable":true,"href":"https:\/\/www.mercadokeys.com.mx\/eng\/wp-json\/wp\/v2\/product_cat?post=90976"},{"taxonomy":"product_tag","embeddable":true,"href":"https:\/\/www.mercadokeys.com.mx\/eng\/wp-json\/wp\/v2\/product_tag?post=90976"}],"curies":[{"name":"wp","href":"https:\/\/api.w.org\/{rel}","templated":true}]}}