{"id":84159,"date":"2020-12-17T08:29:56","date_gmt":"2020-12-17T16:29:56","guid":{"rendered":"https:\/\/www.mercadokeys.com\/product\/far-cry-3-uplay-cd-key\/"},"modified":"2022-06-27T06:39:36","modified_gmt":"2022-06-27T13:39:36","slug":"far-cry-3-uplay-cd-key","status":"publish","type":"product","link":"https:\/\/www.mercadokeys.com.mx\/eng\/product\/far-cry-3-uplay-cd-key\/","title":{"rendered":"Far Cry 3 Uplay CD Key"},"content":{"rendered":"<p><span style=\"vertical-align: inherit\"><strong>Far Cry 3<\/strong>: M\u00e1s all\u00e1 del alcance de la civilizaci\u00f3n se encuentra una isla sin ley gobernada por la violencia. Aqu\u00ed es donde te encuentras varado, atrapado en un sangriento conflicto entre los se\u00f1ores de la guerra psic\u00f3ticos de la isla y los rebeldes ind\u00edgenas. Luchando por sobrevivir, tu \u00fanica esperanza de escapar es a trav\u00e9s de la boca de un arma. Descubre los oscuros secretos de la isla y lucha contra el enemigo; improvisar y utilizar su entorno a su favor; y burlar a su elenco de habitantes despiadados y trastornados. Cuidado con la belleza y el misterio de esta isla de la locura &#8230; Donde nada es lo que parece, necesitar\u00e1s m\u00e1s que suerte para escapar con vida.<\/span><\/p>","protected":false},"excerpt":{"rendered":"<p>Far Cry 3: M\u00e1s all\u00e1 del alcance de la civilizaci\u00f3n se encuentra una isla sin ley gobernada por la violencia. Aqu\u00ed es donde te encuentras varado, atrapado en un sangriento conflicto entre los se\u00f1ores de la guerra psic\u00f3ticos de la isla y los rebeldes ind\u00edgenas. Luchando por sobrevivir, tu \u00fanica esperanza de escapar es a&#8230;<\/p>","protected":false},"featured_media":84167,"template":"","meta":{"_monsterinsights_skip_tracking":false,"_monsterinsights_sitenote_active":false,"_monsterinsights_sitenote_note":"","_monsterinsights_sitenote_category":0},"product_brand":[],"product_cat":[1501,2981,3596,1271,3164,1420,1283,1280,1278,1316,1428],"product_tag":[1664,1665,1526],"class_list":{"0":"post-84159","1":"product","2":"type-product","3":"status-publish","4":"has-post-thumbnail","6":"product_cat-tienda-de-videojuegos-ultimos-juegos-tijuana-mexico","7":"product_cat-destacados","8":"product_cat-tienda-de-videojuegos-steam-recomendados-en-tijuana-mexico","9":"product_cat-tienda-de-videojuegos-tijuana-mexico","10":"product_cat-tienda-de-videojuegos-baratos-economicos-tijuana-mexico","11":"product_cat-tienda-de-videojuegos-populares-tijuana-mexico","12":"product_cat-tienda-de-videojuegos-plataformas-tijuana-mexico","13":"product_cat-tienda-de-videojuegos-pc-tijuana-mexico","14":"product_cat-tienda-de-videojuegos-uplay-tijuana-mexico","15":"product_cat-tienda-de-videojuegos-fps-tijuana-mexico","16":"product_cat-tienda-de-videojuegos-cooperativos-tijuana-mexico","17":"product_tag-far-cry-3","18":"product_tag-far-cry-3steam","19":"product_tag-steam","21":"first","22":"instock","23":"shipping-taxable","24":"purchasable","25":"product-type-simple"},"yoast_head":"<!-- This site is optimized with the Yoast SEO plugin v27.0 - https:\/\/yoast.com\/product\/yoast-seo-wordpress\/ -->\n<title>Far Cry 3 Uplay CD Key - MERCADOKEYS<\/title>\n<meta name=\"description\" content=\"Far Cry 3: M\u00e1s all\u00e1 del alcance de la civilizaci\u00f3n se encuentra una isla sin ley gobernada por la violencia. Aqu\u00ed es donde te encuentras varado\" \/>\n<meta name=\"robots\" content=\"index, follow, max-snippet:-1, max-image-preview:large, max-video-preview:-1\" \/>\n<link rel=\"canonical\" href=\"https:\/\/www.mercadokeys.com\/eng\/product\/far-cry-3-uplay-cd-key\/\" \/>\n<meta property=\"og:locale\" content=\"en_GB\" \/>\n<meta property=\"og:type\" content=\"article\" \/>\n<meta property=\"og:title\" content=\"Far Cry 3 Uplay CD Key - MERCADOKEYS\" \/>\n<meta property=\"og:description\" content=\"Far Cry 3: M\u00e1s all\u00e1 del alcance de la civilizaci\u00f3n se encuentra una isla sin ley gobernada por la violencia. Aqu\u00ed es donde te encuentras varado\" \/>\n<meta property=\"og:url\" content=\"https:\/\/www.mercadokeys.com\/eng\/product\/far-cry-3-uplay-cd-key\/\" \/>\n<meta property=\"og:site_name\" content=\"MERCADOKEYS\" \/>\n<meta property=\"article:modified_time\" content=\"2022-06-27T13:39:36+00:00\" \/>\n<meta property=\"og:image\" content=\"https:\/\/www.mercadokeys.com\/wp-content\/uploads\/2020\/12\/far-cry-3_cover_original-4.jpg\" \/>\n\t<meta property=\"og:image:width\" content=\"465\" \/>\n\t<meta property=\"og:image:height\" content=\"633\" \/>\n\t<meta property=\"og:image:type\" content=\"image\/jpeg\" \/>\n<meta name=\"twitter:card\" content=\"summary_large_image\" \/>\n<meta name=\"twitter:label1\" content=\"Estimated reading time\" \/>\n\t<meta name=\"twitter:data1\" content=\"1 minute\" \/>\n<script type=\"application\/ld+json\" class=\"yoast-schema-graph\">{\"@context\":\"https:\/\/schema.org\",\"@graph\":[{\"@type\":\"WebPage\",\"@id\":\"https:\/\/www.mercadokeys.com\/eng\/product\/far-cry-3-uplay-cd-key\/\",\"url\":\"https:\/\/www.mercadokeys.com\/eng\/product\/far-cry-3-uplay-cd-key\/\",\"name\":\"Far Cry 3 Uplay CD Key - MERCADOKEYS\",\"isPartOf\":{\"@id\":\"https:\/\/www.mercadokeys.com\/eng\/#website\"},\"primaryImageOfPage\":{\"@id\":\"https:\/\/www.mercadokeys.com\/eng\/product\/far-cry-3-uplay-cd-key\/#primaryimage\"},\"image\":{\"@id\":\"https:\/\/www.mercadokeys.com\/eng\/product\/far-cry-3-uplay-cd-key\/#primaryimage\"},\"thumbnailUrl\":\"https:\/\/www.mercadokeys.com.mx\/wp-content\/uploads\/2020\/12\/far-cry-3_cover_original-4.jpg\",\"datePublished\":\"2020-12-17T16:29:56+00:00\",\"dateModified\":\"2022-06-27T13:39:36+00:00\",\"description\":\"Far Cry 3: M\u00e1s all\u00e1 del alcance de la civilizaci\u00f3n se encuentra una isla sin ley gobernada por la violencia. Aqu\u00ed es donde te encuentras varado\",\"breadcrumb\":{\"@id\":\"https:\/\/www.mercadokeys.com\/eng\/product\/far-cry-3-uplay-cd-key\/#breadcrumb\"},\"inLanguage\":\"en-GB\",\"potentialAction\":[{\"@type\":\"ReadAction\",\"target\":[\"https:\/\/www.mercadokeys.com\/eng\/product\/far-cry-3-uplay-cd-key\/\"]}]},{\"@type\":\"ImageObject\",\"inLanguage\":\"en-GB\",\"@id\":\"https:\/\/www.mercadokeys.com\/eng\/product\/far-cry-3-uplay-cd-key\/#primaryimage\",\"url\":\"https:\/\/www.mercadokeys.com.mx\/wp-content\/uploads\/2020\/12\/far-cry-3_cover_original-4.jpg\",\"contentUrl\":\"https:\/\/www.mercadokeys.com.mx\/wp-content\/uploads\/2020\/12\/far-cry-3_cover_original-4.jpg\",\"width\":465,\"height\":633,\"caption\":\"Far Cry 3: M\u00e1s all\u00e1 del alcance de la civilizaci\u00f3n se encuentra una isla sin ley gobernada por la violencia. Aqu\u00ed es donde te encuentras varado\"},{\"@type\":\"BreadcrumbList\",\"@id\":\"https:\/\/www.mercadokeys.com\/eng\/product\/far-cry-3-uplay-cd-key\/#breadcrumb\",\"itemListElement\":[{\"@type\":\"ListItem\",\"position\":1,\"name\":\"Inicio\",\"item\":\"https:\/\/www.mercadokeys.com.mx\/\"},{\"@type\":\"ListItem\",\"position\":2,\"name\":\"Tienda\",\"item\":\"https:\/\/www.mercadokeys.com\/shop\/\"},{\"@type\":\"ListItem\",\"position\":3,\"name\":\"Far Cry 3 Uplay CD Key\"}]},{\"@type\":\"WebSite\",\"@id\":\"https:\/\/www.mercadokeys.com\/eng\/#website\",\"url\":\"https:\/\/www.mercadokeys.com\/eng\/\",\"name\":\"MERCADOKEYS\",\"description\":\"Tu Tienda de videojuegos digitales en Mexico!\",\"potentialAction\":[{\"@type\":\"SearchAction\",\"target\":{\"@type\":\"EntryPoint\",\"urlTemplate\":\"https:\/\/www.mercadokeys.com\/eng\/?s={search_term_string}\"},\"query-input\":{\"@type\":\"PropertyValueSpecification\",\"valueRequired\":true,\"valueName\":\"search_term_string\"}}],\"inLanguage\":\"en-GB\"}]}<\/script>\n<!-- \/ Yoast SEO plugin. -->","yoast_head_json":{"title":"Far Cry 3 Uplay CD Key - MERCADOKEYS","description":"Far Cry 3: M\u00e1s all\u00e1 del alcance de la civilizaci\u00f3n se encuentra una isla sin ley gobernada por la violencia. Aqu\u00ed es donde te encuentras varado","robots":{"index":"index","follow":"follow","max-snippet":"max-snippet:-1","max-image-preview":"max-image-preview:large","max-video-preview":"max-video-preview:-1"},"canonical":"https:\/\/www.mercadokeys.com\/eng\/product\/far-cry-3-uplay-cd-key\/","og_locale":"en_GB","og_type":"article","og_title":"Far Cry 3 Uplay CD Key - MERCADOKEYS","og_description":"Far Cry 3: M\u00e1s all\u00e1 del alcance de la civilizaci\u00f3n se encuentra una isla sin ley gobernada por la violencia. Aqu\u00ed es donde te encuentras varado","og_url":"https:\/\/www.mercadokeys.com\/eng\/product\/far-cry-3-uplay-cd-key\/","og_site_name":"MERCADOKEYS","article_modified_time":"2022-06-27T13:39:36+00:00","og_image":[{"width":465,"height":633,"url":"https:\/\/www.mercadokeys.com\/wp-content\/uploads\/2020\/12\/far-cry-3_cover_original-4.jpg","type":"image\/jpeg"}],"twitter_card":"summary_large_image","twitter_misc":{"Estimated reading time":"1 minute"},"schema":{"@context":"https:\/\/schema.org","@graph":[{"@type":"WebPage","@id":"https:\/\/www.mercadokeys.com\/eng\/product\/far-cry-3-uplay-cd-key\/","url":"https:\/\/www.mercadokeys.com\/eng\/product\/far-cry-3-uplay-cd-key\/","name":"Far Cry 3 Uplay CD Key - MERCADOKEYS","isPartOf":{"@id":"https:\/\/www.mercadokeys.com\/eng\/#website"},"primaryImageOfPage":{"@id":"https:\/\/www.mercadokeys.com\/eng\/product\/far-cry-3-uplay-cd-key\/#primaryimage"},"image":{"@id":"https:\/\/www.mercadokeys.com\/eng\/product\/far-cry-3-uplay-cd-key\/#primaryimage"},"thumbnailUrl":"https:\/\/www.mercadokeys.com.mx\/wp-content\/uploads\/2020\/12\/far-cry-3_cover_original-4.jpg","datePublished":"2020-12-17T16:29:56+00:00","dateModified":"2022-06-27T13:39:36+00:00","description":"Far Cry 3: M\u00e1s all\u00e1 del alcance de la civilizaci\u00f3n se encuentra una isla sin ley gobernada por la violencia. Aqu\u00ed es donde te encuentras varado","breadcrumb":{"@id":"https:\/\/www.mercadokeys.com\/eng\/product\/far-cry-3-uplay-cd-key\/#breadcrumb"},"inLanguage":"en-GB","potentialAction":[{"@type":"ReadAction","target":["https:\/\/www.mercadokeys.com\/eng\/product\/far-cry-3-uplay-cd-key\/"]}]},{"@type":"ImageObject","inLanguage":"en-GB","@id":"https:\/\/www.mercadokeys.com\/eng\/product\/far-cry-3-uplay-cd-key\/#primaryimage","url":"https:\/\/www.mercadokeys.com.mx\/wp-content\/uploads\/2020\/12\/far-cry-3_cover_original-4.jpg","contentUrl":"https:\/\/www.mercadokeys.com.mx\/wp-content\/uploads\/2020\/12\/far-cry-3_cover_original-4.jpg","width":465,"height":633,"caption":"Far Cry 3: M\u00e1s all\u00e1 del alcance de la civilizaci\u00f3n se encuentra una isla sin ley gobernada por la violencia. Aqu\u00ed es donde te encuentras varado"},{"@type":"BreadcrumbList","@id":"https:\/\/www.mercadokeys.com\/eng\/product\/far-cry-3-uplay-cd-key\/#breadcrumb","itemListElement":[{"@type":"ListItem","position":1,"name":"Inicio","item":"https:\/\/www.mercadokeys.com.mx\/"},{"@type":"ListItem","position":2,"name":"Tienda","item":"https:\/\/www.mercadokeys.com\/shop\/"},{"@type":"ListItem","position":3,"name":"Far Cry 3 Uplay CD Key"}]},{"@type":"WebSite","@id":"https:\/\/www.mercadokeys.com\/eng\/#website","url":"https:\/\/www.mercadokeys.com\/eng\/","name":"MERCADOKEYS","description":"Tu Tienda de videojuegos digitales en Mexico!","potentialAction":[{"@type":"SearchAction","target":{"@type":"EntryPoint","urlTemplate":"https:\/\/www.mercadokeys.com\/eng\/?s={search_term_string}"},"query-input":{"@type":"PropertyValueSpecification","valueRequired":true,"valueName":"search_term_string"}}],"inLanguage":"en-GB"}]}},"df_price":139.401796,"df_sale_price":139.401796,"df_regular_price":139.401796,"df_image_link":"https:\/\/www.mercadokeys.com.mx\/wp-content\/uploads\/2020\/12\/far-cry-3_cover_original-4-220x300.jpg","_links":{"self":[{"href":"https:\/\/www.mercadokeys.com.mx\/eng\/wp-json\/wp\/v2\/product\/84159","targetHints":{"allow":["GET"]}}],"collection":[{"href":"https:\/\/www.mercadokeys.com.mx\/eng\/wp-json\/wp\/v2\/product"}],"about":[{"href":"https:\/\/www.mercadokeys.com.mx\/eng\/wp-json\/wp\/v2\/types\/product"}],"wp:featuredmedia":[{"embeddable":true,"href":"https:\/\/www.mercadokeys.com.mx\/eng\/wp-json\/wp\/v2\/media\/84167"}],"wp:attachment":[{"href":"https:\/\/www.mercadokeys.com.mx\/eng\/wp-json\/wp\/v2\/media?parent=84159"}],"wp:term":[{"taxonomy":"product_brand","embeddable":true,"href":"https:\/\/www.mercadokeys.com.mx\/eng\/wp-json\/wp\/v2\/product_brand?post=84159"},{"taxonomy":"product_cat","embeddable":true,"href":"https:\/\/www.mercadokeys.com.mx\/eng\/wp-json\/wp\/v2\/product_cat?post=84159"},{"taxonomy":"product_tag","embeddable":true,"href":"https:\/\/www.mercadokeys.com.mx\/eng\/wp-json\/wp\/v2\/product_tag?post=84159"}],"curies":[{"name":"wp","href":"https:\/\/api.w.org\/{rel}","templated":true}]}}