{"id":69412,"date":"2020-12-16T17:45:27","date_gmt":"2020-12-17T01:45:27","guid":{"rendered":"https:\/\/www.mercadokeys.com\/product\/human-fall-flat-steam-cd-key\/"},"modified":"2022-06-28T06:59:05","modified_gmt":"2022-06-28T13:59:05","slug":"human-fall-flat-steam-cd-key","status":"publish","type":"product","link":"https:\/\/www.mercadokeys.com.mx\/eng\/product\/human-fall-flat-steam-cd-key\/","title":{"rendered":"Human: Fall Flat Steam CD Key"},"content":{"rendered":"<p><span style=\"vertical-align: inherit;\">Human: Fall Flat es un juego de rompecabezas basado en la f\u00edsica de final abierto en el que tomas el control del constructor Bob ayud\u00e1ndolo a resolver los misterios detr\u00e1s de sus sue\u00f1os recurrentes de caer. Tu objetivo es escapar de esos sue\u00f1os llenos de acertijos, peligros y sorpresas usando todo lo que encuentres en los niveles. El mundo de los sue\u00f1os de Bob se basa en sus experiencias diarias, esperanzas, miedos y recuerdos entretejidos en una red tan pegajosa y dif\u00edcil de escapar. Todo este l\u00edo es en realidad un trabajo cuidadosamente elaborado de\u2026 \u00a1espera! \u00a1Eres t\u00fa quien lo averigua! Bob es un humano. Solo un humano. Ning\u00fan h\u00e9roe. Cero superpoderes. Per\u00edodo. Con un simulador abierto en su n\u00facleo. &#8220;Human: Fall Flat&#8221; te permite revivir la historia de Bobs a tu manera. Se pueden tomar todos los atajos. \u00a1Todas las soluciones son bienvenidas!<\/span><\/p>\n<p><span style=\"vertical-align: inherit;\"> El juego requiere creatividad e imaginaci\u00f3n. Estos entornos a menudo surrealistas obedecen a leyes muy reales de la f\u00edsica. S<\/span><span style=\"vertical-align: inherit;\">i cree que un objeto podr\u00eda moverse, tenga la seguridad de que puede hacerlo. El valor de repetici\u00f3n est\u00e1 limitado solo por tu imaginaci\u00f3n. Todo esto en Human: Fall Flat\u00a0<\/span><\/p>","protected":false},"excerpt":{"rendered":"<p>Human: Fall Flat es un juego de rompecabezas basado en la f\u00edsica de final abierto en el que tomas el control del constructor Bob ayud\u00e1ndolo a resolver los misterios detr\u00e1s de sus sue\u00f1os recurrentes de caer. Tu objetivo es escapar de esos sue\u00f1os llenos de acertijos, peligros y sorpresas usando todo lo que encuentres en&#8230;<\/p>","protected":false},"featured_media":69424,"template":"","meta":{"_monsterinsights_skip_tracking":false,"_monsterinsights_sitenote_active":false,"_monsterinsights_sitenote_note":"","_monsterinsights_sitenote_category":0},"product_brand":[],"product_cat":[1501,2981,3596,1271,3164,1283,1280,1273,1396,1427,1424],"product_tag":[2334,2333,1526],"class_list":{"0":"post-69412","1":"product","2":"type-product","3":"status-publish","4":"has-post-thumbnail","6":"product_cat-tienda-de-videojuegos-ultimos-juegos-tijuana-mexico","7":"product_cat-destacados","8":"product_cat-tienda-de-videojuegos-steam-recomendados-en-tijuana-mexico","9":"product_cat-tienda-de-videojuegos-tijuana-mexico","10":"product_cat-tienda-de-videojuegos-baratos-economicos-tijuana-mexico","11":"product_cat-tienda-de-videojuegos-plataformas-tijuana-mexico","12":"product_cat-tienda-de-videojuegos-pc-tijuana-mexico","13":"product_cat-tienda-de-videojuegos-steam-key-tijuana-mexico","14":"product_cat-tienda-de-videojuegos-simulacion-tijuana-mexico","15":"product_cat-tienda-de-videojuegos-juegos-para-mando-tijuana-mexico","16":"product_cat-tienda-de-videojuegos-lo-mas-jugados-tijuana-mexico","17":"product_tag-human-fall-flat","18":"product_tag-human-fall-flat-steam","19":"product_tag-steam","21":"first","22":"instock","23":"shipping-taxable","24":"purchasable","25":"product-type-simple"},"yoast_head":"<!-- This site is optimized with the Yoast SEO plugin v27.0 - https:\/\/yoast.com\/product\/yoast-seo-wordpress\/ -->\n<title>Human: Fall Flat Steam CD Key - MERCADOKEYS<\/title>\n<meta name=\"description\" content=\"Human: Fall Flat es un juego de rompecabezas basado en la f\u00edsica de final abierto en el que tomas el control del constructor Bob\" \/>\n<meta name=\"robots\" content=\"index, follow, max-snippet:-1, max-image-preview:large, max-video-preview:-1\" \/>\n<link rel=\"canonical\" href=\"https:\/\/www.mercadokeys.com\/product\/human-fall-flat-steam-cd-key\/\" \/>\n<meta property=\"og:locale\" content=\"en_GB\" \/>\n<meta property=\"og:type\" content=\"article\" \/>\n<meta property=\"og:title\" content=\"Human: Fall Flat Steam CD Key - MERCADOKEYS\" \/>\n<meta property=\"og:description\" content=\"Human: Fall Flat es un juego de rompecabezas basado en la f\u00edsica de final abierto en el que tomas el control del constructor Bob\" \/>\n<meta property=\"og:url\" content=\"https:\/\/www.mercadokeys.com\/product\/human-fall-flat-steam-cd-key\/\" \/>\n<meta property=\"og:site_name\" content=\"MERCADOKEYS\" \/>\n<meta property=\"article:modified_time\" content=\"2022-06-28T13:59:05+00:00\" \/>\n<meta property=\"og:image\" content=\"https:\/\/www.mercadokeys.com\/wp-content\/uploads\/2020\/12\/human-fall-flat_cover_original.png\" \/>\n\t<meta property=\"og:image:width\" content=\"720\" \/>\n\t<meta property=\"og:image:height\" content=\"1080\" \/>\n\t<meta property=\"og:image:type\" content=\"image\/png\" \/>\n<meta name=\"twitter:card\" content=\"summary_large_image\" \/>\n<meta name=\"twitter:label1\" content=\"Estimated reading time\" \/>\n\t<meta name=\"twitter:data1\" content=\"1 minute\" \/>\n<script type=\"application\/ld+json\" class=\"yoast-schema-graph\">{\"@context\":\"https:\/\/schema.org\",\"@graph\":[{\"@type\":\"WebPage\",\"@id\":\"https:\/\/www.mercadokeys.com\/product\/human-fall-flat-steam-cd-key\/\",\"url\":\"https:\/\/www.mercadokeys.com\/product\/human-fall-flat-steam-cd-key\/\",\"name\":\"Human: Fall Flat Steam CD Key - MERCADOKEYS\",\"isPartOf\":{\"@id\":\"https:\/\/www.mercadokeys.com\/eng\/#website\"},\"primaryImageOfPage\":{\"@id\":\"https:\/\/www.mercadokeys.com\/product\/human-fall-flat-steam-cd-key\/#primaryimage\"},\"image\":{\"@id\":\"https:\/\/www.mercadokeys.com\/product\/human-fall-flat-steam-cd-key\/#primaryimage\"},\"thumbnailUrl\":\"https:\/\/www.mercadokeys.com.mx\/wp-content\/uploads\/2020\/12\/human-fall-flat_cover_original.png\",\"datePublished\":\"2020-12-17T01:45:27+00:00\",\"dateModified\":\"2022-06-28T13:59:05+00:00\",\"description\":\"Human: Fall Flat es un juego de rompecabezas basado en la f\u00edsica de final abierto en el que tomas el control del constructor Bob\",\"breadcrumb\":{\"@id\":\"https:\/\/www.mercadokeys.com\/product\/human-fall-flat-steam-cd-key\/#breadcrumb\"},\"inLanguage\":\"en-GB\",\"potentialAction\":[{\"@type\":\"ReadAction\",\"target\":[\"https:\/\/www.mercadokeys.com\/product\/human-fall-flat-steam-cd-key\/\"]}]},{\"@type\":\"ImageObject\",\"inLanguage\":\"en-GB\",\"@id\":\"https:\/\/www.mercadokeys.com\/product\/human-fall-flat-steam-cd-key\/#primaryimage\",\"url\":\"https:\/\/www.mercadokeys.com.mx\/wp-content\/uploads\/2020\/12\/human-fall-flat_cover_original.png\",\"contentUrl\":\"https:\/\/www.mercadokeys.com.mx\/wp-content\/uploads\/2020\/12\/human-fall-flat_cover_original.png\",\"width\":720,\"height\":1080,\"caption\":\"Human: Fall Flat es un juego de rompecabezas basado en la f\u00edsica de final abierto en el que tomas el control del constructor Bob ayud\u00e1ndolo a resolver los misterio\"},{\"@type\":\"BreadcrumbList\",\"@id\":\"https:\/\/www.mercadokeys.com\/product\/human-fall-flat-steam-cd-key\/#breadcrumb\",\"itemListElement\":[{\"@type\":\"ListItem\",\"position\":1,\"name\":\"Inicio\",\"item\":\"https:\/\/www.mercadokeys.com.mx\/\"},{\"@type\":\"ListItem\",\"position\":2,\"name\":\"Tienda\",\"item\":\"https:\/\/www.mercadokeys.com\/shop\/\"},{\"@type\":\"ListItem\",\"position\":3,\"name\":\"Human: Fall Flat Steam CD Key\"}]},{\"@type\":\"WebSite\",\"@id\":\"https:\/\/www.mercadokeys.com\/eng\/#website\",\"url\":\"https:\/\/www.mercadokeys.com\/eng\/\",\"name\":\"MERCADOKEYS\",\"description\":\"Tu Tienda de videojuegos digitales en Mexico!\",\"potentialAction\":[{\"@type\":\"SearchAction\",\"target\":{\"@type\":\"EntryPoint\",\"urlTemplate\":\"https:\/\/www.mercadokeys.com\/eng\/?s={search_term_string}\"},\"query-input\":{\"@type\":\"PropertyValueSpecification\",\"valueRequired\":true,\"valueName\":\"search_term_string\"}}],\"inLanguage\":\"en-GB\"}]}<\/script>\n<!-- \/ Yoast SEO plugin. -->","yoast_head_json":{"title":"Human: Fall Flat Steam CD Key - MERCADOKEYS","description":"Human: Fall Flat es un juego de rompecabezas basado en la f\u00edsica de final abierto en el que tomas el control del constructor Bob","robots":{"index":"index","follow":"follow","max-snippet":"max-snippet:-1","max-image-preview":"max-image-preview:large","max-video-preview":"max-video-preview:-1"},"canonical":"https:\/\/www.mercadokeys.com\/product\/human-fall-flat-steam-cd-key\/","og_locale":"en_GB","og_type":"article","og_title":"Human: Fall Flat Steam CD Key - MERCADOKEYS","og_description":"Human: Fall Flat es un juego de rompecabezas basado en la f\u00edsica de final abierto en el que tomas el control del constructor Bob","og_url":"https:\/\/www.mercadokeys.com\/product\/human-fall-flat-steam-cd-key\/","og_site_name":"MERCADOKEYS","article_modified_time":"2022-06-28T13:59:05+00:00","og_image":[{"width":720,"height":1080,"url":"https:\/\/www.mercadokeys.com\/wp-content\/uploads\/2020\/12\/human-fall-flat_cover_original.png","type":"image\/png"}],"twitter_card":"summary_large_image","twitter_misc":{"Estimated reading time":"1 minute"},"schema":{"@context":"https:\/\/schema.org","@graph":[{"@type":"WebPage","@id":"https:\/\/www.mercadokeys.com\/product\/human-fall-flat-steam-cd-key\/","url":"https:\/\/www.mercadokeys.com\/product\/human-fall-flat-steam-cd-key\/","name":"Human: Fall Flat Steam CD Key - MERCADOKEYS","isPartOf":{"@id":"https:\/\/www.mercadokeys.com\/eng\/#website"},"primaryImageOfPage":{"@id":"https:\/\/www.mercadokeys.com\/product\/human-fall-flat-steam-cd-key\/#primaryimage"},"image":{"@id":"https:\/\/www.mercadokeys.com\/product\/human-fall-flat-steam-cd-key\/#primaryimage"},"thumbnailUrl":"https:\/\/www.mercadokeys.com.mx\/wp-content\/uploads\/2020\/12\/human-fall-flat_cover_original.png","datePublished":"2020-12-17T01:45:27+00:00","dateModified":"2022-06-28T13:59:05+00:00","description":"Human: Fall Flat es un juego de rompecabezas basado en la f\u00edsica de final abierto en el que tomas el control del constructor Bob","breadcrumb":{"@id":"https:\/\/www.mercadokeys.com\/product\/human-fall-flat-steam-cd-key\/#breadcrumb"},"inLanguage":"en-GB","potentialAction":[{"@type":"ReadAction","target":["https:\/\/www.mercadokeys.com\/product\/human-fall-flat-steam-cd-key\/"]}]},{"@type":"ImageObject","inLanguage":"en-GB","@id":"https:\/\/www.mercadokeys.com\/product\/human-fall-flat-steam-cd-key\/#primaryimage","url":"https:\/\/www.mercadokeys.com.mx\/wp-content\/uploads\/2020\/12\/human-fall-flat_cover_original.png","contentUrl":"https:\/\/www.mercadokeys.com.mx\/wp-content\/uploads\/2020\/12\/human-fall-flat_cover_original.png","width":720,"height":1080,"caption":"Human: Fall Flat es un juego de rompecabezas basado en la f\u00edsica de final abierto en el que tomas el control del constructor Bob ayud\u00e1ndolo a resolver los misterio"},{"@type":"BreadcrumbList","@id":"https:\/\/www.mercadokeys.com\/product\/human-fall-flat-steam-cd-key\/#breadcrumb","itemListElement":[{"@type":"ListItem","position":1,"name":"Inicio","item":"https:\/\/www.mercadokeys.com.mx\/"},{"@type":"ListItem","position":2,"name":"Tienda","item":"https:\/\/www.mercadokeys.com\/shop\/"},{"@type":"ListItem","position":3,"name":"Human: Fall Flat Steam CD Key"}]},{"@type":"WebSite","@id":"https:\/\/www.mercadokeys.com\/eng\/#website","url":"https:\/\/www.mercadokeys.com\/eng\/","name":"MERCADOKEYS","description":"Tu Tienda de videojuegos digitales en Mexico!","potentialAction":[{"@type":"SearchAction","target":{"@type":"EntryPoint","urlTemplate":"https:\/\/www.mercadokeys.com\/eng\/?s={search_term_string}"},"query-input":{"@type":"PropertyValueSpecification","valueRequired":true,"valueName":"search_term_string"}}],"inLanguage":"en-GB"}]}},"df_price":113.099501,"df_sale_price":113.099501,"df_regular_price":113.099501,"df_image_link":"https:\/\/www.mercadokeys.com.mx\/wp-content\/uploads\/2020\/12\/human-fall-flat_cover_original-200x300.png","_links":{"self":[{"href":"https:\/\/www.mercadokeys.com.mx\/eng\/wp-json\/wp\/v2\/product\/69412","targetHints":{"allow":["GET"]}}],"collection":[{"href":"https:\/\/www.mercadokeys.com.mx\/eng\/wp-json\/wp\/v2\/product"}],"about":[{"href":"https:\/\/www.mercadokeys.com.mx\/eng\/wp-json\/wp\/v2\/types\/product"}],"wp:featuredmedia":[{"embeddable":true,"href":"https:\/\/www.mercadokeys.com.mx\/eng\/wp-json\/wp\/v2\/media\/69424"}],"wp:attachment":[{"href":"https:\/\/www.mercadokeys.com.mx\/eng\/wp-json\/wp\/v2\/media?parent=69412"}],"wp:term":[{"taxonomy":"product_brand","embeddable":true,"href":"https:\/\/www.mercadokeys.com.mx\/eng\/wp-json\/wp\/v2\/product_brand?post=69412"},{"taxonomy":"product_cat","embeddable":true,"href":"https:\/\/www.mercadokeys.com.mx\/eng\/wp-json\/wp\/v2\/product_cat?post=69412"},{"taxonomy":"product_tag","embeddable":true,"href":"https:\/\/www.mercadokeys.com.mx\/eng\/wp-json\/wp\/v2\/product_tag?post=69412"}],"curies":[{"name":"wp","href":"https:\/\/api.w.org\/{rel}","templated":true}]}}