{"id":69286,"date":"2020-12-16T17:40:10","date_gmt":"2020-12-17T01:40:10","guid":{"rendered":"https:\/\/www.mercadokeys.com\/product\/rimworld-steam-cd-key\/"},"modified":"2022-06-27T07:01:04","modified_gmt":"2022-06-27T14:01:04","slug":"rimworld-steam-cd-key","status":"publish","type":"product","link":"https:\/\/www.mercadokeys.com.mx\/eng\/product\/rimworld-steam-cd-key\/","title":{"rendered":"RimWorld Steam CD Key"},"content":{"rendered":"<p><span style=\"vertical-align: inherit;\">Un simulador de colonia de ciencia ficci\u00f3n impulsado por un narrador inteligente de IA. RimWorld sigue a tres sobrevivientes de un transatl\u00e1ntico estrellado mientras construyen una colonia en un mundo fronterizo en el borde del espacio conocido. Inspirado en el ambiente espacial occidental de Firefly, la profunda simulaci\u00f3n de Dwarf Fortress y la escala \u00e9pica de Dune y Warhammer 40,000, gestiona los estados de \u00e1nimo, las necesidades, los pensamientos, las heridas individuales y las enfermedades de los colonos. Participe en tiroteos en equipos peque\u00f1os profundamente simulados.<\/span><\/p>\n<h3>Estructuras<\/h3>\n<p><span style=\"vertical-align: inherit;\">Estructuras de moda, armas y prendas de vestir de metal, madera, piedra, tela o materiales ex\u00f3ticos y futuristas. Lucha contra piratas, tribus hostiles, animales salvajes y antiguas m\u00e1quinas de matar. Descubre un nuevo mundo generado cada vez que juegas. Construye colonias en biomas que van desde el desierto hasta la jungla y la tundra, cada uno con una flora y fauna \u00fanicas. Gestionar y desarrollar colonos con historias de fondo, rasgos, y habilidades. Aprenda a jugar f\u00e1cilmente con la ayuda de un tutor de IA inteligente y discreto. Todo esto en RimWorld\u00a0<\/span><\/p>","protected":false},"excerpt":{"rendered":"<p>Un simulador de colonia de ciencia ficci\u00f3n impulsado por un narrador inteligente de IA. RimWorld sigue a tres sobrevivientes de un transatl\u00e1ntico estrellado mientras construyen una colonia en un mundo fronterizo en el borde del espacio conocido. Inspirado en el ambiente espacial occidental de Firefly, la profunda simulaci\u00f3n de Dwarf Fortress y la escala \u00e9pica&#8230;<\/p>","protected":false},"featured_media":69300,"template":"","meta":{"_monsterinsights_skip_tracking":false,"_monsterinsights_sitenote_active":false,"_monsterinsights_sitenote_note":"","_monsterinsights_sitenote_category":0},"product_brand":[],"product_cat":[1501,2981,1271,1283,1280,1273,1396,1424],"product_tag":[2335,2336,1526],"class_list":{"0":"post-69286","1":"product","2":"type-product","3":"status-publish","4":"has-post-thumbnail","6":"product_cat-tienda-de-videojuegos-ultimos-juegos-tijuana-mexico","7":"product_cat-destacados","8":"product_cat-tienda-de-videojuegos-tijuana-mexico","9":"product_cat-tienda-de-videojuegos-plataformas-tijuana-mexico","10":"product_cat-tienda-de-videojuegos-pc-tijuana-mexico","11":"product_cat-tienda-de-videojuegos-steam-key-tijuana-mexico","12":"product_cat-tienda-de-videojuegos-simulacion-tijuana-mexico","13":"product_cat-tienda-de-videojuegos-lo-mas-jugados-tijuana-mexico","14":"product_tag-rimworld","15":"product_tag-rimworld-steam","16":"product_tag-steam","18":"first","19":"instock","20":"shipping-taxable","21":"purchasable","22":"product-type-simple"},"yoast_head":"<!-- This site is optimized with the Yoast SEO plugin v27.0 - https:\/\/yoast.com\/product\/yoast-seo-wordpress\/ -->\n<title>RimWorld Steam CD Key - MERCADOKEYS<\/title>\n<meta name=\"description\" content=\"RimWorld sigue a tres sobrevivientes de un transatl\u00e1ntico estrellado mientras construyen una colonia en un mundo fronterizo en el borde del espacio\" \/>\n<meta name=\"robots\" content=\"index, follow, max-snippet:-1, max-image-preview:large, max-video-preview:-1\" \/>\n<link rel=\"canonical\" href=\"https:\/\/www.mercadokeys.com\/product\/rimworld-steam-cd-key\/\" \/>\n<meta property=\"og:locale\" content=\"en_GB\" \/>\n<meta property=\"og:type\" content=\"article\" \/>\n<meta property=\"og:title\" content=\"RimWorld Steam CD Key - MERCADOKEYS\" \/>\n<meta property=\"og:description\" content=\"RimWorld sigue a tres sobrevivientes de un transatl\u00e1ntico estrellado mientras construyen una colonia en un mundo fronterizo en el borde del espacio\" \/>\n<meta property=\"og:url\" content=\"https:\/\/www.mercadokeys.com\/product\/rimworld-steam-cd-key\/\" \/>\n<meta property=\"og:site_name\" content=\"MERCADOKEYS\" \/>\n<meta property=\"article:modified_time\" content=\"2022-06-27T14:01:04+00:00\" \/>\n<meta property=\"og:image\" content=\"https:\/\/www.mercadokeys.com\/wp-content\/uploads\/2020\/12\/rimworld_cover_original.jpg\" \/>\n\t<meta property=\"og:image:width\" content=\"1920\" \/>\n\t<meta property=\"og:image:height\" content=\"1080\" \/>\n\t<meta property=\"og:image:type\" content=\"image\/jpeg\" \/>\n<meta name=\"twitter:card\" content=\"summary_large_image\" \/>\n<meta name=\"twitter:label1\" content=\"Estimated reading time\" \/>\n\t<meta name=\"twitter:data1\" content=\"1 minute\" \/>\n<script type=\"application\/ld+json\" class=\"yoast-schema-graph\">{\"@context\":\"https:\/\/schema.org\",\"@graph\":[{\"@type\":\"WebPage\",\"@id\":\"https:\/\/www.mercadokeys.com\/product\/rimworld-steam-cd-key\/\",\"url\":\"https:\/\/www.mercadokeys.com\/product\/rimworld-steam-cd-key\/\",\"name\":\"RimWorld Steam CD Key - MERCADOKEYS\",\"isPartOf\":{\"@id\":\"https:\/\/www.mercadokeys.com\/eng\/#website\"},\"primaryImageOfPage\":{\"@id\":\"https:\/\/www.mercadokeys.com\/product\/rimworld-steam-cd-key\/#primaryimage\"},\"image\":{\"@id\":\"https:\/\/www.mercadokeys.com\/product\/rimworld-steam-cd-key\/#primaryimage\"},\"thumbnailUrl\":\"https:\/\/www.mercadokeys.com.mx\/wp-content\/uploads\/2020\/12\/rimworld_cover_original.jpg\",\"datePublished\":\"2020-12-17T01:40:10+00:00\",\"dateModified\":\"2022-06-27T14:01:04+00:00\",\"description\":\"RimWorld sigue a tres sobrevivientes de un transatl\u00e1ntico estrellado mientras construyen una colonia en un mundo fronterizo en el borde del espacio\",\"breadcrumb\":{\"@id\":\"https:\/\/www.mercadokeys.com\/product\/rimworld-steam-cd-key\/#breadcrumb\"},\"inLanguage\":\"en-GB\",\"potentialAction\":[{\"@type\":\"ReadAction\",\"target\":[\"https:\/\/www.mercadokeys.com\/product\/rimworld-steam-cd-key\/\"]}]},{\"@type\":\"ImageObject\",\"inLanguage\":\"en-GB\",\"@id\":\"https:\/\/www.mercadokeys.com\/product\/rimworld-steam-cd-key\/#primaryimage\",\"url\":\"https:\/\/www.mercadokeys.com.mx\/wp-content\/uploads\/2020\/12\/rimworld_cover_original.jpg\",\"contentUrl\":\"https:\/\/www.mercadokeys.com.mx\/wp-content\/uploads\/2020\/12\/rimworld_cover_original.jpg\",\"width\":1920,\"height\":1080,\"caption\":\"RimWorld sigue a tres sobrevivientes de un transatl\u00e1ntico estrellado mientras construyen una colonia en un mundo fronterizo en el borde del espacio conocido.RimWorld sigue a tres sobrevivientes de un transatl\u00e1ntico estrellado mientras construyen una colonia en un mundo fronterizo en el borde del espacio conocido.\"},{\"@type\":\"BreadcrumbList\",\"@id\":\"https:\/\/www.mercadokeys.com\/product\/rimworld-steam-cd-key\/#breadcrumb\",\"itemListElement\":[{\"@type\":\"ListItem\",\"position\":1,\"name\":\"Inicio\",\"item\":\"https:\/\/www.mercadokeys.com.mx\/\"},{\"@type\":\"ListItem\",\"position\":2,\"name\":\"Tienda\",\"item\":\"https:\/\/www.mercadokeys.com\/shop\/\"},{\"@type\":\"ListItem\",\"position\":3,\"name\":\"RimWorld Steam CD Key\"}]},{\"@type\":\"WebSite\",\"@id\":\"https:\/\/www.mercadokeys.com\/eng\/#website\",\"url\":\"https:\/\/www.mercadokeys.com\/eng\/\",\"name\":\"MERCADOKEYS\",\"description\":\"Tu Tienda de videojuegos digitales en Mexico!\",\"potentialAction\":[{\"@type\":\"SearchAction\",\"target\":{\"@type\":\"EntryPoint\",\"urlTemplate\":\"https:\/\/www.mercadokeys.com\/eng\/?s={search_term_string}\"},\"query-input\":{\"@type\":\"PropertyValueSpecification\",\"valueRequired\":true,\"valueName\":\"search_term_string\"}}],\"inLanguage\":\"en-GB\"}]}<\/script>\n<!-- \/ Yoast SEO plugin. -->","yoast_head_json":{"title":"RimWorld Steam CD Key - MERCADOKEYS","description":"RimWorld sigue a tres sobrevivientes de un transatl\u00e1ntico estrellado mientras construyen una colonia en un mundo fronterizo en el borde del espacio","robots":{"index":"index","follow":"follow","max-snippet":"max-snippet:-1","max-image-preview":"max-image-preview:large","max-video-preview":"max-video-preview:-1"},"canonical":"https:\/\/www.mercadokeys.com\/product\/rimworld-steam-cd-key\/","og_locale":"en_GB","og_type":"article","og_title":"RimWorld Steam CD Key - MERCADOKEYS","og_description":"RimWorld sigue a tres sobrevivientes de un transatl\u00e1ntico estrellado mientras construyen una colonia en un mundo fronterizo en el borde del espacio","og_url":"https:\/\/www.mercadokeys.com\/product\/rimworld-steam-cd-key\/","og_site_name":"MERCADOKEYS","article_modified_time":"2022-06-27T14:01:04+00:00","og_image":[{"width":1920,"height":1080,"url":"https:\/\/www.mercadokeys.com\/wp-content\/uploads\/2020\/12\/rimworld_cover_original.jpg","type":"image\/jpeg"}],"twitter_card":"summary_large_image","twitter_misc":{"Estimated reading time":"1 minute"},"schema":{"@context":"https:\/\/schema.org","@graph":[{"@type":"WebPage","@id":"https:\/\/www.mercadokeys.com\/product\/rimworld-steam-cd-key\/","url":"https:\/\/www.mercadokeys.com\/product\/rimworld-steam-cd-key\/","name":"RimWorld Steam CD Key - MERCADOKEYS","isPartOf":{"@id":"https:\/\/www.mercadokeys.com\/eng\/#website"},"primaryImageOfPage":{"@id":"https:\/\/www.mercadokeys.com\/product\/rimworld-steam-cd-key\/#primaryimage"},"image":{"@id":"https:\/\/www.mercadokeys.com\/product\/rimworld-steam-cd-key\/#primaryimage"},"thumbnailUrl":"https:\/\/www.mercadokeys.com.mx\/wp-content\/uploads\/2020\/12\/rimworld_cover_original.jpg","datePublished":"2020-12-17T01:40:10+00:00","dateModified":"2022-06-27T14:01:04+00:00","description":"RimWorld sigue a tres sobrevivientes de un transatl\u00e1ntico estrellado mientras construyen una colonia en un mundo fronterizo en el borde del espacio","breadcrumb":{"@id":"https:\/\/www.mercadokeys.com\/product\/rimworld-steam-cd-key\/#breadcrumb"},"inLanguage":"en-GB","potentialAction":[{"@type":"ReadAction","target":["https:\/\/www.mercadokeys.com\/product\/rimworld-steam-cd-key\/"]}]},{"@type":"ImageObject","inLanguage":"en-GB","@id":"https:\/\/www.mercadokeys.com\/product\/rimworld-steam-cd-key\/#primaryimage","url":"https:\/\/www.mercadokeys.com.mx\/wp-content\/uploads\/2020\/12\/rimworld_cover_original.jpg","contentUrl":"https:\/\/www.mercadokeys.com.mx\/wp-content\/uploads\/2020\/12\/rimworld_cover_original.jpg","width":1920,"height":1080,"caption":"RimWorld sigue a tres sobrevivientes de un transatl\u00e1ntico estrellado mientras construyen una colonia en un mundo fronterizo en el borde del espacio conocido.RimWorld sigue a tres sobrevivientes de un transatl\u00e1ntico estrellado mientras construyen una colonia en un mundo fronterizo en el borde del espacio conocido."},{"@type":"BreadcrumbList","@id":"https:\/\/www.mercadokeys.com\/product\/rimworld-steam-cd-key\/#breadcrumb","itemListElement":[{"@type":"ListItem","position":1,"name":"Inicio","item":"https:\/\/www.mercadokeys.com.mx\/"},{"@type":"ListItem","position":2,"name":"Tienda","item":"https:\/\/www.mercadokeys.com\/shop\/"},{"@type":"ListItem","position":3,"name":"RimWorld Steam CD Key"}]},{"@type":"WebSite","@id":"https:\/\/www.mercadokeys.com\/eng\/#website","url":"https:\/\/www.mercadokeys.com\/eng\/","name":"MERCADOKEYS","description":"Tu Tienda de videojuegos digitales en Mexico!","potentialAction":[{"@type":"SearchAction","target":{"@type":"EntryPoint","urlTemplate":"https:\/\/www.mercadokeys.com\/eng\/?s={search_term_string}"},"query-input":{"@type":"PropertyValueSpecification","valueRequired":true,"valueName":"search_term_string"}}],"inLanguage":"en-GB"}]}},"df_price":866.006737,"df_sale_price":866.006737,"df_regular_price":866.006737,"df_image_link":"https:\/\/www.mercadokeys.com.mx\/wp-content\/uploads\/2020\/12\/rimworld_cover_original-300x169.jpg","_links":{"self":[{"href":"https:\/\/www.mercadokeys.com.mx\/eng\/wp-json\/wp\/v2\/product\/69286","targetHints":{"allow":["GET"]}}],"collection":[{"href":"https:\/\/www.mercadokeys.com.mx\/eng\/wp-json\/wp\/v2\/product"}],"about":[{"href":"https:\/\/www.mercadokeys.com.mx\/eng\/wp-json\/wp\/v2\/types\/product"}],"wp:featuredmedia":[{"embeddable":true,"href":"https:\/\/www.mercadokeys.com.mx\/eng\/wp-json\/wp\/v2\/media\/69300"}],"wp:attachment":[{"href":"https:\/\/www.mercadokeys.com.mx\/eng\/wp-json\/wp\/v2\/media?parent=69286"}],"wp:term":[{"taxonomy":"product_brand","embeddable":true,"href":"https:\/\/www.mercadokeys.com.mx\/eng\/wp-json\/wp\/v2\/product_brand?post=69286"},{"taxonomy":"product_cat","embeddable":true,"href":"https:\/\/www.mercadokeys.com.mx\/eng\/wp-json\/wp\/v2\/product_cat?post=69286"},{"taxonomy":"product_tag","embeddable":true,"href":"https:\/\/www.mercadokeys.com.mx\/eng\/wp-json\/wp\/v2\/product_tag?post=69286"}],"curies":[{"name":"wp","href":"https:\/\/api.w.org\/{rel}","templated":true}]}}