{"id":68948,"date":"2020-12-16T17:26:15","date_gmt":"2020-12-17T01:26:15","guid":{"rendered":"https:\/\/www.mercadokeys.com\/product\/umbrella-corps-standard-edition-steam-cd-key\/"},"modified":"2022-06-29T06:34:18","modified_gmt":"2022-06-29T13:34:18","slug":"umbrella-corps-standard-edition-steam-cd-key","status":"publish","type":"product","link":"https:\/\/www.mercadokeys.com.mx\/eng\/product\/umbrella-corps-standard-edition-steam-cd-key\/","title":{"rendered":"Umbrella Corps Standard Edition Steam CD Key"},"content":{"rendered":"<p><span style=\"vertical-align: inherit\">Por su parte, Umbrella Corps es un trepidante juego de disparos en tercera persona ambientado en el universo de Resident Evil. El competitivo juego en l\u00ednea contar\u00e1 con partidas r\u00e1pidas e intensas en zonas de batalla compactas inspiradas en entornos hist\u00f3ricos de Resident Evil; como un mapa de Umbrella Facility. Umbrella Corporation, una despiadada compa\u00f1\u00eda farmac\u00e9utica internacional; era conocida por sus experimentos gen\u00e9ticos y armamento biol\u00f3gico que llevaron a todo el mundo devastaci\u00f3n; incluido el infame incidente de Raccoon City. <\/span><\/p>\n<p><span style=\"vertical-align: inherit\">Del mismo modo, en Umbrella Corps aunque la organizaci\u00f3n fue derrocada en 2003, su legado de bioterrorismo continu\u00f3. En la actualidad, las corporaciones con nebulosos intereses en el armamento biol\u00f3gico han contratado escuadrones de fuerzas especiales para batallas experimentales en \u00e1reas restringidas infectadas por virus contra otros mercenarios.<\/span><\/p>","protected":false},"excerpt":{"rendered":"<p>Por su parte, Umbrella Corps es un trepidante juego de disparos en tercera persona ambientado en el universo de Resident Evil. El competitivo juego en l\u00ednea contar\u00e1 con partidas r\u00e1pidas e intensas en zonas de batalla compactas inspiradas en entornos hist\u00f3ricos de Resident Evil; como un mapa de Umbrella Facility. Umbrella Corporation, una despiadada compa\u00f1\u00eda&#8230;<\/p>","protected":false},"featured_media":68960,"template":"","meta":{"_monsterinsights_skip_tracking":false,"_monsterinsights_sitenote_active":false,"_monsterinsights_sitenote_note":"","_monsterinsights_sitenote_category":0},"product_brand":[],"product_cat":[1501,2981,3596,1271,3164,1420,1283,1280,1273,1392,1428],"product_tag":[1526,1909,1908],"class_list":{"0":"post-68948","1":"product","2":"type-product","3":"status-publish","4":"has-post-thumbnail","6":"product_cat-tienda-de-videojuegos-ultimos-juegos-tijuana-mexico","7":"product_cat-destacados","8":"product_cat-tienda-de-videojuegos-steam-recomendados-en-tijuana-mexico","9":"product_cat-tienda-de-videojuegos-tijuana-mexico","10":"product_cat-tienda-de-videojuegos-baratos-economicos-tijuana-mexico","11":"product_cat-tienda-de-videojuegos-populares-tijuana-mexico","12":"product_cat-tienda-de-videojuegos-plataformas-tijuana-mexico","13":"product_cat-tienda-de-videojuegos-pc-tijuana-mexico","14":"product_cat-tienda-de-videojuegos-steam-key-tijuana-mexico","15":"product_cat-tienda-de-videojuegos-accion-tijuana-mexico","16":"product_cat-tienda-de-videojuegos-cooperativos-tijuana-mexico","17":"product_tag-steam","18":"product_tag-umbrella-corps-standard-edition","19":"product_tag-umbrella-corps-standard-edition-steam","21":"first","22":"instock","23":"shipping-taxable","24":"purchasable","25":"product-type-simple"},"yoast_head":"<!-- This site is optimized with the Yoast SEO plugin v27.0 - https:\/\/yoast.com\/product\/yoast-seo-wordpress\/ -->\n<title>Umbrella Corps Standard Edition Steam CD Key - MERCADOKEYS<\/title>\n<meta name=\"description\" content=\"Umbrella Corps es un trepidante juego de disparos en tercera persona ambientado en el universo de Resident Evil. Tiene con partidas r\u00e1pidas e intensas\" \/>\n<meta name=\"robots\" content=\"index, follow, max-snippet:-1, max-image-preview:large, max-video-preview:-1\" \/>\n<link rel=\"canonical\" href=\"https:\/\/www.mercadokeys.com\/product\/umbrella-corps-standard-edition-steam-cd-key\/\" \/>\n<meta property=\"og:locale\" content=\"en_GB\" \/>\n<meta property=\"og:type\" content=\"article\" \/>\n<meta property=\"og:title\" content=\"Umbrella Corps Standard Edition Steam CD Key - MERCADOKEYS\" \/>\n<meta property=\"og:description\" content=\"Umbrella Corps es un trepidante juego de disparos en tercera persona ambientado en el universo de Resident Evil. Tiene con partidas r\u00e1pidas e intensas\" \/>\n<meta property=\"og:url\" content=\"https:\/\/www.mercadokeys.com\/product\/umbrella-corps-standard-edition-steam-cd-key\/\" \/>\n<meta property=\"og:site_name\" content=\"MERCADOKEYS\" \/>\n<meta property=\"article:modified_time\" content=\"2022-06-29T13:34:18+00:00\" \/>\n<meta property=\"og:image\" content=\"https:\/\/www.mercadokeys.com\/wp-content\/uploads\/2020\/12\/umbrella-corps_cover_original.jpg\" \/>\n\t<meta property=\"og:image:width\" content=\"1080\" \/>\n\t<meta property=\"og:image:height\" content=\"1521\" \/>\n\t<meta property=\"og:image:type\" content=\"image\/jpeg\" \/>\n<meta name=\"twitter:card\" content=\"summary_large_image\" \/>\n<meta name=\"twitter:label1\" content=\"Estimated reading time\" \/>\n\t<meta name=\"twitter:data1\" content=\"1 minute\" \/>\n<script type=\"application\/ld+json\" class=\"yoast-schema-graph\">{\"@context\":\"https:\/\/schema.org\",\"@graph\":[{\"@type\":\"WebPage\",\"@id\":\"https:\/\/www.mercadokeys.com\/product\/umbrella-corps-standard-edition-steam-cd-key\/\",\"url\":\"https:\/\/www.mercadokeys.com\/product\/umbrella-corps-standard-edition-steam-cd-key\/\",\"name\":\"Umbrella Corps Standard Edition Steam CD Key - MERCADOKEYS\",\"isPartOf\":{\"@id\":\"https:\/\/www.mercadokeys.com\/eng\/#website\"},\"primaryImageOfPage\":{\"@id\":\"https:\/\/www.mercadokeys.com\/product\/umbrella-corps-standard-edition-steam-cd-key\/#primaryimage\"},\"image\":{\"@id\":\"https:\/\/www.mercadokeys.com\/product\/umbrella-corps-standard-edition-steam-cd-key\/#primaryimage\"},\"thumbnailUrl\":\"https:\/\/www.mercadokeys.com.mx\/wp-content\/uploads\/2020\/12\/umbrella-corps_cover_original.jpg\",\"datePublished\":\"2020-12-17T01:26:15+00:00\",\"dateModified\":\"2022-06-29T13:34:18+00:00\",\"description\":\"Umbrella Corps es un trepidante juego de disparos en tercera persona ambientado en el universo de Resident Evil. Tiene con partidas r\u00e1pidas e intensas\",\"breadcrumb\":{\"@id\":\"https:\/\/www.mercadokeys.com\/product\/umbrella-corps-standard-edition-steam-cd-key\/#breadcrumb\"},\"inLanguage\":\"en-GB\",\"potentialAction\":[{\"@type\":\"ReadAction\",\"target\":[\"https:\/\/www.mercadokeys.com\/product\/umbrella-corps-standard-edition-steam-cd-key\/\"]}]},{\"@type\":\"ImageObject\",\"inLanguage\":\"en-GB\",\"@id\":\"https:\/\/www.mercadokeys.com\/product\/umbrella-corps-standard-edition-steam-cd-key\/#primaryimage\",\"url\":\"https:\/\/www.mercadokeys.com.mx\/wp-content\/uploads\/2020\/12\/umbrella-corps_cover_original.jpg\",\"contentUrl\":\"https:\/\/www.mercadokeys.com.mx\/wp-content\/uploads\/2020\/12\/umbrella-corps_cover_original.jpg\",\"width\":1080,\"height\":1521,\"caption\":\"Umbrella Corps es un trepidante juego de disparos en tercera persona ambientado en el universo de Resident Evil. El juego tiene con partidas r\u00e1pidas e intensas\"},{\"@type\":\"BreadcrumbList\",\"@id\":\"https:\/\/www.mercadokeys.com\/product\/umbrella-corps-standard-edition-steam-cd-key\/#breadcrumb\",\"itemListElement\":[{\"@type\":\"ListItem\",\"position\":1,\"name\":\"Inicio\",\"item\":\"https:\/\/www.mercadokeys.com.mx\/\"},{\"@type\":\"ListItem\",\"position\":2,\"name\":\"Tienda\",\"item\":\"https:\/\/www.mercadokeys.com\/shop\/\"},{\"@type\":\"ListItem\",\"position\":3,\"name\":\"Umbrella Corps Standard Edition Steam CD Key\"}]},{\"@type\":\"WebSite\",\"@id\":\"https:\/\/www.mercadokeys.com\/eng\/#website\",\"url\":\"https:\/\/www.mercadokeys.com\/eng\/\",\"name\":\"MERCADOKEYS\",\"description\":\"Tu Tienda de videojuegos digitales en Mexico!\",\"potentialAction\":[{\"@type\":\"SearchAction\",\"target\":{\"@type\":\"EntryPoint\",\"urlTemplate\":\"https:\/\/www.mercadokeys.com\/eng\/?s={search_term_string}\"},\"query-input\":{\"@type\":\"PropertyValueSpecification\",\"valueRequired\":true,\"valueName\":\"search_term_string\"}}],\"inLanguage\":\"en-GB\"}]}<\/script>\n<!-- \/ Yoast SEO plugin. -->","yoast_head_json":{"title":"Umbrella Corps Standard Edition Steam CD Key - MERCADOKEYS","description":"Umbrella Corps es un trepidante juego de disparos en tercera persona ambientado en el universo de Resident Evil. Tiene con partidas r\u00e1pidas e intensas","robots":{"index":"index","follow":"follow","max-snippet":"max-snippet:-1","max-image-preview":"max-image-preview:large","max-video-preview":"max-video-preview:-1"},"canonical":"https:\/\/www.mercadokeys.com\/product\/umbrella-corps-standard-edition-steam-cd-key\/","og_locale":"en_GB","og_type":"article","og_title":"Umbrella Corps Standard Edition Steam CD Key - MERCADOKEYS","og_description":"Umbrella Corps es un trepidante juego de disparos en tercera persona ambientado en el universo de Resident Evil. Tiene con partidas r\u00e1pidas e intensas","og_url":"https:\/\/www.mercadokeys.com\/product\/umbrella-corps-standard-edition-steam-cd-key\/","og_site_name":"MERCADOKEYS","article_modified_time":"2022-06-29T13:34:18+00:00","og_image":[{"width":1080,"height":1521,"url":"https:\/\/www.mercadokeys.com\/wp-content\/uploads\/2020\/12\/umbrella-corps_cover_original.jpg","type":"image\/jpeg"}],"twitter_card":"summary_large_image","twitter_misc":{"Estimated reading time":"1 minute"},"schema":{"@context":"https:\/\/schema.org","@graph":[{"@type":"WebPage","@id":"https:\/\/www.mercadokeys.com\/product\/umbrella-corps-standard-edition-steam-cd-key\/","url":"https:\/\/www.mercadokeys.com\/product\/umbrella-corps-standard-edition-steam-cd-key\/","name":"Umbrella Corps Standard Edition Steam CD Key - MERCADOKEYS","isPartOf":{"@id":"https:\/\/www.mercadokeys.com\/eng\/#website"},"primaryImageOfPage":{"@id":"https:\/\/www.mercadokeys.com\/product\/umbrella-corps-standard-edition-steam-cd-key\/#primaryimage"},"image":{"@id":"https:\/\/www.mercadokeys.com\/product\/umbrella-corps-standard-edition-steam-cd-key\/#primaryimage"},"thumbnailUrl":"https:\/\/www.mercadokeys.com.mx\/wp-content\/uploads\/2020\/12\/umbrella-corps_cover_original.jpg","datePublished":"2020-12-17T01:26:15+00:00","dateModified":"2022-06-29T13:34:18+00:00","description":"Umbrella Corps es un trepidante juego de disparos en tercera persona ambientado en el universo de Resident Evil. Tiene con partidas r\u00e1pidas e intensas","breadcrumb":{"@id":"https:\/\/www.mercadokeys.com\/product\/umbrella-corps-standard-edition-steam-cd-key\/#breadcrumb"},"inLanguage":"en-GB","potentialAction":[{"@type":"ReadAction","target":["https:\/\/www.mercadokeys.com\/product\/umbrella-corps-standard-edition-steam-cd-key\/"]}]},{"@type":"ImageObject","inLanguage":"en-GB","@id":"https:\/\/www.mercadokeys.com\/product\/umbrella-corps-standard-edition-steam-cd-key\/#primaryimage","url":"https:\/\/www.mercadokeys.com.mx\/wp-content\/uploads\/2020\/12\/umbrella-corps_cover_original.jpg","contentUrl":"https:\/\/www.mercadokeys.com.mx\/wp-content\/uploads\/2020\/12\/umbrella-corps_cover_original.jpg","width":1080,"height":1521,"caption":"Umbrella Corps es un trepidante juego de disparos en tercera persona ambientado en el universo de Resident Evil. El juego tiene con partidas r\u00e1pidas e intensas"},{"@type":"BreadcrumbList","@id":"https:\/\/www.mercadokeys.com\/product\/umbrella-corps-standard-edition-steam-cd-key\/#breadcrumb","itemListElement":[{"@type":"ListItem","position":1,"name":"Inicio","item":"https:\/\/www.mercadokeys.com.mx\/"},{"@type":"ListItem","position":2,"name":"Tienda","item":"https:\/\/www.mercadokeys.com\/shop\/"},{"@type":"ListItem","position":3,"name":"Umbrella Corps Standard Edition Steam CD Key"}]},{"@type":"WebSite","@id":"https:\/\/www.mercadokeys.com\/eng\/#website","url":"https:\/\/www.mercadokeys.com\/eng\/","name":"MERCADOKEYS","description":"Tu Tienda de videojuegos digitales en Mexico!","potentialAction":[{"@type":"SearchAction","target":{"@type":"EntryPoint","urlTemplate":"https:\/\/www.mercadokeys.com\/eng\/?s={search_term_string}"},"query-input":{"@type":"PropertyValueSpecification","valueRequired":true,"valueName":"search_term_string"}}],"inLanguage":"en-GB"}]}},"df_price":161.536721,"df_sale_price":161.536721,"df_regular_price":161.536721,"df_image_link":"https:\/\/www.mercadokeys.com.mx\/wp-content\/uploads\/2020\/12\/umbrella-corps_cover_original-213x300.jpg","_links":{"self":[{"href":"https:\/\/www.mercadokeys.com.mx\/eng\/wp-json\/wp\/v2\/product\/68948","targetHints":{"allow":["GET"]}}],"collection":[{"href":"https:\/\/www.mercadokeys.com.mx\/eng\/wp-json\/wp\/v2\/product"}],"about":[{"href":"https:\/\/www.mercadokeys.com.mx\/eng\/wp-json\/wp\/v2\/types\/product"}],"wp:featuredmedia":[{"embeddable":true,"href":"https:\/\/www.mercadokeys.com.mx\/eng\/wp-json\/wp\/v2\/media\/68960"}],"wp:attachment":[{"href":"https:\/\/www.mercadokeys.com.mx\/eng\/wp-json\/wp\/v2\/media?parent=68948"}],"wp:term":[{"taxonomy":"product_brand","embeddable":true,"href":"https:\/\/www.mercadokeys.com.mx\/eng\/wp-json\/wp\/v2\/product_brand?post=68948"},{"taxonomy":"product_cat","embeddable":true,"href":"https:\/\/www.mercadokeys.com.mx\/eng\/wp-json\/wp\/v2\/product_cat?post=68948"},{"taxonomy":"product_tag","embeddable":true,"href":"https:\/\/www.mercadokeys.com.mx\/eng\/wp-json\/wp\/v2\/product_tag?post=68948"}],"curies":[{"name":"wp","href":"https:\/\/api.w.org\/{rel}","templated":true}]}}