{"id":68302,"date":"2020-12-16T16:43:15","date_gmt":"2020-12-17T00:43:15","guid":{"rendered":"https:\/\/www.mercadokeys.com\/product\/homefront-the-revolution-steam-cd-key\/"},"modified":"2022-06-27T07:01:28","modified_gmt":"2022-06-27T14:01:28","slug":"homefront-the-revolution-steam-cd-key","status":"publish","type":"product","link":"https:\/\/www.mercadokeys.com.mx\/eng\/product\/homefront-the-revolution-steam-cd-key\/","title":{"rendered":"Homefront: The Revolution Steam CD Key"},"content":{"rendered":"<p><span style=\"vertical-align: inherit\">Por su parte, Homefront: The Revolution es un juego de disparos en primera persona de mundo abierto en el que debes liderar el movimiento de Resistencia en una guerra de guerrillas contra una fuerza militar superior. Un mundo abierto, vivo y que respira responde a tus acciones; t\u00fa y tu C\u00e9lula de Resistencia pueden inspirar una rebeli\u00f3n las calles y convertir la Ocupaci\u00f3n en Revoluci\u00f3n; mientras los civiles oprimidos emprenden la lucha.<\/span><\/p>","protected":false},"excerpt":{"rendered":"<p>Por su parte, Homefront: The Revolution es un juego de disparos en primera persona de mundo abierto en el que debes liderar el movimiento de Resistencia en una guerra de guerrillas contra una fuerza militar superior. Un mundo abierto, vivo y que respira responde a tus acciones; t\u00fa y tu C\u00e9lula de Resistencia pueden inspirar&#8230;<\/p>","protected":false},"featured_media":68311,"template":"","meta":{"_monsterinsights_skip_tracking":false,"_monsterinsights_sitenote_active":false,"_monsterinsights_sitenote_note":"","_monsterinsights_sitenote_category":0},"product_brand":[],"product_cat":[1501,2981,1271,1420,1283,1280,1273,1392,1428],"product_tag":[1951,1950,1526],"class_list":{"0":"post-68302","1":"product","2":"type-product","3":"status-publish","4":"has-post-thumbnail","6":"product_cat-tienda-de-videojuegos-ultimos-juegos-tijuana-mexico","7":"product_cat-destacados","8":"product_cat-tienda-de-videojuegos-tijuana-mexico","9":"product_cat-tienda-de-videojuegos-populares-tijuana-mexico","10":"product_cat-tienda-de-videojuegos-plataformas-tijuana-mexico","11":"product_cat-tienda-de-videojuegos-pc-tijuana-mexico","12":"product_cat-tienda-de-videojuegos-steam-key-tijuana-mexico","13":"product_cat-tienda-de-videojuegos-accion-tijuana-mexico","14":"product_cat-tienda-de-videojuegos-cooperativos-tijuana-mexico","15":"product_tag-homefront-the-revolution","16":"product_tag-homefront-the-revolution-steam","17":"product_tag-steam","19":"first","20":"instock","21":"shipping-taxable","22":"purchasable","23":"product-type-simple"},"yoast_head":"<!-- This site is optimized with the Yoast SEO plugin v27.0 - https:\/\/yoast.com\/product\/yoast-seo-wordpress\/ -->\n<title>Homefront: The Revolution Steam CD Key - MERCADOKEYS<\/title>\n<meta name=\"description\" content=\"Homefront: The Revolution es un juego de disparos en primera persona de mundo abierto en el que debes liderar el movimiento de Resistencia en una guerra\" \/>\n<meta name=\"robots\" content=\"index, follow, max-snippet:-1, max-image-preview:large, max-video-preview:-1\" \/>\n<link rel=\"canonical\" href=\"https:\/\/www.mercadokeys.com\/product\/homefront-the-revolution-steam-cd-key\/\" \/>\n<meta property=\"og:locale\" content=\"en_GB\" \/>\n<meta property=\"og:type\" content=\"article\" \/>\n<meta property=\"og:title\" content=\"Homefront: The Revolution Steam CD Key - MERCADOKEYS\" \/>\n<meta property=\"og:description\" content=\"Homefront: The Revolution es un juego de disparos en primera persona de mundo abierto en el que debes liderar el movimiento de Resistencia en una guerra\" \/>\n<meta property=\"og:url\" content=\"https:\/\/www.mercadokeys.com\/product\/homefront-the-revolution-steam-cd-key\/\" \/>\n<meta property=\"og:site_name\" content=\"MERCADOKEYS\" \/>\n<meta property=\"article:modified_time\" content=\"2022-06-27T14:01:28+00:00\" \/>\n<meta property=\"og:image\" content=\"https:\/\/www.mercadokeys.com\/wp-content\/uploads\/2020\/12\/homefront-the-revolution_cover_original-1-scaled.jpg\" \/>\n\t<meta property=\"og:image:width\" content=\"1940\" \/>\n\t<meta property=\"og:image:height\" content=\"2560\" \/>\n\t<meta property=\"og:image:type\" content=\"image\/jpeg\" \/>\n<meta name=\"twitter:card\" content=\"summary_large_image\" \/>\n<meta name=\"twitter:label1\" content=\"Estimated reading time\" \/>\n\t<meta name=\"twitter:data1\" content=\"1 minute\" \/>\n<script type=\"application\/ld+json\" class=\"yoast-schema-graph\">{\"@context\":\"https:\/\/schema.org\",\"@graph\":[{\"@type\":\"WebPage\",\"@id\":\"https:\/\/www.mercadokeys.com\/product\/homefront-the-revolution-steam-cd-key\/\",\"url\":\"https:\/\/www.mercadokeys.com\/product\/homefront-the-revolution-steam-cd-key\/\",\"name\":\"Homefront: The Revolution Steam CD Key - MERCADOKEYS\",\"isPartOf\":{\"@id\":\"https:\/\/www.mercadokeys.com\/eng\/#website\"},\"primaryImageOfPage\":{\"@id\":\"https:\/\/www.mercadokeys.com\/product\/homefront-the-revolution-steam-cd-key\/#primaryimage\"},\"image\":{\"@id\":\"https:\/\/www.mercadokeys.com\/product\/homefront-the-revolution-steam-cd-key\/#primaryimage\"},\"thumbnailUrl\":\"https:\/\/www.mercadokeys.com.mx\/wp-content\/uploads\/2020\/12\/homefront-the-revolution_cover_original-1-scaled.jpg\",\"datePublished\":\"2020-12-17T00:43:15+00:00\",\"dateModified\":\"2022-06-27T14:01:28+00:00\",\"description\":\"Homefront: The Revolution es un juego de disparos en primera persona de mundo abierto en el que debes liderar el movimiento de Resistencia en una guerra\",\"breadcrumb\":{\"@id\":\"https:\/\/www.mercadokeys.com\/product\/homefront-the-revolution-steam-cd-key\/#breadcrumb\"},\"inLanguage\":\"en-GB\",\"potentialAction\":[{\"@type\":\"ReadAction\",\"target\":[\"https:\/\/www.mercadokeys.com\/product\/homefront-the-revolution-steam-cd-key\/\"]}]},{\"@type\":\"ImageObject\",\"inLanguage\":\"en-GB\",\"@id\":\"https:\/\/www.mercadokeys.com\/product\/homefront-the-revolution-steam-cd-key\/#primaryimage\",\"url\":\"https:\/\/www.mercadokeys.com.mx\/wp-content\/uploads\/2020\/12\/homefront-the-revolution_cover_original-1-scaled.jpg\",\"contentUrl\":\"https:\/\/www.mercadokeys.com.mx\/wp-content\/uploads\/2020\/12\/homefront-the-revolution_cover_original-1-scaled.jpg\",\"width\":1940,\"height\":2560,\"caption\":\"Homefront: The Revolution es un juego de disparos en primera persona de mundo abierto en el que debes liderar el movimiento de Resistencia en una guerr\"},{\"@type\":\"BreadcrumbList\",\"@id\":\"https:\/\/www.mercadokeys.com\/product\/homefront-the-revolution-steam-cd-key\/#breadcrumb\",\"itemListElement\":[{\"@type\":\"ListItem\",\"position\":1,\"name\":\"Inicio\",\"item\":\"https:\/\/www.mercadokeys.com.mx\/\"},{\"@type\":\"ListItem\",\"position\":2,\"name\":\"Tienda\",\"item\":\"https:\/\/www.mercadokeys.com\/shop\/\"},{\"@type\":\"ListItem\",\"position\":3,\"name\":\"Homefront: The Revolution Steam CD Key\"}]},{\"@type\":\"WebSite\",\"@id\":\"https:\/\/www.mercadokeys.com\/eng\/#website\",\"url\":\"https:\/\/www.mercadokeys.com\/eng\/\",\"name\":\"MERCADOKEYS\",\"description\":\"Tu Tienda de videojuegos digitales en Mexico!\",\"potentialAction\":[{\"@type\":\"SearchAction\",\"target\":{\"@type\":\"EntryPoint\",\"urlTemplate\":\"https:\/\/www.mercadokeys.com\/eng\/?s={search_term_string}\"},\"query-input\":{\"@type\":\"PropertyValueSpecification\",\"valueRequired\":true,\"valueName\":\"search_term_string\"}}],\"inLanguage\":\"en-GB\"}]}<\/script>\n<!-- \/ Yoast SEO plugin. -->","yoast_head_json":{"title":"Homefront: The Revolution Steam CD Key - MERCADOKEYS","description":"Homefront: The Revolution es un juego de disparos en primera persona de mundo abierto en el que debes liderar el movimiento de Resistencia en una guerra","robots":{"index":"index","follow":"follow","max-snippet":"max-snippet:-1","max-image-preview":"max-image-preview:large","max-video-preview":"max-video-preview:-1"},"canonical":"https:\/\/www.mercadokeys.com\/product\/homefront-the-revolution-steam-cd-key\/","og_locale":"en_GB","og_type":"article","og_title":"Homefront: The Revolution Steam CD Key - MERCADOKEYS","og_description":"Homefront: The Revolution es un juego de disparos en primera persona de mundo abierto en el que debes liderar el movimiento de Resistencia en una guerra","og_url":"https:\/\/www.mercadokeys.com\/product\/homefront-the-revolution-steam-cd-key\/","og_site_name":"MERCADOKEYS","article_modified_time":"2022-06-27T14:01:28+00:00","og_image":[{"width":1940,"height":2560,"url":"https:\/\/www.mercadokeys.com\/wp-content\/uploads\/2020\/12\/homefront-the-revolution_cover_original-1-scaled.jpg","type":"image\/jpeg"}],"twitter_card":"summary_large_image","twitter_misc":{"Estimated reading time":"1 minute"},"schema":{"@context":"https:\/\/schema.org","@graph":[{"@type":"WebPage","@id":"https:\/\/www.mercadokeys.com\/product\/homefront-the-revolution-steam-cd-key\/","url":"https:\/\/www.mercadokeys.com\/product\/homefront-the-revolution-steam-cd-key\/","name":"Homefront: The Revolution Steam CD Key - MERCADOKEYS","isPartOf":{"@id":"https:\/\/www.mercadokeys.com\/eng\/#website"},"primaryImageOfPage":{"@id":"https:\/\/www.mercadokeys.com\/product\/homefront-the-revolution-steam-cd-key\/#primaryimage"},"image":{"@id":"https:\/\/www.mercadokeys.com\/product\/homefront-the-revolution-steam-cd-key\/#primaryimage"},"thumbnailUrl":"https:\/\/www.mercadokeys.com.mx\/wp-content\/uploads\/2020\/12\/homefront-the-revolution_cover_original-1-scaled.jpg","datePublished":"2020-12-17T00:43:15+00:00","dateModified":"2022-06-27T14:01:28+00:00","description":"Homefront: The Revolution es un juego de disparos en primera persona de mundo abierto en el que debes liderar el movimiento de Resistencia en una guerra","breadcrumb":{"@id":"https:\/\/www.mercadokeys.com\/product\/homefront-the-revolution-steam-cd-key\/#breadcrumb"},"inLanguage":"en-GB","potentialAction":[{"@type":"ReadAction","target":["https:\/\/www.mercadokeys.com\/product\/homefront-the-revolution-steam-cd-key\/"]}]},{"@type":"ImageObject","inLanguage":"en-GB","@id":"https:\/\/www.mercadokeys.com\/product\/homefront-the-revolution-steam-cd-key\/#primaryimage","url":"https:\/\/www.mercadokeys.com.mx\/wp-content\/uploads\/2020\/12\/homefront-the-revolution_cover_original-1-scaled.jpg","contentUrl":"https:\/\/www.mercadokeys.com.mx\/wp-content\/uploads\/2020\/12\/homefront-the-revolution_cover_original-1-scaled.jpg","width":1940,"height":2560,"caption":"Homefront: The Revolution es un juego de disparos en primera persona de mundo abierto en el que debes liderar el movimiento de Resistencia en una guerr"},{"@type":"BreadcrumbList","@id":"https:\/\/www.mercadokeys.com\/product\/homefront-the-revolution-steam-cd-key\/#breadcrumb","itemListElement":[{"@type":"ListItem","position":1,"name":"Inicio","item":"https:\/\/www.mercadokeys.com.mx\/"},{"@type":"ListItem","position":2,"name":"Tienda","item":"https:\/\/www.mercadokeys.com\/shop\/"},{"@type":"ListItem","position":3,"name":"Homefront: The Revolution Steam CD Key"}]},{"@type":"WebSite","@id":"https:\/\/www.mercadokeys.com\/eng\/#website","url":"https:\/\/www.mercadokeys.com\/eng\/","name":"MERCADOKEYS","description":"Tu Tienda de videojuegos digitales en Mexico!","potentialAction":[{"@type":"SearchAction","target":{"@type":"EntryPoint","urlTemplate":"https:\/\/www.mercadokeys.com\/eng\/?s={search_term_string}"},"query-input":{"@type":"PropertyValueSpecification","valueRequired":true,"valueName":"search_term_string"}}],"inLanguage":"en-GB"}]}},"df_price":115.505498,"df_sale_price":115.505498,"df_regular_price":115.505498,"df_image_link":"https:\/\/www.mercadokeys.com.mx\/wp-content\/uploads\/2020\/12\/homefront-the-revolution_cover_original-1-227x300.jpg","_links":{"self":[{"href":"https:\/\/www.mercadokeys.com.mx\/eng\/wp-json\/wp\/v2\/product\/68302","targetHints":{"allow":["GET"]}}],"collection":[{"href":"https:\/\/www.mercadokeys.com.mx\/eng\/wp-json\/wp\/v2\/product"}],"about":[{"href":"https:\/\/www.mercadokeys.com.mx\/eng\/wp-json\/wp\/v2\/types\/product"}],"wp:featuredmedia":[{"embeddable":true,"href":"https:\/\/www.mercadokeys.com.mx\/eng\/wp-json\/wp\/v2\/media\/68311"}],"wp:attachment":[{"href":"https:\/\/www.mercadokeys.com.mx\/eng\/wp-json\/wp\/v2\/media?parent=68302"}],"wp:term":[{"taxonomy":"product_brand","embeddable":true,"href":"https:\/\/www.mercadokeys.com.mx\/eng\/wp-json\/wp\/v2\/product_brand?post=68302"},{"taxonomy":"product_cat","embeddable":true,"href":"https:\/\/www.mercadokeys.com.mx\/eng\/wp-json\/wp\/v2\/product_cat?post=68302"},{"taxonomy":"product_tag","embeddable":true,"href":"https:\/\/www.mercadokeys.com.mx\/eng\/wp-json\/wp\/v2\/product_tag?post=68302"}],"curies":[{"name":"wp","href":"https:\/\/api.w.org\/{rel}","templated":true}]}}