{"id":67245,"date":"2020-12-16T15:49:15","date_gmt":"2020-12-16T23:49:15","guid":{"rendered":"https:\/\/www.mercadokeys.com\/product\/worms-revolution-steam-cd-key\/"},"modified":"2022-06-29T06:29:18","modified_gmt":"2022-06-29T13:29:18","slug":"worms-revolution-steam-cd-key","status":"publish","type":"product","link":"https:\/\/www.mercadokeys.com.mx\/eng\/product\/worms-revolution-steam-cd-key\/","title":{"rendered":"Worms Revolution Steam CD Key"},"content":{"rendered":"<p><span style=\"vertical-align: inherit\">Worms Revolution es el \u00faltimo juego de la cl\u00e1sica serie de estrategia por turnos que llegar\u00e1 a la PC, con emocionantes funciones nuevas y hermosos gr\u00e1ficos en 3D, al tiempo que conserva el cl\u00e1sico juego en 2D que adoran los fan\u00e1ticos. En Worms Revolution\u00a0 elige jugar el extenso modo para un jugador que incluye misiones de campa\u00f1a y rompecabezas o sum\u00e9rgete directamente en la guerra multijugador a trav\u00e9s del juego en l\u00ednea o local. <\/span><\/p>\n<p><span style=\"vertical-align: inherit\">\u00a1Por primera vez, vea la inclusi\u00f3n de agua din\u00e1mica, objetos f\u00edsicos y clases de gusanos!. Del mismo modo, Personaliza tu experiencia eligiendo las clases con las que juegas, c\u00f3mo se ven e incluso c\u00f3mo hablan.<\/span><\/p>","protected":false},"excerpt":{"rendered":"<p>Worms Revolution es el \u00faltimo juego de la cl\u00e1sica serie de estrategia por turnos que llegar\u00e1 a la PC, con emocionantes funciones nuevas y hermosos gr\u00e1ficos en 3D, al tiempo que conserva el cl\u00e1sico juego en 2D que adoran los fan\u00e1ticos. En Worms Revolution\u00a0 elige jugar el extenso modo para un jugador que incluye misiones&#8230;<\/p>","protected":false},"featured_media":67256,"template":"","meta":{"_monsterinsights_skip_tracking":false,"_monsterinsights_sitenote_active":false,"_monsterinsights_sitenote_note":"","_monsterinsights_sitenote_category":0},"product_brand":[],"product_cat":[1501,2981,1271,3164,1420,1283,1280,1273,1401,1428],"product_tag":[1526,1968,1967],"class_list":{"0":"post-67245","1":"product","2":"type-product","3":"status-publish","4":"has-post-thumbnail","6":"product_cat-tienda-de-videojuegos-ultimos-juegos-tijuana-mexico","7":"product_cat-destacados","8":"product_cat-tienda-de-videojuegos-tijuana-mexico","9":"product_cat-tienda-de-videojuegos-baratos-economicos-tijuana-mexico","10":"product_cat-tienda-de-videojuegos-populares-tijuana-mexico","11":"product_cat-tienda-de-videojuegos-plataformas-tijuana-mexico","12":"product_cat-tienda-de-videojuegos-pc-tijuana-mexico","13":"product_cat-tienda-de-videojuegos-steam-key-tijuana-mexico","14":"product_cat-tienda-de-videojuegos-estrategia-tijuana-mexico","15":"product_cat-tienda-de-videojuegos-cooperativos-tijuana-mexico","16":"product_tag-steam","17":"product_tag-worms-revolution","18":"product_tag-worms-revolution-steam","20":"first","21":"instock","22":"shipping-taxable","23":"purchasable","24":"product-type-simple"},"yoast_head":"<!-- This site is optimized with the Yoast SEO plugin v27.0 - https:\/\/yoast.com\/product\/yoast-seo-wordpress\/ -->\n<title>Worms Revolution Steam CD Key - MERCADOKEYS<\/title>\n<meta name=\"description\" content=\"Worms Revolution es el \u00faltimo juego de la cl\u00e1sica serie de estrategia por turnos que llegar\u00e1 a la PC, con emocionantes funciones nuevas en 3D\" \/>\n<meta name=\"robots\" content=\"index, follow, max-snippet:-1, max-image-preview:large, max-video-preview:-1\" \/>\n<link rel=\"canonical\" href=\"https:\/\/www.mercadokeys.com\/product\/worms-revolution-steam-cd-key\/\" \/>\n<meta property=\"og:locale\" content=\"en_GB\" \/>\n<meta property=\"og:type\" content=\"article\" \/>\n<meta property=\"og:title\" content=\"Worms Revolution Steam CD Key - MERCADOKEYS\" \/>\n<meta property=\"og:description\" content=\"Worms Revolution es el \u00faltimo juego de la cl\u00e1sica serie de estrategia por turnos que llegar\u00e1 a la PC, con emocionantes funciones nuevas en 3D\" \/>\n<meta property=\"og:url\" content=\"https:\/\/www.mercadokeys.com\/product\/worms-revolution-steam-cd-key\/\" \/>\n<meta property=\"og:site_name\" content=\"MERCADOKEYS\" \/>\n<meta property=\"article:modified_time\" content=\"2022-06-29T13:29:18+00:00\" \/>\n<meta property=\"og:image\" content=\"https:\/\/www.mercadokeys.com\/wp-content\/uploads\/2020\/12\/worms-revolution-1_cover_original-2.jpg\" \/>\n\t<meta property=\"og:image:width\" content=\"761\" \/>\n\t<meta property=\"og:image:height\" content=\"483\" \/>\n\t<meta property=\"og:image:type\" content=\"image\/jpeg\" \/>\n<meta name=\"twitter:card\" content=\"summary_large_image\" \/>\n<meta name=\"twitter:label1\" content=\"Estimated reading time\" \/>\n\t<meta name=\"twitter:data1\" content=\"1 minute\" \/>\n<script type=\"application\/ld+json\" class=\"yoast-schema-graph\">{\"@context\":\"https:\/\/schema.org\",\"@graph\":[{\"@type\":\"WebPage\",\"@id\":\"https:\/\/www.mercadokeys.com\/product\/worms-revolution-steam-cd-key\/\",\"url\":\"https:\/\/www.mercadokeys.com\/product\/worms-revolution-steam-cd-key\/\",\"name\":\"Worms Revolution Steam CD Key - MERCADOKEYS\",\"isPartOf\":{\"@id\":\"https:\/\/www.mercadokeys.com\/eng\/#website\"},\"primaryImageOfPage\":{\"@id\":\"https:\/\/www.mercadokeys.com\/product\/worms-revolution-steam-cd-key\/#primaryimage\"},\"image\":{\"@id\":\"https:\/\/www.mercadokeys.com\/product\/worms-revolution-steam-cd-key\/#primaryimage\"},\"thumbnailUrl\":\"https:\/\/www.mercadokeys.com.mx\/wp-content\/uploads\/2020\/12\/worms-revolution-1_cover_original-2.jpg\",\"datePublished\":\"2020-12-16T23:49:15+00:00\",\"dateModified\":\"2022-06-29T13:29:18+00:00\",\"description\":\"Worms Revolution es el \u00faltimo juego de la cl\u00e1sica serie de estrategia por turnos que llegar\u00e1 a la PC, con emocionantes funciones nuevas en 3D\",\"breadcrumb\":{\"@id\":\"https:\/\/www.mercadokeys.com\/product\/worms-revolution-steam-cd-key\/#breadcrumb\"},\"inLanguage\":\"en-GB\",\"potentialAction\":[{\"@type\":\"ReadAction\",\"target\":[\"https:\/\/www.mercadokeys.com\/product\/worms-revolution-steam-cd-key\/\"]}]},{\"@type\":\"ImageObject\",\"inLanguage\":\"en-GB\",\"@id\":\"https:\/\/www.mercadokeys.com\/product\/worms-revolution-steam-cd-key\/#primaryimage\",\"url\":\"https:\/\/www.mercadokeys.com.mx\/wp-content\/uploads\/2020\/12\/worms-revolution-1_cover_original-2.jpg\",\"contentUrl\":\"https:\/\/www.mercadokeys.com.mx\/wp-content\/uploads\/2020\/12\/worms-revolution-1_cover_original-2.jpg\",\"width\":761,\"height\":483,\"caption\":\"Worms Revolution es el \u00faltimo juego de la cl\u00e1sica serie de estrategia por turnos que llegar\u00e1 a la PC, con emocionantes funciones nuevas en 3D\"},{\"@type\":\"BreadcrumbList\",\"@id\":\"https:\/\/www.mercadokeys.com\/product\/worms-revolution-steam-cd-key\/#breadcrumb\",\"itemListElement\":[{\"@type\":\"ListItem\",\"position\":1,\"name\":\"Inicio\",\"item\":\"https:\/\/www.mercadokeys.com.mx\/\"},{\"@type\":\"ListItem\",\"position\":2,\"name\":\"Tienda\",\"item\":\"https:\/\/www.mercadokeys.com\/shop\/\"},{\"@type\":\"ListItem\",\"position\":3,\"name\":\"Worms Revolution Steam CD Key\"}]},{\"@type\":\"WebSite\",\"@id\":\"https:\/\/www.mercadokeys.com\/eng\/#website\",\"url\":\"https:\/\/www.mercadokeys.com\/eng\/\",\"name\":\"MERCADOKEYS\",\"description\":\"Tu Tienda de videojuegos digitales en Mexico!\",\"potentialAction\":[{\"@type\":\"SearchAction\",\"target\":{\"@type\":\"EntryPoint\",\"urlTemplate\":\"https:\/\/www.mercadokeys.com\/eng\/?s={search_term_string}\"},\"query-input\":{\"@type\":\"PropertyValueSpecification\",\"valueRequired\":true,\"valueName\":\"search_term_string\"}}],\"inLanguage\":\"en-GB\"}]}<\/script>\n<!-- \/ Yoast SEO plugin. -->","yoast_head_json":{"title":"Worms Revolution Steam CD Key - MERCADOKEYS","description":"Worms Revolution es el \u00faltimo juego de la cl\u00e1sica serie de estrategia por turnos que llegar\u00e1 a la PC, con emocionantes funciones nuevas en 3D","robots":{"index":"index","follow":"follow","max-snippet":"max-snippet:-1","max-image-preview":"max-image-preview:large","max-video-preview":"max-video-preview:-1"},"canonical":"https:\/\/www.mercadokeys.com\/product\/worms-revolution-steam-cd-key\/","og_locale":"en_GB","og_type":"article","og_title":"Worms Revolution Steam CD Key - MERCADOKEYS","og_description":"Worms Revolution es el \u00faltimo juego de la cl\u00e1sica serie de estrategia por turnos que llegar\u00e1 a la PC, con emocionantes funciones nuevas en 3D","og_url":"https:\/\/www.mercadokeys.com\/product\/worms-revolution-steam-cd-key\/","og_site_name":"MERCADOKEYS","article_modified_time":"2022-06-29T13:29:18+00:00","og_image":[{"width":761,"height":483,"url":"https:\/\/www.mercadokeys.com\/wp-content\/uploads\/2020\/12\/worms-revolution-1_cover_original-2.jpg","type":"image\/jpeg"}],"twitter_card":"summary_large_image","twitter_misc":{"Estimated reading time":"1 minute"},"schema":{"@context":"https:\/\/schema.org","@graph":[{"@type":"WebPage","@id":"https:\/\/www.mercadokeys.com\/product\/worms-revolution-steam-cd-key\/","url":"https:\/\/www.mercadokeys.com\/product\/worms-revolution-steam-cd-key\/","name":"Worms Revolution Steam CD Key - MERCADOKEYS","isPartOf":{"@id":"https:\/\/www.mercadokeys.com\/eng\/#website"},"primaryImageOfPage":{"@id":"https:\/\/www.mercadokeys.com\/product\/worms-revolution-steam-cd-key\/#primaryimage"},"image":{"@id":"https:\/\/www.mercadokeys.com\/product\/worms-revolution-steam-cd-key\/#primaryimage"},"thumbnailUrl":"https:\/\/www.mercadokeys.com.mx\/wp-content\/uploads\/2020\/12\/worms-revolution-1_cover_original-2.jpg","datePublished":"2020-12-16T23:49:15+00:00","dateModified":"2022-06-29T13:29:18+00:00","description":"Worms Revolution es el \u00faltimo juego de la cl\u00e1sica serie de estrategia por turnos que llegar\u00e1 a la PC, con emocionantes funciones nuevas en 3D","breadcrumb":{"@id":"https:\/\/www.mercadokeys.com\/product\/worms-revolution-steam-cd-key\/#breadcrumb"},"inLanguage":"en-GB","potentialAction":[{"@type":"ReadAction","target":["https:\/\/www.mercadokeys.com\/product\/worms-revolution-steam-cd-key\/"]}]},{"@type":"ImageObject","inLanguage":"en-GB","@id":"https:\/\/www.mercadokeys.com\/product\/worms-revolution-steam-cd-key\/#primaryimage","url":"https:\/\/www.mercadokeys.com.mx\/wp-content\/uploads\/2020\/12\/worms-revolution-1_cover_original-2.jpg","contentUrl":"https:\/\/www.mercadokeys.com.mx\/wp-content\/uploads\/2020\/12\/worms-revolution-1_cover_original-2.jpg","width":761,"height":483,"caption":"Worms Revolution es el \u00faltimo juego de la cl\u00e1sica serie de estrategia por turnos que llegar\u00e1 a la PC, con emocionantes funciones nuevas en 3D"},{"@type":"BreadcrumbList","@id":"https:\/\/www.mercadokeys.com\/product\/worms-revolution-steam-cd-key\/#breadcrumb","itemListElement":[{"@type":"ListItem","position":1,"name":"Inicio","item":"https:\/\/www.mercadokeys.com.mx\/"},{"@type":"ListItem","position":2,"name":"Tienda","item":"https:\/\/www.mercadokeys.com\/shop\/"},{"@type":"ListItem","position":3,"name":"Worms Revolution Steam CD Key"}]},{"@type":"WebSite","@id":"https:\/\/www.mercadokeys.com\/eng\/#website","url":"https:\/\/www.mercadokeys.com\/eng\/","name":"MERCADOKEYS","description":"Tu Tienda de videojuegos digitales en Mexico!","potentialAction":[{"@type":"SearchAction","target":{"@type":"EntryPoint","urlTemplate":"https:\/\/www.mercadokeys.com\/eng\/?s={search_term_string}"},"query-input":{"@type":"PropertyValueSpecification","valueRequired":true,"valueName":"search_term_string"}}],"inLanguage":"en-GB"}]}},"df_price":64.900594,"df_sale_price":64.900594,"df_regular_price":64.900594,"df_image_link":"https:\/\/www.mercadokeys.com.mx\/wp-content\/uploads\/2020\/12\/worms-revolution-1_cover_original-2-300x190.jpg","_links":{"self":[{"href":"https:\/\/www.mercadokeys.com.mx\/eng\/wp-json\/wp\/v2\/product\/67245","targetHints":{"allow":["GET"]}}],"collection":[{"href":"https:\/\/www.mercadokeys.com.mx\/eng\/wp-json\/wp\/v2\/product"}],"about":[{"href":"https:\/\/www.mercadokeys.com.mx\/eng\/wp-json\/wp\/v2\/types\/product"}],"wp:featuredmedia":[{"embeddable":true,"href":"https:\/\/www.mercadokeys.com.mx\/eng\/wp-json\/wp\/v2\/media\/67256"}],"wp:attachment":[{"href":"https:\/\/www.mercadokeys.com.mx\/eng\/wp-json\/wp\/v2\/media?parent=67245"}],"wp:term":[{"taxonomy":"product_brand","embeddable":true,"href":"https:\/\/www.mercadokeys.com.mx\/eng\/wp-json\/wp\/v2\/product_brand?post=67245"},{"taxonomy":"product_cat","embeddable":true,"href":"https:\/\/www.mercadokeys.com.mx\/eng\/wp-json\/wp\/v2\/product_cat?post=67245"},{"taxonomy":"product_tag","embeddable":true,"href":"https:\/\/www.mercadokeys.com.mx\/eng\/wp-json\/wp\/v2\/product_tag?post=67245"}],"curies":[{"name":"wp","href":"https:\/\/api.w.org\/{rel}","templated":true}]}}