{"id":59904,"date":"2020-12-16T09:09:15","date_gmt":"2020-12-16T17:09:15","guid":{"rendered":"https:\/\/www.mercadokeys.com\/product\/goats-on-a-bridge-steam-cd-key\/"},"modified":"2022-06-28T07:21:14","modified_gmt":"2022-06-28T14:21:14","slug":"goats-on-a-bridge-steam-cd-key","status":"publish","type":"product","link":"https:\/\/www.mercadokeys.com.mx\/eng\/product\/goats-on-a-bridge-steam-cd-key\/","title":{"rendered":"Goats On A Bridge Steam CD Key"},"content":{"rendered":"<p>Goats on a Bridge adapts the classic Norwegian fairy tale, Three Billy Goats Gruff, as an inventive new platformer that has players controlling not one, but two goats at the same time. That\u00eds twice the capra-control of Goat Simulator! Sadly, this has the makings of a tragic tale.Tempo and Chubbs\u00ed poor brother has been abducted by an evil troll, and it\u00eds down to you to direct the pair as they jump, dodge and roll their way across a series of hazardous bridges to track down their lost sibling. There\u00edll be bizarre collectibles, accessory-selling amphibians and even an energetic corgi to help you on your adventures. Just be sure not to let your four-legged friends plummet into the water. That\u00edd really get their goat.<\/p>","protected":false},"excerpt":{"rendered":"<p>Goats on a Bridge adapts the classic Norwegian fairy tale, Three Billy Goats Gruff, as an inventive new platformer that has players controlling not one, but two goats at the same time. That\u00eds twice the capra-control of Goat Simulator! Sadly, this has the makings of a tragic tale.Tempo and Chubbs\u00ed poor brother has been abducted&#8230;<\/p>","protected":false},"featured_media":59914,"template":"","meta":{"_monsterinsights_skip_tracking":false,"_monsterinsights_sitenote_active":false,"_monsterinsights_sitenote_note":"","_monsterinsights_sitenote_category":0},"product_brand":[],"product_cat":[1271,3164,1283,1280,1273,1395],"product_tag":[],"class_list":{"0":"post-59904","1":"product","2":"type-product","3":"status-publish","4":"has-post-thumbnail","6":"product_cat-tienda-de-videojuegos-tijuana-mexico","7":"product_cat-tienda-de-videojuegos-baratos-economicos-tijuana-mexico","8":"product_cat-tienda-de-videojuegos-plataformas-tijuana-mexico","9":"product_cat-tienda-de-videojuegos-pc-tijuana-mexico","10":"product_cat-tienda-de-videojuegos-steam-key-tijuana-mexico","11":"product_cat-tienda-de-videojuegos-casual-tijuana-mexico","13":"first","14":"instock","15":"shipping-taxable","16":"purchasable","17":"product-type-simple"},"yoast_head":"<!-- This site is optimized with the Yoast SEO plugin v27.0 - https:\/\/yoast.com\/product\/yoast-seo-wordpress\/ -->\n<title>Goats On A Bridge Steam CD Key - MERCADOKEYS<\/title>\n<meta name=\"robots\" content=\"index, follow, max-snippet:-1, max-image-preview:large, max-video-preview:-1\" \/>\n<link rel=\"canonical\" href=\"https:\/\/www.mercadokeys.com\/product\/goats-on-a-bridge-steam-cd-key\/\" \/>\n<meta property=\"og:locale\" content=\"en_GB\" \/>\n<meta property=\"og:type\" content=\"article\" \/>\n<meta property=\"og:title\" content=\"Goats On A Bridge Steam CD Key - MERCADOKEYS\" \/>\n<meta property=\"og:description\" content=\"Goats on a Bridge adapts the classic Norwegian fairy tale, Three Billy Goats Gruff, as an inventive new platformer that has players controlling not one, but two goats at the same time. That\u00eds twice the capra-control of Goat Simulator! Sadly, this has the makings of a tragic tale.Tempo and Chubbs\u00ed poor brother has been abducted...\" \/>\n<meta property=\"og:url\" content=\"https:\/\/www.mercadokeys.com\/product\/goats-on-a-bridge-steam-cd-key\/\" \/>\n<meta property=\"og:site_name\" content=\"MERCADOKEYS\" \/>\n<meta property=\"article:modified_time\" content=\"2022-06-28T14:21:14+00:00\" \/>\n<meta property=\"og:image\" content=\"https:\/\/www.mercadokeys.com\/wp-content\/uploads\/2020\/12\/goats-on-a-bridge_cover_original.jpg\" \/>\n\t<meta property=\"og:image:width\" content=\"460\" \/>\n\t<meta property=\"og:image:height\" content=\"215\" \/>\n\t<meta property=\"og:image:type\" content=\"image\/jpeg\" \/>\n<meta name=\"twitter:card\" content=\"summary_large_image\" \/>\n<meta name=\"twitter:label1\" content=\"Estimated reading time\" \/>\n\t<meta name=\"twitter:data1\" content=\"1 minute\" \/>\n<script type=\"application\/ld+json\" class=\"yoast-schema-graph\">{\"@context\":\"https:\/\/schema.org\",\"@graph\":[{\"@type\":\"WebPage\",\"@id\":\"https:\/\/www.mercadokeys.com\/product\/goats-on-a-bridge-steam-cd-key\/\",\"url\":\"https:\/\/www.mercadokeys.com\/product\/goats-on-a-bridge-steam-cd-key\/\",\"name\":\"Goats On A Bridge Steam CD Key - MERCADOKEYS\",\"isPartOf\":{\"@id\":\"https:\/\/www.mercadokeys.com\/eng\/#website\"},\"primaryImageOfPage\":{\"@id\":\"https:\/\/www.mercadokeys.com\/product\/goats-on-a-bridge-steam-cd-key\/#primaryimage\"},\"image\":{\"@id\":\"https:\/\/www.mercadokeys.com\/product\/goats-on-a-bridge-steam-cd-key\/#primaryimage\"},\"thumbnailUrl\":\"https:\/\/www.mercadokeys.com.mx\/wp-content\/uploads\/2020\/12\/goats-on-a-bridge_cover_original.jpg\",\"datePublished\":\"2020-12-16T17:09:15+00:00\",\"dateModified\":\"2022-06-28T14:21:14+00:00\",\"breadcrumb\":{\"@id\":\"https:\/\/www.mercadokeys.com\/product\/goats-on-a-bridge-steam-cd-key\/#breadcrumb\"},\"inLanguage\":\"en-GB\",\"potentialAction\":[{\"@type\":\"ReadAction\",\"target\":[\"https:\/\/www.mercadokeys.com\/product\/goats-on-a-bridge-steam-cd-key\/\"]}]},{\"@type\":\"ImageObject\",\"inLanguage\":\"en-GB\",\"@id\":\"https:\/\/www.mercadokeys.com\/product\/goats-on-a-bridge-steam-cd-key\/#primaryimage\",\"url\":\"https:\/\/www.mercadokeys.com.mx\/wp-content\/uploads\/2020\/12\/goats-on-a-bridge_cover_original.jpg\",\"contentUrl\":\"https:\/\/www.mercadokeys.com.mx\/wp-content\/uploads\/2020\/12\/goats-on-a-bridge_cover_original.jpg\",\"width\":460,\"height\":215},{\"@type\":\"BreadcrumbList\",\"@id\":\"https:\/\/www.mercadokeys.com\/product\/goats-on-a-bridge-steam-cd-key\/#breadcrumb\",\"itemListElement\":[{\"@type\":\"ListItem\",\"position\":1,\"name\":\"Inicio\",\"item\":\"https:\/\/www.mercadokeys.com.mx\/\"},{\"@type\":\"ListItem\",\"position\":2,\"name\":\"Tienda\",\"item\":\"https:\/\/www.mercadokeys.com\/shop\/\"},{\"@type\":\"ListItem\",\"position\":3,\"name\":\"Goats On A Bridge Steam CD Key\"}]},{\"@type\":\"WebSite\",\"@id\":\"https:\/\/www.mercadokeys.com\/eng\/#website\",\"url\":\"https:\/\/www.mercadokeys.com\/eng\/\",\"name\":\"MERCADOKEYS\",\"description\":\"Tu Tienda de videojuegos digitales en Mexico!\",\"potentialAction\":[{\"@type\":\"SearchAction\",\"target\":{\"@type\":\"EntryPoint\",\"urlTemplate\":\"https:\/\/www.mercadokeys.com\/eng\/?s={search_term_string}\"},\"query-input\":{\"@type\":\"PropertyValueSpecification\",\"valueRequired\":true,\"valueName\":\"search_term_string\"}}],\"inLanguage\":\"en-GB\"}]}<\/script>\n<!-- \/ Yoast SEO plugin. -->","yoast_head_json":{"title":"Goats On A Bridge Steam CD Key - MERCADOKEYS","robots":{"index":"index","follow":"follow","max-snippet":"max-snippet:-1","max-image-preview":"max-image-preview:large","max-video-preview":"max-video-preview:-1"},"canonical":"https:\/\/www.mercadokeys.com\/product\/goats-on-a-bridge-steam-cd-key\/","og_locale":"en_GB","og_type":"article","og_title":"Goats On A Bridge Steam CD Key - MERCADOKEYS","og_description":"Goats on a Bridge adapts the classic Norwegian fairy tale, Three Billy Goats Gruff, as an inventive new platformer that has players controlling not one, but two goats at the same time. That\u00eds twice the capra-control of Goat Simulator! Sadly, this has the makings of a tragic tale.Tempo and Chubbs\u00ed poor brother has been abducted...","og_url":"https:\/\/www.mercadokeys.com\/product\/goats-on-a-bridge-steam-cd-key\/","og_site_name":"MERCADOKEYS","article_modified_time":"2022-06-28T14:21:14+00:00","og_image":[{"width":460,"height":215,"url":"https:\/\/www.mercadokeys.com\/wp-content\/uploads\/2020\/12\/goats-on-a-bridge_cover_original.jpg","type":"image\/jpeg"}],"twitter_card":"summary_large_image","twitter_misc":{"Estimated reading time":"1 minute"},"schema":{"@context":"https:\/\/schema.org","@graph":[{"@type":"WebPage","@id":"https:\/\/www.mercadokeys.com\/product\/goats-on-a-bridge-steam-cd-key\/","url":"https:\/\/www.mercadokeys.com\/product\/goats-on-a-bridge-steam-cd-key\/","name":"Goats On A Bridge Steam CD Key - MERCADOKEYS","isPartOf":{"@id":"https:\/\/www.mercadokeys.com\/eng\/#website"},"primaryImageOfPage":{"@id":"https:\/\/www.mercadokeys.com\/product\/goats-on-a-bridge-steam-cd-key\/#primaryimage"},"image":{"@id":"https:\/\/www.mercadokeys.com\/product\/goats-on-a-bridge-steam-cd-key\/#primaryimage"},"thumbnailUrl":"https:\/\/www.mercadokeys.com.mx\/wp-content\/uploads\/2020\/12\/goats-on-a-bridge_cover_original.jpg","datePublished":"2020-12-16T17:09:15+00:00","dateModified":"2022-06-28T14:21:14+00:00","breadcrumb":{"@id":"https:\/\/www.mercadokeys.com\/product\/goats-on-a-bridge-steam-cd-key\/#breadcrumb"},"inLanguage":"en-GB","potentialAction":[{"@type":"ReadAction","target":["https:\/\/www.mercadokeys.com\/product\/goats-on-a-bridge-steam-cd-key\/"]}]},{"@type":"ImageObject","inLanguage":"en-GB","@id":"https:\/\/www.mercadokeys.com\/product\/goats-on-a-bridge-steam-cd-key\/#primaryimage","url":"https:\/\/www.mercadokeys.com.mx\/wp-content\/uploads\/2020\/12\/goats-on-a-bridge_cover_original.jpg","contentUrl":"https:\/\/www.mercadokeys.com.mx\/wp-content\/uploads\/2020\/12\/goats-on-a-bridge_cover_original.jpg","width":460,"height":215},{"@type":"BreadcrumbList","@id":"https:\/\/www.mercadokeys.com\/product\/goats-on-a-bridge-steam-cd-key\/#breadcrumb","itemListElement":[{"@type":"ListItem","position":1,"name":"Inicio","item":"https:\/\/www.mercadokeys.com.mx\/"},{"@type":"ListItem","position":2,"name":"Tienda","item":"https:\/\/www.mercadokeys.com\/shop\/"},{"@type":"ListItem","position":3,"name":"Goats On A Bridge Steam CD Key"}]},{"@type":"WebSite","@id":"https:\/\/www.mercadokeys.com\/eng\/#website","url":"https:\/\/www.mercadokeys.com\/eng\/","name":"MERCADOKEYS","description":"Tu Tienda de videojuegos digitales en Mexico!","potentialAction":[{"@type":"SearchAction","target":{"@type":"EntryPoint","urlTemplate":"https:\/\/www.mercadokeys.com\/eng\/?s={search_term_string}"},"query-input":{"@type":"PropertyValueSpecification","valueRequired":true,"valueName":"search_term_string"}}],"inLanguage":"en-GB"}]}},"df_price":35.426477,"df_sale_price":35.426477,"df_regular_price":35.426477,"df_image_link":"https:\/\/www.mercadokeys.com.mx\/wp-content\/uploads\/2020\/12\/goats-on-a-bridge_cover_original-300x140.jpg","_links":{"self":[{"href":"https:\/\/www.mercadokeys.com.mx\/eng\/wp-json\/wp\/v2\/product\/59904","targetHints":{"allow":["GET"]}}],"collection":[{"href":"https:\/\/www.mercadokeys.com.mx\/eng\/wp-json\/wp\/v2\/product"}],"about":[{"href":"https:\/\/www.mercadokeys.com.mx\/eng\/wp-json\/wp\/v2\/types\/product"}],"wp:featuredmedia":[{"embeddable":true,"href":"https:\/\/www.mercadokeys.com.mx\/eng\/wp-json\/wp\/v2\/media\/59914"}],"wp:attachment":[{"href":"https:\/\/www.mercadokeys.com.mx\/eng\/wp-json\/wp\/v2\/media?parent=59904"}],"wp:term":[{"taxonomy":"product_brand","embeddable":true,"href":"https:\/\/www.mercadokeys.com.mx\/eng\/wp-json\/wp\/v2\/product_brand?post=59904"},{"taxonomy":"product_cat","embeddable":true,"href":"https:\/\/www.mercadokeys.com.mx\/eng\/wp-json\/wp\/v2\/product_cat?post=59904"},{"taxonomy":"product_tag","embeddable":true,"href":"https:\/\/www.mercadokeys.com.mx\/eng\/wp-json\/wp\/v2\/product_tag?post=59904"}],"curies":[{"name":"wp","href":"https:\/\/api.w.org\/{rel}","templated":true}]}}