{"id":120787,"date":"2022-01-17T10:09:44","date_gmt":"2022-01-17T18:09:44","guid":{"rendered":"https:\/\/www.mercadokeys.com\/product\/xcom-2-steam-cd-key\/"},"modified":"2022-06-28T06:01:20","modified_gmt":"2022-06-28T13:01:20","slug":"xcom-2-steam-cd-key-global","status":"publish","type":"product","link":"https:\/\/www.mercadokeys.com.mx\/eng\/product\/xcom-2-steam-cd-key-global\/","title":{"rendered":"XCOM 2 Steam CD Key Global"},"content":{"rendered":"<p>En XCOM 2, los roles se han invertido y XCOM es ahora la fuerza invasora. Se ven obstaculizados por recursos limitados y deben evadir constantemente la amenaza alien\u00edgena en su nuevo cuartel general m\u00f3vil. Los jugadores deben usar una combinaci\u00f3n de potencia de fuego y t\u00e1cticas sigilosas para ayudar a XCOM a reclutar soldados y construir una red de resistencia, mientras intentan exponer la malvada agenda alien\u00edgena y salvar a la humanidad. XCOM 2 presentar\u00e1 funciones de juego como niveles generados por procedimientos, lo que har\u00e1 que cada experiencia sea \u00fanica para el jugador, adem\u00e1s de ofrecer un nivel mucho m\u00e1s profundo de compatibilidad con modding. Adem\u00e1s, XCOM 2 ofrecer\u00e1 una variedad de contenido nuevo que incluye cinco clases de soldados actualizadas, mayor personalizaci\u00f3n de los soldados, m\u00e1s tipos de alien\u00edgenas y enemigos, combate t\u00e1ctico evolucionado y m\u00e1s.<\/p>","protected":false},"excerpt":{"rendered":"<p>En XCOM 2, los roles se han invertido y XCOM es ahora la fuerza invasora. Se ven obstaculizados por recursos limitados y deben evadir constantemente la amenaza alien\u00edgena en su nuevo cuartel general m\u00f3vil. Los jugadores deben usar una combinaci\u00f3n de potencia de fuego y t\u00e1cticas sigilosas para ayudar a XCOM a reclutar soldados y&#8230;<\/p>","protected":false},"featured_media":121208,"template":"","meta":{"_monsterinsights_skip_tracking":false,"_monsterinsights_sitenote_active":false,"_monsterinsights_sitenote_note":"","_monsterinsights_sitenote_category":0},"product_brand":[],"product_cat":[2981,1271,1283,1280,1273,1392,1401,1307,1428],"product_tag":[4148,4150,4135,4122],"class_list":{"0":"post-120787","1":"product","2":"type-product","3":"status-publish","4":"has-post-thumbnail","6":"product_cat-destacados","7":"product_cat-tienda-de-videojuegos-tijuana-mexico","8":"product_cat-tienda-de-videojuegos-plataformas-tijuana-mexico","9":"product_cat-tienda-de-videojuegos-pc-tijuana-mexico","10":"product_cat-tienda-de-videojuegos-steam-key-tijuana-mexico","11":"product_cat-tienda-de-videojuegos-accion-tijuana-mexico","12":"product_cat-tienda-de-videojuegos-estrategia-tijuana-mexico","13":"product_cat-tienda-de-videojuegos-disparos-tijuana-mexico","14":"product_cat-tienda-de-videojuegos-cooperativos-tijuana-mexico","15":"product_tag-juegos-cooperativos-steam","16":"product_tag-juegos-d-eestrategia","17":"product_tag-juegos-de-disparos","18":"product_tag-juegos-de-simulacion","20":"first","21":"instock","22":"shipping-taxable","23":"purchasable","24":"product-type-simple"},"yoast_head":"<!-- This site is optimized with the Yoast SEO plugin v27.0 - https:\/\/yoast.com\/product\/yoast-seo-wordpress\/ -->\n<title>XCOM 2 Steam CD Key Global - MERCADOKEYS<\/title>\n<meta name=\"robots\" content=\"index, follow, max-snippet:-1, max-image-preview:large, max-video-preview:-1\" \/>\n<link rel=\"canonical\" href=\"https:\/\/www.mercadokeys.com\/product\/xcom-2-steam-cd-key-global\/\" \/>\n<meta property=\"og:locale\" content=\"en_GB\" \/>\n<meta property=\"og:type\" content=\"article\" \/>\n<meta property=\"og:title\" content=\"XCOM 2 Steam CD Key Global - MERCADOKEYS\" \/>\n<meta property=\"og:description\" content=\"En XCOM 2, los roles se han invertido y XCOM es ahora la fuerza invasora. Se ven obstaculizados por recursos limitados y deben evadir constantemente la amenaza alien\u00edgena en su nuevo cuartel general m\u00f3vil. Los jugadores deben usar una combinaci\u00f3n de potencia de fuego y t\u00e1cticas sigilosas para ayudar a XCOM a reclutar soldados y...\" \/>\n<meta property=\"og:url\" content=\"https:\/\/www.mercadokeys.com\/product\/xcom-2-steam-cd-key-global\/\" \/>\n<meta property=\"og:site_name\" content=\"MERCADOKEYS\" \/>\n<meta property=\"article:modified_time\" content=\"2022-06-28T13:01:20+00:00\" \/>\n<meta property=\"og:image\" content=\"https:\/\/www.mercadokeys.com\/wp-content\/uploads\/2022\/01\/XCOM-2-Steam-CD-Key-Global.jpg\" \/>\n\t<meta property=\"og:image:width\" content=\"230\" \/>\n\t<meta property=\"og:image:height\" content=\"336\" \/>\n\t<meta property=\"og:image:type\" content=\"image\/jpeg\" \/>\n<meta name=\"twitter:card\" content=\"summary_large_image\" \/>\n<meta name=\"twitter:label1\" content=\"Estimated reading time\" \/>\n\t<meta name=\"twitter:data1\" content=\"1 minute\" \/>\n<script type=\"application\/ld+json\" class=\"yoast-schema-graph\">{\"@context\":\"https:\/\/schema.org\",\"@graph\":[{\"@type\":\"WebPage\",\"@id\":\"https:\/\/www.mercadokeys.com\/product\/xcom-2-steam-cd-key-global\/\",\"url\":\"https:\/\/www.mercadokeys.com\/product\/xcom-2-steam-cd-key-global\/\",\"name\":\"XCOM 2 Steam CD Key Global - MERCADOKEYS\",\"isPartOf\":{\"@id\":\"https:\/\/www.mercadokeys.com\/eng\/#website\"},\"primaryImageOfPage\":{\"@id\":\"https:\/\/www.mercadokeys.com\/product\/xcom-2-steam-cd-key-global\/#primaryimage\"},\"image\":{\"@id\":\"https:\/\/www.mercadokeys.com\/product\/xcom-2-steam-cd-key-global\/#primaryimage\"},\"thumbnailUrl\":\"https:\/\/www.mercadokeys.com.mx\/wp-content\/uploads\/2022\/01\/XCOM-2-Steam-CD-Key-Global.jpg\",\"datePublished\":\"2022-01-17T18:09:44+00:00\",\"dateModified\":\"2022-06-28T13:01:20+00:00\",\"breadcrumb\":{\"@id\":\"https:\/\/www.mercadokeys.com\/product\/xcom-2-steam-cd-key-global\/#breadcrumb\"},\"inLanguage\":\"en-GB\",\"potentialAction\":[{\"@type\":\"ReadAction\",\"target\":[\"https:\/\/www.mercadokeys.com\/product\/xcom-2-steam-cd-key-global\/\"]}]},{\"@type\":\"ImageObject\",\"inLanguage\":\"en-GB\",\"@id\":\"https:\/\/www.mercadokeys.com\/product\/xcom-2-steam-cd-key-global\/#primaryimage\",\"url\":\"https:\/\/www.mercadokeys.com.mx\/wp-content\/uploads\/2022\/01\/XCOM-2-Steam-CD-Key-Global.jpg\",\"contentUrl\":\"https:\/\/www.mercadokeys.com.mx\/wp-content\/uploads\/2022\/01\/XCOM-2-Steam-CD-Key-Global.jpg\",\"width\":230,\"height\":336},{\"@type\":\"BreadcrumbList\",\"@id\":\"https:\/\/www.mercadokeys.com\/product\/xcom-2-steam-cd-key-global\/#breadcrumb\",\"itemListElement\":[{\"@type\":\"ListItem\",\"position\":1,\"name\":\"Inicio\",\"item\":\"https:\/\/www.mercadokeys.com.mx\/\"},{\"@type\":\"ListItem\",\"position\":2,\"name\":\"Tienda\",\"item\":\"https:\/\/www.mercadokeys.com\/shop\/\"},{\"@type\":\"ListItem\",\"position\":3,\"name\":\"XCOM 2 Steam CD Key Global\"}]},{\"@type\":\"WebSite\",\"@id\":\"https:\/\/www.mercadokeys.com\/eng\/#website\",\"url\":\"https:\/\/www.mercadokeys.com\/eng\/\",\"name\":\"MERCADOKEYS\",\"description\":\"Tu Tienda de videojuegos digitales en Mexico!\",\"potentialAction\":[{\"@type\":\"SearchAction\",\"target\":{\"@type\":\"EntryPoint\",\"urlTemplate\":\"https:\/\/www.mercadokeys.com\/eng\/?s={search_term_string}\"},\"query-input\":{\"@type\":\"PropertyValueSpecification\",\"valueRequired\":true,\"valueName\":\"search_term_string\"}}],\"inLanguage\":\"en-GB\"}]}<\/script>\n<!-- \/ Yoast SEO plugin. -->","yoast_head_json":{"title":"XCOM 2 Steam CD Key Global - MERCADOKEYS","robots":{"index":"index","follow":"follow","max-snippet":"max-snippet:-1","max-image-preview":"max-image-preview:large","max-video-preview":"max-video-preview:-1"},"canonical":"https:\/\/www.mercadokeys.com\/product\/xcom-2-steam-cd-key-global\/","og_locale":"en_GB","og_type":"article","og_title":"XCOM 2 Steam CD Key Global - MERCADOKEYS","og_description":"En XCOM 2, los roles se han invertido y XCOM es ahora la fuerza invasora. Se ven obstaculizados por recursos limitados y deben evadir constantemente la amenaza alien\u00edgena en su nuevo cuartel general m\u00f3vil. Los jugadores deben usar una combinaci\u00f3n de potencia de fuego y t\u00e1cticas sigilosas para ayudar a XCOM a reclutar soldados y...","og_url":"https:\/\/www.mercadokeys.com\/product\/xcom-2-steam-cd-key-global\/","og_site_name":"MERCADOKEYS","article_modified_time":"2022-06-28T13:01:20+00:00","og_image":[{"width":230,"height":336,"url":"https:\/\/www.mercadokeys.com\/wp-content\/uploads\/2022\/01\/XCOM-2-Steam-CD-Key-Global.jpg","type":"image\/jpeg"}],"twitter_card":"summary_large_image","twitter_misc":{"Estimated reading time":"1 minute"},"schema":{"@context":"https:\/\/schema.org","@graph":[{"@type":"WebPage","@id":"https:\/\/www.mercadokeys.com\/product\/xcom-2-steam-cd-key-global\/","url":"https:\/\/www.mercadokeys.com\/product\/xcom-2-steam-cd-key-global\/","name":"XCOM 2 Steam CD Key Global - MERCADOKEYS","isPartOf":{"@id":"https:\/\/www.mercadokeys.com\/eng\/#website"},"primaryImageOfPage":{"@id":"https:\/\/www.mercadokeys.com\/product\/xcom-2-steam-cd-key-global\/#primaryimage"},"image":{"@id":"https:\/\/www.mercadokeys.com\/product\/xcom-2-steam-cd-key-global\/#primaryimage"},"thumbnailUrl":"https:\/\/www.mercadokeys.com.mx\/wp-content\/uploads\/2022\/01\/XCOM-2-Steam-CD-Key-Global.jpg","datePublished":"2022-01-17T18:09:44+00:00","dateModified":"2022-06-28T13:01:20+00:00","breadcrumb":{"@id":"https:\/\/www.mercadokeys.com\/product\/xcom-2-steam-cd-key-global\/#breadcrumb"},"inLanguage":"en-GB","potentialAction":[{"@type":"ReadAction","target":["https:\/\/www.mercadokeys.com\/product\/xcom-2-steam-cd-key-global\/"]}]},{"@type":"ImageObject","inLanguage":"en-GB","@id":"https:\/\/www.mercadokeys.com\/product\/xcom-2-steam-cd-key-global\/#primaryimage","url":"https:\/\/www.mercadokeys.com.mx\/wp-content\/uploads\/2022\/01\/XCOM-2-Steam-CD-Key-Global.jpg","contentUrl":"https:\/\/www.mercadokeys.com.mx\/wp-content\/uploads\/2022\/01\/XCOM-2-Steam-CD-Key-Global.jpg","width":230,"height":336},{"@type":"BreadcrumbList","@id":"https:\/\/www.mercadokeys.com\/product\/xcom-2-steam-cd-key-global\/#breadcrumb","itemListElement":[{"@type":"ListItem","position":1,"name":"Inicio","item":"https:\/\/www.mercadokeys.com.mx\/"},{"@type":"ListItem","position":2,"name":"Tienda","item":"https:\/\/www.mercadokeys.com\/shop\/"},{"@type":"ListItem","position":3,"name":"XCOM 2 Steam CD Key Global"}]},{"@type":"WebSite","@id":"https:\/\/www.mercadokeys.com\/eng\/#website","url":"https:\/\/www.mercadokeys.com\/eng\/","name":"MERCADOKEYS","description":"Tu Tienda de videojuegos digitales en Mexico!","potentialAction":[{"@type":"SearchAction","target":{"@type":"EntryPoint","urlTemplate":"https:\/\/www.mercadokeys.com\/eng\/?s={search_term_string}"},"query-input":{"@type":"PropertyValueSpecification","valueRequired":true,"valueName":"search_term_string"}}],"inLanguage":"en-GB"}]}},"df_price":89.586992,"df_sale_price":89.586992,"df_regular_price":89.586992,"df_image_link":"https:\/\/www.mercadokeys.com.mx\/wp-content\/uploads\/2022\/01\/XCOM-2-Steam-CD-Key-Global-205x300.jpg","_links":{"self":[{"href":"https:\/\/www.mercadokeys.com.mx\/eng\/wp-json\/wp\/v2\/product\/120787","targetHints":{"allow":["GET"]}}],"collection":[{"href":"https:\/\/www.mercadokeys.com.mx\/eng\/wp-json\/wp\/v2\/product"}],"about":[{"href":"https:\/\/www.mercadokeys.com.mx\/eng\/wp-json\/wp\/v2\/types\/product"}],"wp:featuredmedia":[{"embeddable":true,"href":"https:\/\/www.mercadokeys.com.mx\/eng\/wp-json\/wp\/v2\/media\/121208"}],"wp:attachment":[{"href":"https:\/\/www.mercadokeys.com.mx\/eng\/wp-json\/wp\/v2\/media?parent=120787"}],"wp:term":[{"taxonomy":"product_brand","embeddable":true,"href":"https:\/\/www.mercadokeys.com.mx\/eng\/wp-json\/wp\/v2\/product_brand?post=120787"},{"taxonomy":"product_cat","embeddable":true,"href":"https:\/\/www.mercadokeys.com.mx\/eng\/wp-json\/wp\/v2\/product_cat?post=120787"},{"taxonomy":"product_tag","embeddable":true,"href":"https:\/\/www.mercadokeys.com.mx\/eng\/wp-json\/wp\/v2\/product_tag?post=120787"}],"curies":[{"name":"wp","href":"https:\/\/api.w.org\/{rel}","templated":true}]}}