{"id":120728,"date":"2022-01-15T10:34:00","date_gmt":"2022-01-15T18:34:00","guid":{"rendered":"https:\/\/www.mercadokeys.com\/?post_type=product&#038;p=120728"},"modified":"2022-01-15T12:48:20","modified_gmt":"2022-01-15T20:48:20","slug":"xbox-live-gold-6-meses-cd-key-mx","status":"publish","type":"product","link":"https:\/\/www.mercadokeys.com.mx\/eng\/product\/xbox-live-gold-6-meses-cd-key-mx\/","title":{"rendered":"Xbox Live Gold 6 Meses CD Key MX"},"content":{"rendered":"<p>Xbox live gold 6 meses digital<\/p>\n<p>Una vez realizado el pago se te env\u00eda el c\u00f3digo por medio del chat privado de MercadoLibre.<\/p>\n<p>Tienes 24 hrs como tiempo l\u00edmite para hacer uso de tu c\u00f3digo, posterior a ese l\u00edmite no nos hacemos responsables, para evitar alg\u00fan mal entendido.<\/p>","protected":false},"excerpt":{"rendered":"<p>Xbox live gold 6 meses digital Una vez realizado el pago se te env\u00eda el c\u00f3digo por medio del chat privado de MercadoLibre. Tienes 24 hrs como tiempo l\u00edmite para hacer uso de tu c\u00f3digo, posterior a ese l\u00edmite no nos hacemos responsables, para evitar alg\u00fan mal entendido.<\/p>","protected":false},"featured_media":120729,"template":"","meta":{"_monsterinsights_skip_tracking":false,"_monsterinsights_sitenote_active":false,"_monsterinsights_sitenote_note":"","_monsterinsights_sitenote_category":0},"product_brand":[],"product_cat":[4056,1281,1274],"product_tag":[],"class_list":{"0":"post-120728","1":"product","2":"type-product","3":"status-publish","4":"has-post-thumbnail","6":"product_cat-game-pass","7":"product_cat-tienda-de-videojuegos-consolas-tijuana-mexico","8":"product_cat-tienda-de-videojuegos-xbox-tijuana-mexico","10":"first","11":"instock","12":"shipping-taxable","13":"purchasable","14":"product-type-simple"},"yoast_head":"<!-- This site is optimized with the Yoast SEO plugin v27.0 - https:\/\/yoast.com\/product\/yoast-seo-wordpress\/ -->\n<title>Xbox Live Gold 6 Meses CD Key MX - MERCADOKEYS<\/title>\n<meta name=\"robots\" content=\"index, follow, max-snippet:-1, max-image-preview:large, max-video-preview:-1\" \/>\n<link rel=\"canonical\" href=\"https:\/\/www.mercadokeys.com\/product\/xbox-live-gold-6-meses-cd-key-mx\/\" \/>\n<meta property=\"og:locale\" content=\"en_GB\" \/>\n<meta property=\"og:type\" content=\"article\" \/>\n<meta property=\"og:title\" content=\"Xbox Live Gold 6 Meses CD Key MX - MERCADOKEYS\" \/>\n<meta property=\"og:description\" content=\"Xbox live gold 6 meses digital Una vez realizado el pago se te env\u00eda el c\u00f3digo por medio del chat privado de MercadoLibre. Tienes 24 hrs como tiempo l\u00edmite para hacer uso de tu c\u00f3digo, posterior a ese l\u00edmite no nos hacemos responsables, para evitar alg\u00fan mal entendido.\" \/>\n<meta property=\"og:url\" content=\"https:\/\/www.mercadokeys.com\/product\/xbox-live-gold-6-meses-cd-key-mx\/\" \/>\n<meta property=\"og:site_name\" content=\"MERCADOKEYS\" \/>\n<meta property=\"article:modified_time\" content=\"2022-01-15T20:48:20+00:00\" \/>\n<meta property=\"og:image\" content=\"https:\/\/www.mercadokeys.com\/wp-content\/uploads\/2022\/01\/Xbox-Live-Gold-6-Meses.jpg\" \/>\n\t<meta property=\"og:image:width\" content=\"460\" \/>\n\t<meta property=\"og:image:height\" content=\"672\" \/>\n\t<meta property=\"og:image:type\" content=\"image\/jpeg\" \/>\n<meta name=\"twitter:card\" content=\"summary_large_image\" \/>\n<meta name=\"twitter:label1\" content=\"Estimated reading time\" \/>\n\t<meta name=\"twitter:data1\" content=\"1 minute\" \/>\n<script type=\"application\/ld+json\" class=\"yoast-schema-graph\">{\"@context\":\"https:\/\/schema.org\",\"@graph\":[{\"@type\":\"WebPage\",\"@id\":\"https:\/\/www.mercadokeys.com\/product\/xbox-live-gold-6-meses-cd-key-mx\/\",\"url\":\"https:\/\/www.mercadokeys.com\/product\/xbox-live-gold-6-meses-cd-key-mx\/\",\"name\":\"Xbox Live Gold 6 Meses CD Key MX - MERCADOKEYS\",\"isPartOf\":{\"@id\":\"https:\/\/www.mercadokeys.com\/eng\/#website\"},\"primaryImageOfPage\":{\"@id\":\"https:\/\/www.mercadokeys.com\/product\/xbox-live-gold-6-meses-cd-key-mx\/#primaryimage\"},\"image\":{\"@id\":\"https:\/\/www.mercadokeys.com\/product\/xbox-live-gold-6-meses-cd-key-mx\/#primaryimage\"},\"thumbnailUrl\":\"https:\/\/www.mercadokeys.com.mx\/wp-content\/uploads\/2022\/01\/Xbox-Live-Gold-6-Meses.jpg\",\"datePublished\":\"2022-01-15T18:34:00+00:00\",\"dateModified\":\"2022-01-15T20:48:20+00:00\",\"breadcrumb\":{\"@id\":\"https:\/\/www.mercadokeys.com\/product\/xbox-live-gold-6-meses-cd-key-mx\/#breadcrumb\"},\"inLanguage\":\"en-GB\",\"potentialAction\":[{\"@type\":\"ReadAction\",\"target\":[\"https:\/\/www.mercadokeys.com\/product\/xbox-live-gold-6-meses-cd-key-mx\/\"]}]},{\"@type\":\"ImageObject\",\"inLanguage\":\"en-GB\",\"@id\":\"https:\/\/www.mercadokeys.com\/product\/xbox-live-gold-6-meses-cd-key-mx\/#primaryimage\",\"url\":\"https:\/\/www.mercadokeys.com.mx\/wp-content\/uploads\/2022\/01\/Xbox-Live-Gold-6-Meses.jpg\",\"contentUrl\":\"https:\/\/www.mercadokeys.com.mx\/wp-content\/uploads\/2022\/01\/Xbox-Live-Gold-6-Meses.jpg\",\"width\":460,\"height\":672,\"caption\":\"Xbox Live Gold 6 Meses\"},{\"@type\":\"BreadcrumbList\",\"@id\":\"https:\/\/www.mercadokeys.com\/product\/xbox-live-gold-6-meses-cd-key-mx\/#breadcrumb\",\"itemListElement\":[{\"@type\":\"ListItem\",\"position\":1,\"name\":\"Inicio\",\"item\":\"https:\/\/www.mercadokeys.com.mx\/\"},{\"@type\":\"ListItem\",\"position\":2,\"name\":\"Tienda\",\"item\":\"https:\/\/www.mercadokeys.com\/shop\/\"},{\"@type\":\"ListItem\",\"position\":3,\"name\":\"Xbox Live Gold 6 Meses CD Key MX\"}]},{\"@type\":\"WebSite\",\"@id\":\"https:\/\/www.mercadokeys.com\/eng\/#website\",\"url\":\"https:\/\/www.mercadokeys.com\/eng\/\",\"name\":\"MERCADOKEYS\",\"description\":\"Tu Tienda de videojuegos digitales en Mexico!\",\"potentialAction\":[{\"@type\":\"SearchAction\",\"target\":{\"@type\":\"EntryPoint\",\"urlTemplate\":\"https:\/\/www.mercadokeys.com\/eng\/?s={search_term_string}\"},\"query-input\":{\"@type\":\"PropertyValueSpecification\",\"valueRequired\":true,\"valueName\":\"search_term_string\"}}],\"inLanguage\":\"en-GB\"}]}<\/script>\n<!-- \/ Yoast SEO plugin. -->","yoast_head_json":{"title":"Xbox Live Gold 6 Meses CD Key MX - MERCADOKEYS","robots":{"index":"index","follow":"follow","max-snippet":"max-snippet:-1","max-image-preview":"max-image-preview:large","max-video-preview":"max-video-preview:-1"},"canonical":"https:\/\/www.mercadokeys.com\/product\/xbox-live-gold-6-meses-cd-key-mx\/","og_locale":"en_GB","og_type":"article","og_title":"Xbox Live Gold 6 Meses CD Key MX - MERCADOKEYS","og_description":"Xbox live gold 6 meses digital Una vez realizado el pago se te env\u00eda el c\u00f3digo por medio del chat privado de MercadoLibre. Tienes 24 hrs como tiempo l\u00edmite para hacer uso de tu c\u00f3digo, posterior a ese l\u00edmite no nos hacemos responsables, para evitar alg\u00fan mal entendido.","og_url":"https:\/\/www.mercadokeys.com\/product\/xbox-live-gold-6-meses-cd-key-mx\/","og_site_name":"MERCADOKEYS","article_modified_time":"2022-01-15T20:48:20+00:00","og_image":[{"width":460,"height":672,"url":"https:\/\/www.mercadokeys.com\/wp-content\/uploads\/2022\/01\/Xbox-Live-Gold-6-Meses.jpg","type":"image\/jpeg"}],"twitter_card":"summary_large_image","twitter_misc":{"Estimated reading time":"1 minute"},"schema":{"@context":"https:\/\/schema.org","@graph":[{"@type":"WebPage","@id":"https:\/\/www.mercadokeys.com\/product\/xbox-live-gold-6-meses-cd-key-mx\/","url":"https:\/\/www.mercadokeys.com\/product\/xbox-live-gold-6-meses-cd-key-mx\/","name":"Xbox Live Gold 6 Meses CD Key MX - MERCADOKEYS","isPartOf":{"@id":"https:\/\/www.mercadokeys.com\/eng\/#website"},"primaryImageOfPage":{"@id":"https:\/\/www.mercadokeys.com\/product\/xbox-live-gold-6-meses-cd-key-mx\/#primaryimage"},"image":{"@id":"https:\/\/www.mercadokeys.com\/product\/xbox-live-gold-6-meses-cd-key-mx\/#primaryimage"},"thumbnailUrl":"https:\/\/www.mercadokeys.com.mx\/wp-content\/uploads\/2022\/01\/Xbox-Live-Gold-6-Meses.jpg","datePublished":"2022-01-15T18:34:00+00:00","dateModified":"2022-01-15T20:48:20+00:00","breadcrumb":{"@id":"https:\/\/www.mercadokeys.com\/product\/xbox-live-gold-6-meses-cd-key-mx\/#breadcrumb"},"inLanguage":"en-GB","potentialAction":[{"@type":"ReadAction","target":["https:\/\/www.mercadokeys.com\/product\/xbox-live-gold-6-meses-cd-key-mx\/"]}]},{"@type":"ImageObject","inLanguage":"en-GB","@id":"https:\/\/www.mercadokeys.com\/product\/xbox-live-gold-6-meses-cd-key-mx\/#primaryimage","url":"https:\/\/www.mercadokeys.com.mx\/wp-content\/uploads\/2022\/01\/Xbox-Live-Gold-6-Meses.jpg","contentUrl":"https:\/\/www.mercadokeys.com.mx\/wp-content\/uploads\/2022\/01\/Xbox-Live-Gold-6-Meses.jpg","width":460,"height":672,"caption":"Xbox Live Gold 6 Meses"},{"@type":"BreadcrumbList","@id":"https:\/\/www.mercadokeys.com\/product\/xbox-live-gold-6-meses-cd-key-mx\/#breadcrumb","itemListElement":[{"@type":"ListItem","position":1,"name":"Inicio","item":"https:\/\/www.mercadokeys.com.mx\/"},{"@type":"ListItem","position":2,"name":"Tienda","item":"https:\/\/www.mercadokeys.com\/shop\/"},{"@type":"ListItem","position":3,"name":"Xbox Live Gold 6 Meses CD Key MX"}]},{"@type":"WebSite","@id":"https:\/\/www.mercadokeys.com\/eng\/#website","url":"https:\/\/www.mercadokeys.com\/eng\/","name":"MERCADOKEYS","description":"Tu Tienda de videojuegos digitales en Mexico!","potentialAction":[{"@type":"SearchAction","target":{"@type":"EntryPoint","urlTemplate":"https:\/\/www.mercadokeys.com\/eng\/?s={search_term_string}"},"query-input":{"@type":"PropertyValueSpecification","valueRequired":true,"valueName":"search_term_string"}}],"inLanguage":"en-GB"}]}},"df_price":839,"df_sale_price":839,"df_regular_price":839,"df_image_link":"https:\/\/www.mercadokeys.com.mx\/wp-content\/uploads\/2022\/01\/Xbox-Live-Gold-6-Meses-205x300.jpg","_links":{"self":[{"href":"https:\/\/www.mercadokeys.com.mx\/eng\/wp-json\/wp\/v2\/product\/120728","targetHints":{"allow":["GET"]}}],"collection":[{"href":"https:\/\/www.mercadokeys.com.mx\/eng\/wp-json\/wp\/v2\/product"}],"about":[{"href":"https:\/\/www.mercadokeys.com.mx\/eng\/wp-json\/wp\/v2\/types\/product"}],"wp:featuredmedia":[{"embeddable":true,"href":"https:\/\/www.mercadokeys.com.mx\/eng\/wp-json\/wp\/v2\/media\/120729"}],"wp:attachment":[{"href":"https:\/\/www.mercadokeys.com.mx\/eng\/wp-json\/wp\/v2\/media?parent=120728"}],"wp:term":[{"taxonomy":"product_brand","embeddable":true,"href":"https:\/\/www.mercadokeys.com.mx\/eng\/wp-json\/wp\/v2\/product_brand?post=120728"},{"taxonomy":"product_cat","embeddable":true,"href":"https:\/\/www.mercadokeys.com.mx\/eng\/wp-json\/wp\/v2\/product_cat?post=120728"},{"taxonomy":"product_tag","embeddable":true,"href":"https:\/\/www.mercadokeys.com.mx\/eng\/wp-json\/wp\/v2\/product_tag?post=120728"}],"curies":[{"name":"wp","href":"https:\/\/api.w.org\/{rel}","templated":true}]}}