{"id":120616,"date":"2022-01-14T00:20:05","date_gmt":"2022-01-14T08:20:05","guid":{"rendered":"https:\/\/www.mercadokeys.com\/product\/the-outer-worlds-xbox-one-key-global\/"},"modified":"2022-06-28T06:01:02","modified_gmt":"2022-06-28T13:01:02","slug":"the-outer-worlds-xbox-one-cd-key-2","status":"publish","type":"product","link":"https:\/\/www.mercadokeys.com.mx\/eng\/product\/the-outer-worlds-xbox-one-cd-key-2\/","title":{"rendered":"The Outer Worlds Xbox One CD Key"},"content":{"rendered":"<p><strong><span style=\"vertical-align: inherit;\">The Outer Worlds<\/span><\/strong><span style=\"vertical-align: inherit;\"> es un juego de rol de acci\u00f3n y aventura creado por Obsidian Entertainment. Ambientado en un tema de ciencia ficci\u00f3n, donde despu\u00e9s de a\u00f1os de hibernaci\u00f3n, te despiertas en circunstancias completamente diferentes a las que se supon\u00eda que deb\u00edas al comienzo de tu viaje en el barco colonial. Juega con tu personaje como quieras con la libertad de acci\u00f3n, pero recuerda que tus elecciones determinar\u00e1n el destino de los lugares que visitas y sus residentes.<\/span><\/p>\n<h3><span style=\"vertical-align: inherit;\">La historia hasta ahora<\/span><\/h3>\n<p><span style=\"vertical-align: inherit;\">Halcyon es la colonia de humanos de la que una vez se supon\u00eda que formabas parte, pero circunstancias desconocidas hicieron que tu nave estuviera a la deriva en la galaxia durante docenas de a\u00f1os. Ahora, despu\u00e9s de todo este tiempo, la colonia prospera gracias al nuevo sistema estricto, y se espera que trabajes para el desarrollo de la corporaci\u00f3n Halcyon. Sin embargo, es posible que la paz y el orden no sean eternos, ya que parece que se est\u00e1 gestando una conspiraci\u00f3n que amenaza con destruir la corporaci\u00f3n, y usted debe ser quien la detenga. Debes usar tu habilidad lo mejor que puedas y obedecer a la corporaci\u00f3n porque los traidores no tienen cabida en Halcyon.<\/span><\/p>\n<p><img decoding=\"async\" src=\"https:\/\/images.g2a.com\/newlayout\/880x400\/1x1x0\/fd6831db4a56\/5e0f19907e696c527d1fb1d3\" alt=\"The Outer Worlds - player in planet\" width=\"100%\" \/><\/p>\n<h3><span style=\"vertical-align: inherit;\">How to play<\/span><\/h3>\n<p><strong><span style=\"vertical-align: inherit;\">The Outer Worlds <\/span><\/strong> <b><span style=\"vertical-align: inherit;\">se juega desde la perspectiva de primera persona<\/span><\/b><span style=\"vertical-align: inherit;\"> , lo que ayuda a crear una experiencia inmersiva, especialmente durante las conversaciones con los NPC. Comienzas el juego creando y personalizando tu propio personaje con una serie de opciones de apariencia y una gran variedad de estad\u00edsticas que utilizar\u00e1s y desarrollar\u00e1s durante el juego. Obtener tu propia nave espacial nueva es el siguiente paso. Aunque no podr\u00e1s controlar la nave, sirve como medio de transporte a varios lugares y como espacio de almacenamiento adicional.<\/span><\/p>\n<p><span style=\"vertical-align: inherit;\">Puedes luchar con diferentes tipos de armas, como cuerpo a cuerpo oa distancia. Se dividen en tres tipos seg\u00fan la munici\u00f3n: energ\u00e9tica, ligera y pesada. Adem\u00e1s, puedes personalizar tus armas a\u00f1adi\u00e9ndoles da\u00f1o elemental especial. Si no te gusta pelear, puedes tratar de evitarlo usando habilidades de conversaci\u00f3n persuasiva o sigilo. Los jugadores pueden desarrollar sus habilidades t\u00e9cnicas como <\/span><b><span style=\"vertical-align: inherit;\">ingenier\u00eda, medicina o ciencia<\/span><\/b><span style=\"vertical-align: inherit;\"> . Gana puntos de experiencia y sube de nivel a tu personaje y a tus compa\u00f1eros para desbloquear nuevas habilidades.<\/span><\/p>\n<h3><span style=\"vertical-align: inherit;\">Compa\u00f1eros<\/span><\/h3>\n<p><span style=\"vertical-align: inherit;\">Durante la misi\u00f3n, puedes encontrar NPC que se pueden reclutar para apoyarte en tus luchas contra los enemigos, donde cada compa\u00f1ero tiene sus propias habilidades y ataques especiales. Adem\u00e1s, <\/span><b><span style=\"vertical-align: inherit;\">los acompa\u00f1antes pueden tener especializaciones<\/span><\/b><span style=\"vertical-align: inherit;\"> . Cuando vas a una misi\u00f3n, puedes llevar hasta dos compa\u00f1eros contigo. Los jugadores pueden interactuar con sus compa\u00f1eros eligiendo l\u00edneas de di\u00e1logo y actuando de manera man\u00edaca o heroica.<\/span><\/p>\n<p><img decoding=\"async\" src=\"https:\/\/images.g2a.com\/newlayout\/880x400\/1x1x0\/18df16a69fc3\/5e0f19917e696c54ab20ff52\" alt=\"Interacci\u00f3n con el compa\u00f1ero en el juego.\" width=\"100%\" \/><\/p>\n<h3><span style=\"vertical-align: inherit;\">Administra el tiempo como quieras<\/span><\/h3>\n<p><span style=\"vertical-align: inherit;\">El efecto secundario de tu hibernaci\u00f3n a largo plazo, <\/span><b><span style=\"vertical-align: inherit;\">la dilataci\u00f3n t\u00e1ctica del tiempo<\/span><\/b><span style=\"vertical-align: inherit;\"> , te permite controlar el campo de batalla en mayor medida, al influir en la forma en que tu personaje percibe el tiempo. En este sistema, ingresas al estado en el que puedes ralentizar el tiempo y usarlo para crear y aprovechar las aperturas en los movimientos de tus enemigos. Adem\u00e1s, este poder te otorga mayor da\u00f1o contra tus oponentes y la opci\u00f3n de apuntar a partes individuales del cuerpo, aplicando efectos devastadores. TTD solo se puede usar durante un tiempo limitado, luego del cual se regenera lentamente, as\u00ed que util\u00edcelo en las situaciones m\u00e1s apropiadas.<\/span><\/p>\n<h3><span style=\"vertical-align: inherit;\">Rese\u00f1as<\/span><\/h3>\n<p><strong><span style=\"vertical-align: inherit;\">The Outer Worlds<\/span><\/strong><span style=\"vertical-align: inherit;\"> tuvo una recepci\u00f3n positiva tanto de los jugadores como de las cr\u00edticas gracias a la cantidad de funciones incluidas, as\u00ed como a la libertad de resolver conflictos y completar tus misiones.<\/span><\/p>","protected":false},"excerpt":{"rendered":"<p>The Outer Worlds es un juego de rol de acci\u00f3n y aventura creado por Obsidian Entertainment. Ambientado en un tema de ciencia ficci\u00f3n, donde despu\u00e9s de a\u00f1os de hibernaci\u00f3n, te despiertas en circunstancias completamente diferentes a las que se supon\u00eda que deb\u00edas al comienzo de tu viaje en el barco colonial. Juega con tu personaje&#8230;<\/p>","protected":false},"featured_media":120679,"template":"","meta":{"_monsterinsights_skip_tracking":false,"_monsterinsights_sitenote_active":false,"_monsterinsights_sitenote_note":"","_monsterinsights_sitenote_category":0},"product_brand":[],"product_cat":[1271,1281,1274,1392,1394,1298,1427],"product_tag":[4060,4061,4059],"class_list":{"0":"post-120616","1":"product","2":"type-product","3":"status-publish","4":"has-post-thumbnail","6":"product_cat-tienda-de-videojuegos-tijuana-mexico","7":"product_cat-tienda-de-videojuegos-consolas-tijuana-mexico","8":"product_cat-tienda-de-videojuegos-xbox-tijuana-mexico","9":"product_cat-tienda-de-videojuegos-accion-tijuana-mexico","10":"product_cat-tienda-de-videojuegos-aventura-tijuana-mexico","11":"product_cat-tienda-de-videojuegos-rol-tijuana-mexico","12":"product_cat-tienda-de-videojuegos-juegos-para-mando-tijuana-mexico","13":"product_tag-obsidian-entertainment","14":"product_tag-the-outer-worlds-xbox","15":"product_tag-the-outer-worlds-xbox-cd-key","17":"first","18":"instock","19":"shipping-taxable","20":"purchasable","21":"product-type-simple"},"yoast_head":"<!-- This site is optimized with the Yoast SEO plugin v27.0 - https:\/\/yoast.com\/product\/yoast-seo-wordpress\/ -->\n<title>The Outer Worlds Xbox One CD Key - MERCADOKEYS<\/title>\n<meta name=\"description\" content=\"The Outer Worlds es un juego de rol de acci\u00f3n y aventura creado por Obsidian Entertainment. Ambientado en un tema de ciencia ficci\u00f3n\" \/>\n<meta name=\"robots\" content=\"index, follow, max-snippet:-1, max-image-preview:large, max-video-preview:-1\" \/>\n<link rel=\"canonical\" href=\"https:\/\/www.mercadokeys.com\/product\/the-outer-worlds-xbox-one-cd-key-2\/\" \/>\n<meta property=\"og:locale\" content=\"en_GB\" \/>\n<meta property=\"og:type\" content=\"article\" \/>\n<meta property=\"og:title\" content=\"The Outer Worlds Xbox One CD Key - MERCADOKEYS\" \/>\n<meta property=\"og:description\" content=\"The Outer Worlds es un juego de rol de acci\u00f3n y aventura creado por Obsidian Entertainment. Ambientado en un tema de ciencia ficci\u00f3n\" \/>\n<meta property=\"og:url\" content=\"https:\/\/www.mercadokeys.com\/product\/the-outer-worlds-xbox-one-cd-key-2\/\" \/>\n<meta property=\"og:site_name\" content=\"MERCADOKEYS\" \/>\n<meta property=\"article:modified_time\" content=\"2022-06-28T13:01:02+00:00\" \/>\n<meta property=\"og:image\" content=\"https:\/\/www.mercadokeys.com\/wp-content\/uploads\/2022\/01\/The-Outer-Worlds-Xbox-One-Key-GLOBAL.jpg\" \/>\n\t<meta property=\"og:image:width\" content=\"460\" \/>\n\t<meta property=\"og:image:height\" content=\"672\" \/>\n\t<meta property=\"og:image:type\" content=\"image\/jpeg\" \/>\n<meta name=\"twitter:card\" content=\"summary_large_image\" \/>\n<meta name=\"twitter:label1\" content=\"Estimated reading time\" \/>\n\t<meta name=\"twitter:data1\" content=\"3 minutes\" \/>\n<script type=\"application\/ld+json\" class=\"yoast-schema-graph\">{\"@context\":\"https:\/\/schema.org\",\"@graph\":[{\"@type\":\"WebPage\",\"@id\":\"https:\/\/www.mercadokeys.com\/product\/the-outer-worlds-xbox-one-cd-key-2\/\",\"url\":\"https:\/\/www.mercadokeys.com\/product\/the-outer-worlds-xbox-one-cd-key-2\/\",\"name\":\"The Outer Worlds Xbox One CD Key - MERCADOKEYS\",\"isPartOf\":{\"@id\":\"https:\/\/www.mercadokeys.com\/eng\/#website\"},\"primaryImageOfPage\":{\"@id\":\"https:\/\/www.mercadokeys.com\/product\/the-outer-worlds-xbox-one-cd-key-2\/#primaryimage\"},\"image\":{\"@id\":\"https:\/\/www.mercadokeys.com\/product\/the-outer-worlds-xbox-one-cd-key-2\/#primaryimage\"},\"thumbnailUrl\":\"https:\/\/www.mercadokeys.com.mx\/wp-content\/uploads\/2022\/01\/The-Outer-Worlds-Xbox-One-Key-GLOBAL.jpg\",\"datePublished\":\"2022-01-14T08:20:05+00:00\",\"dateModified\":\"2022-06-28T13:01:02+00:00\",\"description\":\"The Outer Worlds es un juego de rol de acci\u00f3n y aventura creado por Obsidian Entertainment. Ambientado en un tema de ciencia ficci\u00f3n\",\"breadcrumb\":{\"@id\":\"https:\/\/www.mercadokeys.com\/product\/the-outer-worlds-xbox-one-cd-key-2\/#breadcrumb\"},\"inLanguage\":\"en-GB\",\"potentialAction\":[{\"@type\":\"ReadAction\",\"target\":[\"https:\/\/www.mercadokeys.com\/product\/the-outer-worlds-xbox-one-cd-key-2\/\"]}]},{\"@type\":\"ImageObject\",\"inLanguage\":\"en-GB\",\"@id\":\"https:\/\/www.mercadokeys.com\/product\/the-outer-worlds-xbox-one-cd-key-2\/#primaryimage\",\"url\":\"https:\/\/www.mercadokeys.com.mx\/wp-content\/uploads\/2022\/01\/The-Outer-Worlds-Xbox-One-Key-GLOBAL.jpg\",\"contentUrl\":\"https:\/\/www.mercadokeys.com.mx\/wp-content\/uploads\/2022\/01\/The-Outer-Worlds-Xbox-One-Key-GLOBAL.jpg\",\"width\":460,\"height\":672},{\"@type\":\"BreadcrumbList\",\"@id\":\"https:\/\/www.mercadokeys.com\/product\/the-outer-worlds-xbox-one-cd-key-2\/#breadcrumb\",\"itemListElement\":[{\"@type\":\"ListItem\",\"position\":1,\"name\":\"Inicio\",\"item\":\"https:\/\/www.mercadokeys.com.mx\/\"},{\"@type\":\"ListItem\",\"position\":2,\"name\":\"Tienda\",\"item\":\"https:\/\/www.mercadokeys.com\/shop\/\"},{\"@type\":\"ListItem\",\"position\":3,\"name\":\"The Outer Worlds Xbox One CD Key\"}]},{\"@type\":\"WebSite\",\"@id\":\"https:\/\/www.mercadokeys.com\/eng\/#website\",\"url\":\"https:\/\/www.mercadokeys.com\/eng\/\",\"name\":\"MERCADOKEYS\",\"description\":\"Tu Tienda de videojuegos digitales en Mexico!\",\"potentialAction\":[{\"@type\":\"SearchAction\",\"target\":{\"@type\":\"EntryPoint\",\"urlTemplate\":\"https:\/\/www.mercadokeys.com\/eng\/?s={search_term_string}\"},\"query-input\":{\"@type\":\"PropertyValueSpecification\",\"valueRequired\":true,\"valueName\":\"search_term_string\"}}],\"inLanguage\":\"en-GB\"}]}<\/script>\n<!-- \/ Yoast SEO plugin. -->","yoast_head_json":{"title":"The Outer Worlds Xbox One CD Key - MERCADOKEYS","description":"The Outer Worlds es un juego de rol de acci\u00f3n y aventura creado por Obsidian Entertainment. Ambientado en un tema de ciencia ficci\u00f3n","robots":{"index":"index","follow":"follow","max-snippet":"max-snippet:-1","max-image-preview":"max-image-preview:large","max-video-preview":"max-video-preview:-1"},"canonical":"https:\/\/www.mercadokeys.com\/product\/the-outer-worlds-xbox-one-cd-key-2\/","og_locale":"en_GB","og_type":"article","og_title":"The Outer Worlds Xbox One CD Key - MERCADOKEYS","og_description":"The Outer Worlds es un juego de rol de acci\u00f3n y aventura creado por Obsidian Entertainment. Ambientado en un tema de ciencia ficci\u00f3n","og_url":"https:\/\/www.mercadokeys.com\/product\/the-outer-worlds-xbox-one-cd-key-2\/","og_site_name":"MERCADOKEYS","article_modified_time":"2022-06-28T13:01:02+00:00","og_image":[{"width":460,"height":672,"url":"https:\/\/www.mercadokeys.com\/wp-content\/uploads\/2022\/01\/The-Outer-Worlds-Xbox-One-Key-GLOBAL.jpg","type":"image\/jpeg"}],"twitter_card":"summary_large_image","twitter_misc":{"Estimated reading time":"3 minutes"},"schema":{"@context":"https:\/\/schema.org","@graph":[{"@type":"WebPage","@id":"https:\/\/www.mercadokeys.com\/product\/the-outer-worlds-xbox-one-cd-key-2\/","url":"https:\/\/www.mercadokeys.com\/product\/the-outer-worlds-xbox-one-cd-key-2\/","name":"The Outer Worlds Xbox One CD Key - MERCADOKEYS","isPartOf":{"@id":"https:\/\/www.mercadokeys.com\/eng\/#website"},"primaryImageOfPage":{"@id":"https:\/\/www.mercadokeys.com\/product\/the-outer-worlds-xbox-one-cd-key-2\/#primaryimage"},"image":{"@id":"https:\/\/www.mercadokeys.com\/product\/the-outer-worlds-xbox-one-cd-key-2\/#primaryimage"},"thumbnailUrl":"https:\/\/www.mercadokeys.com.mx\/wp-content\/uploads\/2022\/01\/The-Outer-Worlds-Xbox-One-Key-GLOBAL.jpg","datePublished":"2022-01-14T08:20:05+00:00","dateModified":"2022-06-28T13:01:02+00:00","description":"The Outer Worlds es un juego de rol de acci\u00f3n y aventura creado por Obsidian Entertainment. Ambientado en un tema de ciencia ficci\u00f3n","breadcrumb":{"@id":"https:\/\/www.mercadokeys.com\/product\/the-outer-worlds-xbox-one-cd-key-2\/#breadcrumb"},"inLanguage":"en-GB","potentialAction":[{"@type":"ReadAction","target":["https:\/\/www.mercadokeys.com\/product\/the-outer-worlds-xbox-one-cd-key-2\/"]}]},{"@type":"ImageObject","inLanguage":"en-GB","@id":"https:\/\/www.mercadokeys.com\/product\/the-outer-worlds-xbox-one-cd-key-2\/#primaryimage","url":"https:\/\/www.mercadokeys.com.mx\/wp-content\/uploads\/2022\/01\/The-Outer-Worlds-Xbox-One-Key-GLOBAL.jpg","contentUrl":"https:\/\/www.mercadokeys.com.mx\/wp-content\/uploads\/2022\/01\/The-Outer-Worlds-Xbox-One-Key-GLOBAL.jpg","width":460,"height":672},{"@type":"BreadcrumbList","@id":"https:\/\/www.mercadokeys.com\/product\/the-outer-worlds-xbox-one-cd-key-2\/#breadcrumb","itemListElement":[{"@type":"ListItem","position":1,"name":"Inicio","item":"https:\/\/www.mercadokeys.com.mx\/"},{"@type":"ListItem","position":2,"name":"Tienda","item":"https:\/\/www.mercadokeys.com\/shop\/"},{"@type":"ListItem","position":3,"name":"The Outer Worlds Xbox One CD Key"}]},{"@type":"WebSite","@id":"https:\/\/www.mercadokeys.com\/eng\/#website","url":"https:\/\/www.mercadokeys.com\/eng\/","name":"MERCADOKEYS","description":"Tu Tienda de videojuegos digitales en Mexico!","potentialAction":[{"@type":"SearchAction","target":{"@type":"EntryPoint","urlTemplate":"https:\/\/www.mercadokeys.com\/eng\/?s={search_term_string}"},"query-input":{"@type":"PropertyValueSpecification","valueRequired":true,"valueName":"search_term_string"}}],"inLanguage":"en-GB"}]}},"df_price":653.842842,"df_sale_price":653.842842,"df_regular_price":653.842842,"df_image_link":"https:\/\/www.mercadokeys.com.mx\/wp-content\/uploads\/2022\/01\/The-Outer-Worlds-Xbox-One-Key-GLOBAL-205x300.jpg","_links":{"self":[{"href":"https:\/\/www.mercadokeys.com.mx\/eng\/wp-json\/wp\/v2\/product\/120616","targetHints":{"allow":["GET"]}}],"collection":[{"href":"https:\/\/www.mercadokeys.com.mx\/eng\/wp-json\/wp\/v2\/product"}],"about":[{"href":"https:\/\/www.mercadokeys.com.mx\/eng\/wp-json\/wp\/v2\/types\/product"}],"wp:featuredmedia":[{"embeddable":true,"href":"https:\/\/www.mercadokeys.com.mx\/eng\/wp-json\/wp\/v2\/media\/120679"}],"wp:attachment":[{"href":"https:\/\/www.mercadokeys.com.mx\/eng\/wp-json\/wp\/v2\/media?parent=120616"}],"wp:term":[{"taxonomy":"product_brand","embeddable":true,"href":"https:\/\/www.mercadokeys.com.mx\/eng\/wp-json\/wp\/v2\/product_brand?post=120616"},{"taxonomy":"product_cat","embeddable":true,"href":"https:\/\/www.mercadokeys.com.mx\/eng\/wp-json\/wp\/v2\/product_cat?post=120616"},{"taxonomy":"product_tag","embeddable":true,"href":"https:\/\/www.mercadokeys.com.mx\/eng\/wp-json\/wp\/v2\/product_tag?post=120616"}],"curies":[{"name":"wp","href":"https:\/\/api.w.org\/{rel}","templated":true}]}}