{"id":120561,"date":"2022-01-13T23:03:37","date_gmt":"2022-01-14T07:03:37","guid":{"rendered":"https:\/\/www.mercadokeys.com\/product\/nhl-22-xbox-one-xbox-live-key-global\/"},"modified":"2022-06-28T06:01:12","modified_gmt":"2022-06-28T13:01:12","slug":"nhl-22-xbox-one-cd-key-global","status":"publish","type":"product","link":"https:\/\/www.mercadokeys.com.mx\/eng\/product\/nhl-22-xbox-one-cd-key-global\/","title":{"rendered":"NHL 22 Xbox One CD Key GLOBAL"},"content":{"rendered":"<p>Con la potencia de Frostbite\u2122, EA SPORTS\u2122 NHL\u2122 22 recibe el trato de superestrella. Por primera vez, disfruta EA SPORTS NHL con uno de los motores de juego m\u00e1s potentes de la industria, que le da un detalle visual sin igual a todos los impactos, las fintas y los tiros. Los Factores-X de superestrellas te permiten sentir la personalidad y el poder de las superestrellas de la NHL con un nuevo sistema de habilidades que desbloquea habilidades \u00fanicas de los jugadores m\u00e1s \u00e9lite de la liga. Las estrellas de la NHL cobran vida en EA SPORTS NHL 22 con las habilidades y el estilo reales de los jugadores, haciendo que su tiempo en el hielo sea m\u00e1s influyente que nunca. Desde HUT hasta World of Chel, los Factores-X de superestrellas ofrecen una nueva estrategia basada en clases en todos los modos de juego. EA SPORTS NHL 22 es un juego totalmente nuevo para una nueva generaci\u00f3n y te ofrece m\u00e1s formas de jugar y competir que nunca. Esto es hockey avanzado<\/p>","protected":false},"excerpt":{"rendered":"<p>Con la potencia de Frostbite\u2122, EA SPORTS\u2122 NHL\u2122 22 recibe el trato de superestrella. Por primera vez, disfruta EA SPORTS NHL con uno de los motores de juego m\u00e1s potentes de la industria, que le da un detalle visual sin igual a todos los impactos, las fintas y los tiros. Los Factores-X de superestrellas te&#8230;<\/p>","protected":false},"featured_media":120716,"template":"","meta":{"_monsterinsights_skip_tracking":false,"_monsterinsights_sitenote_active":false,"_monsterinsights_sitenote_note":"","_monsterinsights_sitenote_category":0},"product_brand":[],"product_cat":[1271,1281,1274,1396,1313,1428,1427],"product_tag":[4080,4081,4082],"class_list":{"0":"post-120561","1":"product","2":"type-product","3":"status-publish","4":"has-post-thumbnail","6":"product_cat-tienda-de-videojuegos-tijuana-mexico","7":"product_cat-tienda-de-videojuegos-consolas-tijuana-mexico","8":"product_cat-tienda-de-videojuegos-xbox-tijuana-mexico","9":"product_cat-tienda-de-videojuegos-simulacion-tijuana-mexico","10":"product_cat-tienda-de-videojuegos-deportes-tijuana-mexico","11":"product_cat-tienda-de-videojuegos-cooperativos-tijuana-mexico","12":"product_cat-tienda-de-videojuegos-juegos-para-mando-tijuana-mexico","13":"product_tag-nhl-22-xbox-one-cd-key","14":"product_tag-nhl-22-xbox-one-key-global","15":"product_tag-nhl-22-xbox-one-mercadokeys","17":"first","18":"instock","19":"shipping-taxable","20":"purchasable","21":"product-type-simple"},"yoast_head":"<!-- This site is optimized with the Yoast SEO plugin v27.0 - https:\/\/yoast.com\/product\/yoast-seo-wordpress\/ -->\n<title>NHL 22 Xbox One CD Key GLOBAL - MERCADOKEYS<\/title>\n<meta name=\"robots\" content=\"index, follow, max-snippet:-1, max-image-preview:large, max-video-preview:-1\" \/>\n<link rel=\"canonical\" href=\"https:\/\/www.mercadokeys.com\/product\/nhl-22-xbox-one-cd-key-global\/\" \/>\n<meta property=\"og:locale\" content=\"en_GB\" \/>\n<meta property=\"og:type\" content=\"article\" \/>\n<meta property=\"og:title\" content=\"NHL 22 Xbox One CD Key GLOBAL - MERCADOKEYS\" \/>\n<meta property=\"og:description\" content=\"Con la potencia de Frostbite\u2122, EA SPORTS\u2122 NHL\u2122 22 recibe el trato de superestrella. Por primera vez, disfruta EA SPORTS NHL con uno de los motores de juego m\u00e1s potentes de la industria, que le da un detalle visual sin igual a todos los impactos, las fintas y los tiros. Los Factores-X de superestrellas te...\" \/>\n<meta property=\"og:url\" content=\"https:\/\/www.mercadokeys.com\/product\/nhl-22-xbox-one-cd-key-global\/\" \/>\n<meta property=\"og:site_name\" content=\"MERCADOKEYS\" \/>\n<meta property=\"article:modified_time\" content=\"2022-06-28T13:01:12+00:00\" \/>\n<meta property=\"og:image\" content=\"https:\/\/www.mercadokeys.com\/wp-content\/uploads\/2022\/01\/NHL-22-Xbox-One-Xbox-Live-Key-GLOBAL.jpg\" \/>\n\t<meta property=\"og:image:width\" content=\"460\" \/>\n\t<meta property=\"og:image:height\" content=\"672\" \/>\n\t<meta property=\"og:image:type\" content=\"image\/jpeg\" \/>\n<meta name=\"twitter:card\" content=\"summary_large_image\" \/>\n<meta name=\"twitter:label1\" content=\"Estimated reading time\" \/>\n\t<meta name=\"twitter:data1\" content=\"1 minute\" \/>\n<script type=\"application\/ld+json\" class=\"yoast-schema-graph\">{\"@context\":\"https:\/\/schema.org\",\"@graph\":[{\"@type\":\"WebPage\",\"@id\":\"https:\/\/www.mercadokeys.com\/product\/nhl-22-xbox-one-cd-key-global\/\",\"url\":\"https:\/\/www.mercadokeys.com\/product\/nhl-22-xbox-one-cd-key-global\/\",\"name\":\"NHL 22 Xbox One CD Key GLOBAL - MERCADOKEYS\",\"isPartOf\":{\"@id\":\"https:\/\/www.mercadokeys.com\/eng\/#website\"},\"primaryImageOfPage\":{\"@id\":\"https:\/\/www.mercadokeys.com\/product\/nhl-22-xbox-one-cd-key-global\/#primaryimage\"},\"image\":{\"@id\":\"https:\/\/www.mercadokeys.com\/product\/nhl-22-xbox-one-cd-key-global\/#primaryimage\"},\"thumbnailUrl\":\"https:\/\/www.mercadokeys.com.mx\/wp-content\/uploads\/2022\/01\/NHL-22-Xbox-One-Xbox-Live-Key-GLOBAL.jpg\",\"datePublished\":\"2022-01-14T07:03:37+00:00\",\"dateModified\":\"2022-06-28T13:01:12+00:00\",\"breadcrumb\":{\"@id\":\"https:\/\/www.mercadokeys.com\/product\/nhl-22-xbox-one-cd-key-global\/#breadcrumb\"},\"inLanguage\":\"en-GB\",\"potentialAction\":[{\"@type\":\"ReadAction\",\"target\":[\"https:\/\/www.mercadokeys.com\/product\/nhl-22-xbox-one-cd-key-global\/\"]}]},{\"@type\":\"ImageObject\",\"inLanguage\":\"en-GB\",\"@id\":\"https:\/\/www.mercadokeys.com\/product\/nhl-22-xbox-one-cd-key-global\/#primaryimage\",\"url\":\"https:\/\/www.mercadokeys.com.mx\/wp-content\/uploads\/2022\/01\/NHL-22-Xbox-One-Xbox-Live-Key-GLOBAL.jpg\",\"contentUrl\":\"https:\/\/www.mercadokeys.com.mx\/wp-content\/uploads\/2022\/01\/NHL-22-Xbox-One-Xbox-Live-Key-GLOBAL.jpg\",\"width\":460,\"height\":672},{\"@type\":\"BreadcrumbList\",\"@id\":\"https:\/\/www.mercadokeys.com\/product\/nhl-22-xbox-one-cd-key-global\/#breadcrumb\",\"itemListElement\":[{\"@type\":\"ListItem\",\"position\":1,\"name\":\"Inicio\",\"item\":\"https:\/\/www.mercadokeys.com.mx\/\"},{\"@type\":\"ListItem\",\"position\":2,\"name\":\"Tienda\",\"item\":\"https:\/\/www.mercadokeys.com\/shop\/\"},{\"@type\":\"ListItem\",\"position\":3,\"name\":\"NHL 22 Xbox One CD Key GLOBAL\"}]},{\"@type\":\"WebSite\",\"@id\":\"https:\/\/www.mercadokeys.com\/eng\/#website\",\"url\":\"https:\/\/www.mercadokeys.com\/eng\/\",\"name\":\"MERCADOKEYS\",\"description\":\"Tu Tienda de videojuegos digitales en Mexico!\",\"potentialAction\":[{\"@type\":\"SearchAction\",\"target\":{\"@type\":\"EntryPoint\",\"urlTemplate\":\"https:\/\/www.mercadokeys.com\/eng\/?s={search_term_string}\"},\"query-input\":{\"@type\":\"PropertyValueSpecification\",\"valueRequired\":true,\"valueName\":\"search_term_string\"}}],\"inLanguage\":\"en-GB\"}]}<\/script>\n<!-- \/ Yoast SEO plugin. -->","yoast_head_json":{"title":"NHL 22 Xbox One CD Key GLOBAL - MERCADOKEYS","robots":{"index":"index","follow":"follow","max-snippet":"max-snippet:-1","max-image-preview":"max-image-preview:large","max-video-preview":"max-video-preview:-1"},"canonical":"https:\/\/www.mercadokeys.com\/product\/nhl-22-xbox-one-cd-key-global\/","og_locale":"en_GB","og_type":"article","og_title":"NHL 22 Xbox One CD Key GLOBAL - MERCADOKEYS","og_description":"Con la potencia de Frostbite\u2122, EA SPORTS\u2122 NHL\u2122 22 recibe el trato de superestrella. Por primera vez, disfruta EA SPORTS NHL con uno de los motores de juego m\u00e1s potentes de la industria, que le da un detalle visual sin igual a todos los impactos, las fintas y los tiros. Los Factores-X de superestrellas te...","og_url":"https:\/\/www.mercadokeys.com\/product\/nhl-22-xbox-one-cd-key-global\/","og_site_name":"MERCADOKEYS","article_modified_time":"2022-06-28T13:01:12+00:00","og_image":[{"width":460,"height":672,"url":"https:\/\/www.mercadokeys.com\/wp-content\/uploads\/2022\/01\/NHL-22-Xbox-One-Xbox-Live-Key-GLOBAL.jpg","type":"image\/jpeg"}],"twitter_card":"summary_large_image","twitter_misc":{"Estimated reading time":"1 minute"},"schema":{"@context":"https:\/\/schema.org","@graph":[{"@type":"WebPage","@id":"https:\/\/www.mercadokeys.com\/product\/nhl-22-xbox-one-cd-key-global\/","url":"https:\/\/www.mercadokeys.com\/product\/nhl-22-xbox-one-cd-key-global\/","name":"NHL 22 Xbox One CD Key GLOBAL - MERCADOKEYS","isPartOf":{"@id":"https:\/\/www.mercadokeys.com\/eng\/#website"},"primaryImageOfPage":{"@id":"https:\/\/www.mercadokeys.com\/product\/nhl-22-xbox-one-cd-key-global\/#primaryimage"},"image":{"@id":"https:\/\/www.mercadokeys.com\/product\/nhl-22-xbox-one-cd-key-global\/#primaryimage"},"thumbnailUrl":"https:\/\/www.mercadokeys.com.mx\/wp-content\/uploads\/2022\/01\/NHL-22-Xbox-One-Xbox-Live-Key-GLOBAL.jpg","datePublished":"2022-01-14T07:03:37+00:00","dateModified":"2022-06-28T13:01:12+00:00","breadcrumb":{"@id":"https:\/\/www.mercadokeys.com\/product\/nhl-22-xbox-one-cd-key-global\/#breadcrumb"},"inLanguage":"en-GB","potentialAction":[{"@type":"ReadAction","target":["https:\/\/www.mercadokeys.com\/product\/nhl-22-xbox-one-cd-key-global\/"]}]},{"@type":"ImageObject","inLanguage":"en-GB","@id":"https:\/\/www.mercadokeys.com\/product\/nhl-22-xbox-one-cd-key-global\/#primaryimage","url":"https:\/\/www.mercadokeys.com.mx\/wp-content\/uploads\/2022\/01\/NHL-22-Xbox-One-Xbox-Live-Key-GLOBAL.jpg","contentUrl":"https:\/\/www.mercadokeys.com.mx\/wp-content\/uploads\/2022\/01\/NHL-22-Xbox-One-Xbox-Live-Key-GLOBAL.jpg","width":460,"height":672},{"@type":"BreadcrumbList","@id":"https:\/\/www.mercadokeys.com\/product\/nhl-22-xbox-one-cd-key-global\/#breadcrumb","itemListElement":[{"@type":"ListItem","position":1,"name":"Inicio","item":"https:\/\/www.mercadokeys.com.mx\/"},{"@type":"ListItem","position":2,"name":"Tienda","item":"https:\/\/www.mercadokeys.com\/shop\/"},{"@type":"ListItem","position":3,"name":"NHL 22 Xbox One CD Key GLOBAL"}]},{"@type":"WebSite","@id":"https:\/\/www.mercadokeys.com\/eng\/#website","url":"https:\/\/www.mercadokeys.com\/eng\/","name":"MERCADOKEYS","description":"Tu Tienda de videojuegos digitales en Mexico!","potentialAction":[{"@type":"SearchAction","target":{"@type":"EntryPoint","urlTemplate":"https:\/\/www.mercadokeys.com\/eng\/?s={search_term_string}"},"query-input":{"@type":"PropertyValueSpecification","valueRequired":true,"valueName":"search_term_string"}}],"inLanguage":"en-GB"}]}},"df_price":709.301456,"df_sale_price":709.301456,"df_regular_price":709.301456,"df_image_link":"https:\/\/www.mercadokeys.com.mx\/wp-content\/uploads\/2022\/01\/NHL-22-Xbox-One-Xbox-Live-Key-GLOBAL-205x300.jpg","_links":{"self":[{"href":"https:\/\/www.mercadokeys.com.mx\/eng\/wp-json\/wp\/v2\/product\/120561","targetHints":{"allow":["GET"]}}],"collection":[{"href":"https:\/\/www.mercadokeys.com.mx\/eng\/wp-json\/wp\/v2\/product"}],"about":[{"href":"https:\/\/www.mercadokeys.com.mx\/eng\/wp-json\/wp\/v2\/types\/product"}],"wp:featuredmedia":[{"embeddable":true,"href":"https:\/\/www.mercadokeys.com.mx\/eng\/wp-json\/wp\/v2\/media\/120716"}],"wp:attachment":[{"href":"https:\/\/www.mercadokeys.com.mx\/eng\/wp-json\/wp\/v2\/media?parent=120561"}],"wp:term":[{"taxonomy":"product_brand","embeddable":true,"href":"https:\/\/www.mercadokeys.com.mx\/eng\/wp-json\/wp\/v2\/product_brand?post=120561"},{"taxonomy":"product_cat","embeddable":true,"href":"https:\/\/www.mercadokeys.com.mx\/eng\/wp-json\/wp\/v2\/product_cat?post=120561"},{"taxonomy":"product_tag","embeddable":true,"href":"https:\/\/www.mercadokeys.com.mx\/eng\/wp-json\/wp\/v2\/product_tag?post=120561"}],"curies":[{"name":"wp","href":"https:\/\/api.w.org\/{rel}","templated":true}]}}