{"id":120356,"date":"2022-01-09T12:02:24","date_gmt":"2022-01-09T20:02:24","guid":{"rendered":"https:\/\/www.mercadokeys.com\/product\/reversi-quest-xbox-live-key-xbox-one-global\/"},"modified":"2022-06-29T06:01:05","modified_gmt":"2022-06-29T13:01:05","slug":"reversi-quest-xbox-one-cd-key-global","status":"publish","type":"product","link":"https:\/\/www.mercadokeys.com.mx\/eng\/product\/reversi-quest-xbox-one-cd-key-global\/","title":{"rendered":"RevErsi Quest Xbox One CD Key GLOBAL"},"content":{"rendered":"<p><span style=\"vertical-align: inherit;\">Reversi Quest es un juego de rol t\u00e1ctico con un sistema de batalla \u00fanico basado en el juego de Reversi. Al igual que el Reversi original, la batalla es simple pero profunda y nunca sabr\u00e1s qui\u00e9n es el ganador hasta el \u00faltimo momento. <\/span><br \/>\n<span style=\"vertical-align: inherit;\">Los hechizos juegan un papel clave en las batallas. Los hechizos no se pueden usar directamente para atacar al enemigo, pero los hechizos, como romper el panel, obligar al enemigo a pasar un turno e invocar un panel especial, se pueden usar para cambiar dr\u00e1sticamente la situaci\u00f3n de la batalla. Usa hechizos de manera efectiva y podr\u00e1s hacer la batalla a tu favor.<\/span><br \/>\n<span style=\"vertical-align: inherit;\">El mapa de campo tiene un estilo de juego de mesa sugoroku simple y el juego avanza a medida que los jugadores tiran un dado y avanzan en el mapa del tablero. Hay varios tipos de dados y debes usar diferentes seg\u00fan tu situaci\u00f3n. Las cosas suceden en funci\u00f3n de d\u00f3nde te detengas en el mapa y esto incluye ganar unidades, equipo, hechizos y oro, comenzar batallas, recuperar HP, etc. <\/span><br \/>\n<span style=\"vertical-align: inherit;\">Adem\u00e1s, si se cumplen todas las condiciones, es posible que puedas encontrar una forma secreta de obtener poderosos equipo, etc<\/span><br \/>\n<span style=\"vertical-align: inherit;\">Hay un total de 9 cap\u00edtulos en la historia. El escenario es la isla de Otherlia. Hay una guerra en curso para la unificaci\u00f3n de la isla por dos reinos opuestos, Reta Kingdom y Subla Kingdom. Guerreros de dos reinos, ladrones del desierto, mensajeros de reinos opuestos, un misterioso manipulador de la guerra&#8230; Con tantos deseos y ambiciones de personajes enredados, la Isla se ve arrastrada a la guerra. <\/span><br \/>\n<span style=\"vertical-align: inherit;\">Eres un mercenario que viene de fuera del reino, cuyo talento es descubierto por una bruja misteriosa llamada Imogen, y desempe\u00f1ar\u00e1s un papel importante para unificar la isla de Otherlia. <\/span><br \/>\n<span style=\"vertical-align: inherit;\">\u00a1Obt\u00e9n equipos poderosos, forma tu propia tropa, gana las batallas&#8230; y lleva la paz a la isla de Otherlia!\u00a0<\/span><\/p>","protected":false},"excerpt":{"rendered":"<p>Reversi Quest es un juego de rol t\u00e1ctico con un sistema de batalla \u00fanico basado en el juego de Reversi. Al igual que el Reversi original, la batalla es simple pero profunda y nunca sabr\u00e1s qui\u00e9n es el ganador hasta el \u00faltimo momento. Los hechizos juegan un papel clave en las batallas. Los hechizos no&#8230;<\/p>","protected":false},"featured_media":120361,"template":"","meta":{"_monsterinsights_skip_tracking":false,"_monsterinsights_sitenote_active":false,"_monsterinsights_sitenote_note":"","_monsterinsights_sitenote_category":0},"product_brand":[],"product_cat":[1271,1281,1274,1392,1394,1396,1401,1298,1427],"product_tag":[4039,4037,4038],"class_list":{"0":"post-120356","1":"product","2":"type-product","3":"status-publish","4":"has-post-thumbnail","6":"product_cat-tienda-de-videojuegos-tijuana-mexico","7":"product_cat-tienda-de-videojuegos-consolas-tijuana-mexico","8":"product_cat-tienda-de-videojuegos-xbox-tijuana-mexico","9":"product_cat-tienda-de-videojuegos-accion-tijuana-mexico","10":"product_cat-tienda-de-videojuegos-aventura-tijuana-mexico","11":"product_cat-tienda-de-videojuegos-simulacion-tijuana-mexico","12":"product_cat-tienda-de-videojuegos-estrategia-tijuana-mexico","13":"product_cat-tienda-de-videojuegos-rol-tijuana-mexico","14":"product_cat-tienda-de-videojuegos-juegos-para-mando-tijuana-mexico","15":"product_tag-reversi-quest-buy-xbox-game","16":"product_tag-reversi-quest-xbox-cd-key","17":"product_tag-reversi-quest-xbox-key","19":"first","20":"instock","21":"shipping-taxable","22":"purchasable","23":"product-type-simple"},"yoast_head":"<!-- This site is optimized with the Yoast SEO plugin v27.0 - https:\/\/yoast.com\/product\/yoast-seo-wordpress\/ -->\n<title>RevErsi Quest Xbox One CD Key GLOBAL - MERCADOKEYS<\/title>\n<meta name=\"description\" content=\"Reversi Quest es un juego de rol t\u00e1ctico con un sistema de batalla \u00fanico basado en el juego de Reversi.\" \/>\n<meta name=\"robots\" content=\"index, follow, max-snippet:-1, max-image-preview:large, max-video-preview:-1\" \/>\n<link rel=\"canonical\" href=\"https:\/\/www.mercadokeys.com\/product\/reversi-quest-xbox-one-cd-key-global\/\" \/>\n<meta property=\"og:locale\" content=\"en_GB\" \/>\n<meta property=\"og:type\" content=\"article\" \/>\n<meta property=\"og:title\" content=\"RevErsi Quest Xbox One CD Key GLOBAL - MERCADOKEYS\" \/>\n<meta property=\"og:description\" content=\"Reversi Quest es un juego de rol t\u00e1ctico con un sistema de batalla \u00fanico basado en el juego de Reversi.\" \/>\n<meta property=\"og:url\" content=\"https:\/\/www.mercadokeys.com\/product\/reversi-quest-xbox-one-cd-key-global\/\" \/>\n<meta property=\"og:site_name\" content=\"MERCADOKEYS\" \/>\n<meta property=\"article:modified_time\" content=\"2022-06-29T13:01:05+00:00\" \/>\n<meta property=\"og:image\" content=\"https:\/\/www.mercadokeys.com\/wp-content\/uploads\/2022\/01\/130946.jpg\" \/>\n\t<meta property=\"og:image:width\" content=\"230\" \/>\n\t<meta property=\"og:image:height\" content=\"336\" \/>\n\t<meta property=\"og:image:type\" content=\"image\/jpeg\" \/>\n<meta name=\"twitter:card\" content=\"summary_large_image\" \/>\n<meta name=\"twitter:label1\" content=\"Estimated reading time\" \/>\n\t<meta name=\"twitter:data1\" content=\"2 minutes\" \/>\n<script type=\"application\/ld+json\" class=\"yoast-schema-graph\">{\"@context\":\"https:\/\/schema.org\",\"@graph\":[{\"@type\":\"WebPage\",\"@id\":\"https:\/\/www.mercadokeys.com\/product\/reversi-quest-xbox-one-cd-key-global\/\",\"url\":\"https:\/\/www.mercadokeys.com\/product\/reversi-quest-xbox-one-cd-key-global\/\",\"name\":\"RevErsi Quest Xbox One CD Key GLOBAL - MERCADOKEYS\",\"isPartOf\":{\"@id\":\"https:\/\/www.mercadokeys.com\/eng\/#website\"},\"primaryImageOfPage\":{\"@id\":\"https:\/\/www.mercadokeys.com\/product\/reversi-quest-xbox-one-cd-key-global\/#primaryimage\"},\"image\":{\"@id\":\"https:\/\/www.mercadokeys.com\/product\/reversi-quest-xbox-one-cd-key-global\/#primaryimage\"},\"thumbnailUrl\":\"https:\/\/www.mercadokeys.com.mx\/wp-content\/uploads\/2022\/01\/130946.jpg\",\"datePublished\":\"2022-01-09T20:02:24+00:00\",\"dateModified\":\"2022-06-29T13:01:05+00:00\",\"description\":\"Reversi Quest es un juego de rol t\u00e1ctico con un sistema de batalla \u00fanico basado en el juego de Reversi.\",\"breadcrumb\":{\"@id\":\"https:\/\/www.mercadokeys.com\/product\/reversi-quest-xbox-one-cd-key-global\/#breadcrumb\"},\"inLanguage\":\"en-GB\",\"potentialAction\":[{\"@type\":\"ReadAction\",\"target\":[\"https:\/\/www.mercadokeys.com\/product\/reversi-quest-xbox-one-cd-key-global\/\"]}]},{\"@type\":\"ImageObject\",\"inLanguage\":\"en-GB\",\"@id\":\"https:\/\/www.mercadokeys.com\/product\/reversi-quest-xbox-one-cd-key-global\/#primaryimage\",\"url\":\"https:\/\/www.mercadokeys.com.mx\/wp-content\/uploads\/2022\/01\/130946.jpg\",\"contentUrl\":\"https:\/\/www.mercadokeys.com.mx\/wp-content\/uploads\/2022\/01\/130946.jpg\",\"width\":230,\"height\":336},{\"@type\":\"BreadcrumbList\",\"@id\":\"https:\/\/www.mercadokeys.com\/product\/reversi-quest-xbox-one-cd-key-global\/#breadcrumb\",\"itemListElement\":[{\"@type\":\"ListItem\",\"position\":1,\"name\":\"Inicio\",\"item\":\"https:\/\/www.mercadokeys.com.mx\/\"},{\"@type\":\"ListItem\",\"position\":2,\"name\":\"Tienda\",\"item\":\"https:\/\/www.mercadokeys.com\/shop\/\"},{\"@type\":\"ListItem\",\"position\":3,\"name\":\"RevErsi Quest Xbox One CD Key GLOBAL\"}]},{\"@type\":\"WebSite\",\"@id\":\"https:\/\/www.mercadokeys.com\/eng\/#website\",\"url\":\"https:\/\/www.mercadokeys.com\/eng\/\",\"name\":\"MERCADOKEYS\",\"description\":\"Tu Tienda de videojuegos digitales en Mexico!\",\"potentialAction\":[{\"@type\":\"SearchAction\",\"target\":{\"@type\":\"EntryPoint\",\"urlTemplate\":\"https:\/\/www.mercadokeys.com\/eng\/?s={search_term_string}\"},\"query-input\":{\"@type\":\"PropertyValueSpecification\",\"valueRequired\":true,\"valueName\":\"search_term_string\"}}],\"inLanguage\":\"en-GB\"}]}<\/script>\n<!-- \/ Yoast SEO plugin. -->","yoast_head_json":{"title":"RevErsi Quest Xbox One CD Key GLOBAL - MERCADOKEYS","description":"Reversi Quest es un juego de rol t\u00e1ctico con un sistema de batalla \u00fanico basado en el juego de Reversi.","robots":{"index":"index","follow":"follow","max-snippet":"max-snippet:-1","max-image-preview":"max-image-preview:large","max-video-preview":"max-video-preview:-1"},"canonical":"https:\/\/www.mercadokeys.com\/product\/reversi-quest-xbox-one-cd-key-global\/","og_locale":"en_GB","og_type":"article","og_title":"RevErsi Quest Xbox One CD Key GLOBAL - MERCADOKEYS","og_description":"Reversi Quest es un juego de rol t\u00e1ctico con un sistema de batalla \u00fanico basado en el juego de Reversi.","og_url":"https:\/\/www.mercadokeys.com\/product\/reversi-quest-xbox-one-cd-key-global\/","og_site_name":"MERCADOKEYS","article_modified_time":"2022-06-29T13:01:05+00:00","og_image":[{"width":230,"height":336,"url":"https:\/\/www.mercadokeys.com\/wp-content\/uploads\/2022\/01\/130946.jpg","type":"image\/jpeg"}],"twitter_card":"summary_large_image","twitter_misc":{"Estimated reading time":"2 minutes"},"schema":{"@context":"https:\/\/schema.org","@graph":[{"@type":"WebPage","@id":"https:\/\/www.mercadokeys.com\/product\/reversi-quest-xbox-one-cd-key-global\/","url":"https:\/\/www.mercadokeys.com\/product\/reversi-quest-xbox-one-cd-key-global\/","name":"RevErsi Quest Xbox One CD Key GLOBAL - MERCADOKEYS","isPartOf":{"@id":"https:\/\/www.mercadokeys.com\/eng\/#website"},"primaryImageOfPage":{"@id":"https:\/\/www.mercadokeys.com\/product\/reversi-quest-xbox-one-cd-key-global\/#primaryimage"},"image":{"@id":"https:\/\/www.mercadokeys.com\/product\/reversi-quest-xbox-one-cd-key-global\/#primaryimage"},"thumbnailUrl":"https:\/\/www.mercadokeys.com.mx\/wp-content\/uploads\/2022\/01\/130946.jpg","datePublished":"2022-01-09T20:02:24+00:00","dateModified":"2022-06-29T13:01:05+00:00","description":"Reversi Quest es un juego de rol t\u00e1ctico con un sistema de batalla \u00fanico basado en el juego de Reversi.","breadcrumb":{"@id":"https:\/\/www.mercadokeys.com\/product\/reversi-quest-xbox-one-cd-key-global\/#breadcrumb"},"inLanguage":"en-GB","potentialAction":[{"@type":"ReadAction","target":["https:\/\/www.mercadokeys.com\/product\/reversi-quest-xbox-one-cd-key-global\/"]}]},{"@type":"ImageObject","inLanguage":"en-GB","@id":"https:\/\/www.mercadokeys.com\/product\/reversi-quest-xbox-one-cd-key-global\/#primaryimage","url":"https:\/\/www.mercadokeys.com.mx\/wp-content\/uploads\/2022\/01\/130946.jpg","contentUrl":"https:\/\/www.mercadokeys.com.mx\/wp-content\/uploads\/2022\/01\/130946.jpg","width":230,"height":336},{"@type":"BreadcrumbList","@id":"https:\/\/www.mercadokeys.com\/product\/reversi-quest-xbox-one-cd-key-global\/#breadcrumb","itemListElement":[{"@type":"ListItem","position":1,"name":"Inicio","item":"https:\/\/www.mercadokeys.com.mx\/"},{"@type":"ListItem","position":2,"name":"Tienda","item":"https:\/\/www.mercadokeys.com\/shop\/"},{"@type":"ListItem","position":3,"name":"RevErsi Quest Xbox One CD Key GLOBAL"}]},{"@type":"WebSite","@id":"https:\/\/www.mercadokeys.com\/eng\/#website","url":"https:\/\/www.mercadokeys.com\/eng\/","name":"MERCADOKEYS","description":"Tu Tienda de videojuegos digitales en Mexico!","potentialAction":[{"@type":"SearchAction","target":{"@type":"EntryPoint","urlTemplate":"https:\/\/www.mercadokeys.com\/eng\/?s={search_term_string}"},"query-input":{"@type":"PropertyValueSpecification","valueRequired":true,"valueName":"search_term_string"}}],"inLanguage":"en-GB"}]}},"df_price":198.13265,"df_sale_price":198.13265,"df_regular_price":198.13265,"df_image_link":"https:\/\/www.mercadokeys.com.mx\/wp-content\/uploads\/2022\/01\/130946-205x300.jpg","_links":{"self":[{"href":"https:\/\/www.mercadokeys.com.mx\/eng\/wp-json\/wp\/v2\/product\/120356","targetHints":{"allow":["GET"]}}],"collection":[{"href":"https:\/\/www.mercadokeys.com.mx\/eng\/wp-json\/wp\/v2\/product"}],"about":[{"href":"https:\/\/www.mercadokeys.com.mx\/eng\/wp-json\/wp\/v2\/types\/product"}],"wp:featuredmedia":[{"embeddable":true,"href":"https:\/\/www.mercadokeys.com.mx\/eng\/wp-json\/wp\/v2\/media\/120361"}],"wp:attachment":[{"href":"https:\/\/www.mercadokeys.com.mx\/eng\/wp-json\/wp\/v2\/media?parent=120356"}],"wp:term":[{"taxonomy":"product_brand","embeddable":true,"href":"https:\/\/www.mercadokeys.com.mx\/eng\/wp-json\/wp\/v2\/product_brand?post=120356"},{"taxonomy":"product_cat","embeddable":true,"href":"https:\/\/www.mercadokeys.com.mx\/eng\/wp-json\/wp\/v2\/product_cat?post=120356"},{"taxonomy":"product_tag","embeddable":true,"href":"https:\/\/www.mercadokeys.com.mx\/eng\/wp-json\/wp\/v2\/product_tag?post=120356"}],"curies":[{"name":"wp","href":"https:\/\/api.w.org\/{rel}","templated":true}]}}