{"id":119582,"date":"2022-01-01T12:12:05","date_gmt":"2022-01-01T20:12:05","guid":{"rendered":"https:\/\/www.mercadokeys.com\/product\/forza-motorsport-6-ten-year-anniversary-car-pack-xbox-live-key-xbox-one-global\/"},"modified":"2022-06-29T06:03:14","modified_gmt":"2022-06-29T13:03:14","slug":"forza-motorsport-6-ten-year-anniversary-car-pack-xbox-one-cd-key-global","status":"publish","type":"product","link":"https:\/\/www.mercadokeys.com.mx\/eng\/product\/forza-motorsport-6-ten-year-anniversary-car-pack-xbox-one-cd-key-global\/","title":{"rendered":"Forza Motorsport 6 &#8211; Ten Year Anniversary Car Pack XBOX ONE CD Key GLOBAL"},"content":{"rendered":"<p><span style=\"vertical-align: inherit;\">\u00a1Celebra la primera d\u00e9cada de Forza Motorsport con el paquete de coches del d\u00e9cimo aniversario de Forza Motorsport 6! Disponible con la compra de un paquete digital de Forza Motorsport 6 (Standard, Deluxe o Ultimate Edition), el paquete de autos del d\u00e9cimo aniversario presenta una incre\u00edble l\u00ednea de autos, todos inspirados en los autos de portada de los juegos anteriores de Forza Motorsport. Cada uno de los autos del paquete del d\u00e9cimo aniversario cuenta con libreas personalizadas del d\u00e9cimo aniversario y se han ajustado especialmente para ser los mejores de su clase. El paquete de autos del d\u00e9cimo aniversario incluye diez autos, incluidos el BMW M5 de 2012, el Honda NSX-R de 2005, el McLaren P1 de 2013 y el Lamborghini Hurac\u00e1n LP 610-4 de 2014.<\/span><\/p>","protected":false},"excerpt":{"rendered":"<p>\u00a1Celebra la primera d\u00e9cada de Forza Motorsport con el paquete de coches del d\u00e9cimo aniversario de Forza Motorsport 6! Disponible con la compra de un paquete digital de Forza Motorsport 6 (Standard, Deluxe o Ultimate Edition), el paquete de autos del d\u00e9cimo aniversario presenta una incre\u00edble l\u00ednea de autos, todos inspirados en los autos de&#8230;<\/p>","protected":false},"featured_media":119584,"template":"","meta":{"_monsterinsights_skip_tracking":false,"_monsterinsights_sitenote_active":false,"_monsterinsights_sitenote_note":"","_monsterinsights_sitenote_category":0},"product_brand":[],"product_cat":[1271,1281,1274,1396,1292,1427,1424],"product_tag":[3918,3919,3920],"class_list":{"0":"post-119582","1":"product","2":"type-product","3":"status-publish","4":"has-post-thumbnail","6":"product_cat-tienda-de-videojuegos-tijuana-mexico","7":"product_cat-tienda-de-videojuegos-consolas-tijuana-mexico","8":"product_cat-tienda-de-videojuegos-xbox-tijuana-mexico","9":"product_cat-tienda-de-videojuegos-simulacion-tijuana-mexico","10":"product_cat-tienda-de-videojuegos-carreras-tijuana-mexico","11":"product_cat-tienda-de-videojuegos-juegos-para-mando-tijuana-mexico","12":"product_cat-tienda-de-videojuegos-lo-mas-jugados-tijuana-mexico","13":"product_tag-forza-motorsport-6-xbox","14":"product_tag-forza-motorsport-6-xbox-cd-key","15":"product_tag-forza-motorsport-6-xbox-key","17":"first","18":"instock","19":"shipping-taxable","20":"purchasable","21":"product-type-simple"},"yoast_head":"<!-- This site is optimized with the Yoast SEO plugin v27.0 - https:\/\/yoast.com\/product\/yoast-seo-wordpress\/ -->\n<title>Forza Motorsport 6 - Ten Year Anniversary Car Pack XBOX ONE CD Key GLOBAL - MERCADOKEYS<\/title>\n<meta name=\"description\" content=\"\u00a1Celebra la primera d\u00e9cada de Forza Motorsport con el paquete de coches del d\u00e9cimo aniversario de Forza Motorsport 6!\" \/>\n<meta name=\"robots\" content=\"index, follow, max-snippet:-1, max-image-preview:large, max-video-preview:-1\" \/>\n<link rel=\"canonical\" href=\"https:\/\/www.mercadokeys.com\/product\/forza-motorsport-6-ten-year-anniversary-car-pack-xbox-one-cd-key-global\/\" \/>\n<meta property=\"og:locale\" content=\"en_GB\" \/>\n<meta property=\"og:type\" content=\"article\" \/>\n<meta property=\"og:title\" content=\"Forza Motorsport 6 - Ten Year Anniversary Car Pack XBOX ONE CD Key GLOBAL - MERCADOKEYS\" \/>\n<meta property=\"og:description\" content=\"\u00a1Celebra la primera d\u00e9cada de Forza Motorsport con el paquete de coches del d\u00e9cimo aniversario de Forza Motorsport 6!\" \/>\n<meta property=\"og:url\" content=\"https:\/\/www.mercadokeys.com\/product\/forza-motorsport-6-ten-year-anniversary-car-pack-xbox-one-cd-key-global\/\" \/>\n<meta property=\"og:site_name\" content=\"MERCADOKEYS\" \/>\n<meta property=\"article:modified_time\" content=\"2022-06-29T13:03:14+00:00\" \/>\n<meta property=\"og:image\" content=\"https:\/\/www.mercadokeys.com\/wp-content\/uploads\/2022\/01\/178460.jpg\" \/>\n\t<meta property=\"og:image:width\" content=\"230\" \/>\n\t<meta property=\"og:image:height\" content=\"336\" \/>\n\t<meta property=\"og:image:type\" content=\"image\/jpeg\" \/>\n<meta name=\"twitter:card\" content=\"summary_large_image\" \/>\n<meta name=\"twitter:label1\" content=\"Estimated reading time\" \/>\n\t<meta name=\"twitter:data1\" content=\"1 minute\" \/>\n<script type=\"application\/ld+json\" class=\"yoast-schema-graph\">{\"@context\":\"https:\/\/schema.org\",\"@graph\":[{\"@type\":\"WebPage\",\"@id\":\"https:\/\/www.mercadokeys.com\/product\/forza-motorsport-6-ten-year-anniversary-car-pack-xbox-one-cd-key-global\/\",\"url\":\"https:\/\/www.mercadokeys.com\/product\/forza-motorsport-6-ten-year-anniversary-car-pack-xbox-one-cd-key-global\/\",\"name\":\"Forza Motorsport 6 - Ten Year Anniversary Car Pack XBOX ONE CD Key GLOBAL - MERCADOKEYS\",\"isPartOf\":{\"@id\":\"https:\/\/www.mercadokeys.com\/eng\/#website\"},\"primaryImageOfPage\":{\"@id\":\"https:\/\/www.mercadokeys.com\/product\/forza-motorsport-6-ten-year-anniversary-car-pack-xbox-one-cd-key-global\/#primaryimage\"},\"image\":{\"@id\":\"https:\/\/www.mercadokeys.com\/product\/forza-motorsport-6-ten-year-anniversary-car-pack-xbox-one-cd-key-global\/#primaryimage\"},\"thumbnailUrl\":\"https:\/\/www.mercadokeys.com.mx\/wp-content\/uploads\/2022\/01\/178460.jpg\",\"datePublished\":\"2022-01-01T20:12:05+00:00\",\"dateModified\":\"2022-06-29T13:03:14+00:00\",\"description\":\"\u00a1Celebra la primera d\u00e9cada de Forza Motorsport con el paquete de coches del d\u00e9cimo aniversario de Forza Motorsport 6!\",\"breadcrumb\":{\"@id\":\"https:\/\/www.mercadokeys.com\/product\/forza-motorsport-6-ten-year-anniversary-car-pack-xbox-one-cd-key-global\/#breadcrumb\"},\"inLanguage\":\"en-GB\",\"potentialAction\":[{\"@type\":\"ReadAction\",\"target\":[\"https:\/\/www.mercadokeys.com\/product\/forza-motorsport-6-ten-year-anniversary-car-pack-xbox-one-cd-key-global\/\"]}]},{\"@type\":\"ImageObject\",\"inLanguage\":\"en-GB\",\"@id\":\"https:\/\/www.mercadokeys.com\/product\/forza-motorsport-6-ten-year-anniversary-car-pack-xbox-one-cd-key-global\/#primaryimage\",\"url\":\"https:\/\/www.mercadokeys.com.mx\/wp-content\/uploads\/2022\/01\/178460.jpg\",\"contentUrl\":\"https:\/\/www.mercadokeys.com.mx\/wp-content\/uploads\/2022\/01\/178460.jpg\",\"width\":230,\"height\":336},{\"@type\":\"BreadcrumbList\",\"@id\":\"https:\/\/www.mercadokeys.com\/product\/forza-motorsport-6-ten-year-anniversary-car-pack-xbox-one-cd-key-global\/#breadcrumb\",\"itemListElement\":[{\"@type\":\"ListItem\",\"position\":1,\"name\":\"Inicio\",\"item\":\"https:\/\/www.mercadokeys.com.mx\/\"},{\"@type\":\"ListItem\",\"position\":2,\"name\":\"Tienda\",\"item\":\"https:\/\/www.mercadokeys.com\/shop\/\"},{\"@type\":\"ListItem\",\"position\":3,\"name\":\"Forza Motorsport 6 &#8211; Ten Year Anniversary Car Pack XBOX ONE CD Key GLOBAL\"}]},{\"@type\":\"WebSite\",\"@id\":\"https:\/\/www.mercadokeys.com\/eng\/#website\",\"url\":\"https:\/\/www.mercadokeys.com\/eng\/\",\"name\":\"MERCADOKEYS\",\"description\":\"Tu Tienda de videojuegos digitales en Mexico!\",\"potentialAction\":[{\"@type\":\"SearchAction\",\"target\":{\"@type\":\"EntryPoint\",\"urlTemplate\":\"https:\/\/www.mercadokeys.com\/eng\/?s={search_term_string}\"},\"query-input\":{\"@type\":\"PropertyValueSpecification\",\"valueRequired\":true,\"valueName\":\"search_term_string\"}}],\"inLanguage\":\"en-GB\"}]}<\/script>\n<!-- \/ Yoast SEO plugin. -->","yoast_head_json":{"title":"Forza Motorsport 6 - Ten Year Anniversary Car Pack XBOX ONE CD Key GLOBAL - MERCADOKEYS","description":"\u00a1Celebra la primera d\u00e9cada de Forza Motorsport con el paquete de coches del d\u00e9cimo aniversario de Forza Motorsport 6!","robots":{"index":"index","follow":"follow","max-snippet":"max-snippet:-1","max-image-preview":"max-image-preview:large","max-video-preview":"max-video-preview:-1"},"canonical":"https:\/\/www.mercadokeys.com\/product\/forza-motorsport-6-ten-year-anniversary-car-pack-xbox-one-cd-key-global\/","og_locale":"en_GB","og_type":"article","og_title":"Forza Motorsport 6 - Ten Year Anniversary Car Pack XBOX ONE CD Key GLOBAL - MERCADOKEYS","og_description":"\u00a1Celebra la primera d\u00e9cada de Forza Motorsport con el paquete de coches del d\u00e9cimo aniversario de Forza Motorsport 6!","og_url":"https:\/\/www.mercadokeys.com\/product\/forza-motorsport-6-ten-year-anniversary-car-pack-xbox-one-cd-key-global\/","og_site_name":"MERCADOKEYS","article_modified_time":"2022-06-29T13:03:14+00:00","og_image":[{"width":230,"height":336,"url":"https:\/\/www.mercadokeys.com\/wp-content\/uploads\/2022\/01\/178460.jpg","type":"image\/jpeg"}],"twitter_card":"summary_large_image","twitter_misc":{"Estimated reading time":"1 minute"},"schema":{"@context":"https:\/\/schema.org","@graph":[{"@type":"WebPage","@id":"https:\/\/www.mercadokeys.com\/product\/forza-motorsport-6-ten-year-anniversary-car-pack-xbox-one-cd-key-global\/","url":"https:\/\/www.mercadokeys.com\/product\/forza-motorsport-6-ten-year-anniversary-car-pack-xbox-one-cd-key-global\/","name":"Forza Motorsport 6 - Ten Year Anniversary Car Pack XBOX ONE CD Key GLOBAL - MERCADOKEYS","isPartOf":{"@id":"https:\/\/www.mercadokeys.com\/eng\/#website"},"primaryImageOfPage":{"@id":"https:\/\/www.mercadokeys.com\/product\/forza-motorsport-6-ten-year-anniversary-car-pack-xbox-one-cd-key-global\/#primaryimage"},"image":{"@id":"https:\/\/www.mercadokeys.com\/product\/forza-motorsport-6-ten-year-anniversary-car-pack-xbox-one-cd-key-global\/#primaryimage"},"thumbnailUrl":"https:\/\/www.mercadokeys.com.mx\/wp-content\/uploads\/2022\/01\/178460.jpg","datePublished":"2022-01-01T20:12:05+00:00","dateModified":"2022-06-29T13:03:14+00:00","description":"\u00a1Celebra la primera d\u00e9cada de Forza Motorsport con el paquete de coches del d\u00e9cimo aniversario de Forza Motorsport 6!","breadcrumb":{"@id":"https:\/\/www.mercadokeys.com\/product\/forza-motorsport-6-ten-year-anniversary-car-pack-xbox-one-cd-key-global\/#breadcrumb"},"inLanguage":"en-GB","potentialAction":[{"@type":"ReadAction","target":["https:\/\/www.mercadokeys.com\/product\/forza-motorsport-6-ten-year-anniversary-car-pack-xbox-one-cd-key-global\/"]}]},{"@type":"ImageObject","inLanguage":"en-GB","@id":"https:\/\/www.mercadokeys.com\/product\/forza-motorsport-6-ten-year-anniversary-car-pack-xbox-one-cd-key-global\/#primaryimage","url":"https:\/\/www.mercadokeys.com.mx\/wp-content\/uploads\/2022\/01\/178460.jpg","contentUrl":"https:\/\/www.mercadokeys.com.mx\/wp-content\/uploads\/2022\/01\/178460.jpg","width":230,"height":336},{"@type":"BreadcrumbList","@id":"https:\/\/www.mercadokeys.com\/product\/forza-motorsport-6-ten-year-anniversary-car-pack-xbox-one-cd-key-global\/#breadcrumb","itemListElement":[{"@type":"ListItem","position":1,"name":"Inicio","item":"https:\/\/www.mercadokeys.com.mx\/"},{"@type":"ListItem","position":2,"name":"Tienda","item":"https:\/\/www.mercadokeys.com\/shop\/"},{"@type":"ListItem","position":3,"name":"Forza Motorsport 6 &#8211; Ten Year Anniversary Car Pack XBOX ONE CD Key GLOBAL"}]},{"@type":"WebSite","@id":"https:\/\/www.mercadokeys.com\/eng\/#website","url":"https:\/\/www.mercadokeys.com\/eng\/","name":"MERCADOKEYS","description":"Tu Tienda de videojuegos digitales en Mexico!","potentialAction":[{"@type":"SearchAction","target":{"@type":"EntryPoint","urlTemplate":"https:\/\/www.mercadokeys.com\/eng\/?s={search_term_string}"},"query-input":{"@type":"PropertyValueSpecification","valueRequired":true,"valueName":"search_term_string"}}],"inLanguage":"en-GB"}]}},"df_price":345.659991,"df_sale_price":345.659991,"df_regular_price":345.659991,"df_image_link":"https:\/\/www.mercadokeys.com.mx\/wp-content\/uploads\/2022\/01\/178460-205x300.jpg","_links":{"self":[{"href":"https:\/\/www.mercadokeys.com.mx\/eng\/wp-json\/wp\/v2\/product\/119582","targetHints":{"allow":["GET"]}}],"collection":[{"href":"https:\/\/www.mercadokeys.com.mx\/eng\/wp-json\/wp\/v2\/product"}],"about":[{"href":"https:\/\/www.mercadokeys.com.mx\/eng\/wp-json\/wp\/v2\/types\/product"}],"wp:featuredmedia":[{"embeddable":true,"href":"https:\/\/www.mercadokeys.com.mx\/eng\/wp-json\/wp\/v2\/media\/119584"}],"wp:attachment":[{"href":"https:\/\/www.mercadokeys.com.mx\/eng\/wp-json\/wp\/v2\/media?parent=119582"}],"wp:term":[{"taxonomy":"product_brand","embeddable":true,"href":"https:\/\/www.mercadokeys.com.mx\/eng\/wp-json\/wp\/v2\/product_brand?post=119582"},{"taxonomy":"product_cat","embeddable":true,"href":"https:\/\/www.mercadokeys.com.mx\/eng\/wp-json\/wp\/v2\/product_cat?post=119582"},{"taxonomy":"product_tag","embeddable":true,"href":"https:\/\/www.mercadokeys.com.mx\/eng\/wp-json\/wp\/v2\/product_tag?post=119582"}],"curies":[{"name":"wp","href":"https:\/\/api.w.org\/{rel}","templated":true}]}}