{"id":119561,"date":"2022-01-01T12:11:09","date_gmt":"2022-01-01T20:11:09","guid":{"rendered":"https:\/\/www.mercadokeys.com\/product\/the-technomancer-xbox-live-key-global\/"},"modified":"2022-06-29T06:02:58","modified_gmt":"2022-06-29T13:02:58","slug":"the-technomancer-xbox-live-cd-key-global","status":"publish","type":"product","link":"https:\/\/www.mercadokeys.com.mx\/eng\/product\/the-technomancer-xbox-live-cd-key-global\/","title":{"rendered":"The Technomancer XBOX LIVE CD Key GLOBAL"},"content":{"rendered":"<p><span style=\"vertical-align: inherit;\">The Technomancer es un juego de rol de ciencia ficci\u00f3n ambientado en Marte durante la Guerra del Agua, donde un aspirante a\u00a0 Technomancer se enfrenta a una mir\u00edada de preguntas a medida que su futuro se ve amenazado por los secretos de su pasado.<\/span><\/p>\n<p><span style=\"vertical-align: inherit;\">Los tecnomantes son &#8220;magos-guerreros&#8221;, que aprovechan, gracias a un talento innato, poderes destructivos de base el\u00e9ctrica, amplificados por sus implantes cibern\u00e9ticos. Ambos respetados y temidos por todos, son temibles guerreros entrenados desde peque\u00f1os para luchar. Usted es uno de ellos, a punto de aprobar finalmente su rito de iniciaci\u00f3n para convertirse en un Tecnomante de pleno derecho.<\/span><\/p>\n<p><span style=\"vertical-align: inherit;\">The Technomancer ofrecer\u00e1 a los jugadores un juego de combate orientado a la acci\u00f3n a lo largo de cuatro \u00e1rboles de habilidades diferentes, centr\u00e1ndose en 3 estilos de lucha diferentes y los poderes destructivos centrados en la electricidad de los Technomancers. Pero no todas las situaciones deben tratarse necesariamente con fuerza bruta, ya que el di\u00e1logo de conversaci\u00f3n din\u00e1mica juega un papel importante en las misiones, cambiando la historia seg\u00fan las decisiones que tomes. Crea equipo, armas y armaduras para ti y para los compa\u00f1eros que reclutar\u00e1s a lo largo de tu aventura, fomentando las relaciones con ellos.<\/span><\/p>","protected":false},"excerpt":{"rendered":"<p>The Technomancer es un juego de rol de ciencia ficci\u00f3n ambientado en Marte durante la Guerra del Agua, donde un aspirante a\u00a0 Technomancer se enfrenta a una mir\u00edada de preguntas a medida que su futuro se ve amenazado por los secretos de su pasado. Los tecnomantes son &#8220;magos-guerreros&#8221;, que aprovechan, gracias a un talento innato,&#8230;<\/p>","protected":false},"featured_media":119562,"template":"","meta":{"_monsterinsights_skip_tracking":false,"_monsterinsights_sitenote_active":false,"_monsterinsights_sitenote_note":"","_monsterinsights_sitenote_category":0},"product_brand":[],"product_cat":[1271,1281,1274,1392,1298,1427],"product_tag":[3938,3937,3939],"class_list":{"0":"post-119561","1":"product","2":"type-product","3":"status-publish","4":"has-post-thumbnail","6":"product_cat-tienda-de-videojuegos-tijuana-mexico","7":"product_cat-tienda-de-videojuegos-consolas-tijuana-mexico","8":"product_cat-tienda-de-videojuegos-xbox-tijuana-mexico","9":"product_cat-tienda-de-videojuegos-accion-tijuana-mexico","10":"product_cat-tienda-de-videojuegos-rol-tijuana-mexico","11":"product_cat-tienda-de-videojuegos-juegos-para-mando-tijuana-mexico","12":"product_tag-the-technomancer-cd-key","13":"product_tag-the-technomancer-xbox","14":"product_tag-the-technomancer-xbox-key","16":"first","17":"instock","18":"shipping-taxable","19":"purchasable","20":"product-type-simple"},"yoast_head":"<!-- This site is optimized with the Yoast SEO plugin v27.0 - https:\/\/yoast.com\/product\/yoast-seo-wordpress\/ -->\n<title>The Technomancer XBOX LIVE CD Key GLOBAL - MERCADOKEYS<\/title>\n<meta name=\"description\" content=\"The Technomancer ofrecer\u00e1 a los jugadores un juego de combate orientado a la acci\u00f3n a lo largo de cuatro \u00e1rboles de habilidades diferentes\" \/>\n<meta name=\"robots\" content=\"index, follow, max-snippet:-1, max-image-preview:large, max-video-preview:-1\" \/>\n<link rel=\"canonical\" href=\"https:\/\/www.mercadokeys.com\/product\/the-technomancer-xbox-live-cd-key-global\/\" \/>\n<meta property=\"og:locale\" content=\"en_GB\" \/>\n<meta property=\"og:type\" content=\"article\" \/>\n<meta property=\"og:title\" content=\"The Technomancer XBOX LIVE CD Key GLOBAL - MERCADOKEYS\" \/>\n<meta property=\"og:description\" content=\"The Technomancer ofrecer\u00e1 a los jugadores un juego de combate orientado a la acci\u00f3n a lo largo de cuatro \u00e1rboles de habilidades diferentes\" \/>\n<meta property=\"og:url\" content=\"https:\/\/www.mercadokeys.com\/product\/the-technomancer-xbox-live-cd-key-global\/\" \/>\n<meta property=\"og:site_name\" content=\"MERCADOKEYS\" \/>\n<meta property=\"article:modified_time\" content=\"2022-06-29T13:02:58+00:00\" \/>\n<meta property=\"og:image\" content=\"https:\/\/www.mercadokeys.com\/wp-content\/uploads\/2022\/01\/121371.jpg\" \/>\n\t<meta property=\"og:image:width\" content=\"230\" \/>\n\t<meta property=\"og:image:height\" content=\"336\" \/>\n\t<meta property=\"og:image:type\" content=\"image\/jpeg\" \/>\n<meta name=\"twitter:card\" content=\"summary_large_image\" \/>\n<meta name=\"twitter:label1\" content=\"Estimated reading time\" \/>\n\t<meta name=\"twitter:data1\" content=\"1 minute\" \/>\n<script type=\"application\/ld+json\" class=\"yoast-schema-graph\">{\"@context\":\"https:\/\/schema.org\",\"@graph\":[{\"@type\":\"WebPage\",\"@id\":\"https:\/\/www.mercadokeys.com\/product\/the-technomancer-xbox-live-cd-key-global\/\",\"url\":\"https:\/\/www.mercadokeys.com\/product\/the-technomancer-xbox-live-cd-key-global\/\",\"name\":\"The Technomancer XBOX LIVE CD Key GLOBAL - MERCADOKEYS\",\"isPartOf\":{\"@id\":\"https:\/\/www.mercadokeys.com\/eng\/#website\"},\"primaryImageOfPage\":{\"@id\":\"https:\/\/www.mercadokeys.com\/product\/the-technomancer-xbox-live-cd-key-global\/#primaryimage\"},\"image\":{\"@id\":\"https:\/\/www.mercadokeys.com\/product\/the-technomancer-xbox-live-cd-key-global\/#primaryimage\"},\"thumbnailUrl\":\"https:\/\/www.mercadokeys.com.mx\/wp-content\/uploads\/2022\/01\/121371.jpg\",\"datePublished\":\"2022-01-01T20:11:09+00:00\",\"dateModified\":\"2022-06-29T13:02:58+00:00\",\"description\":\"The Technomancer ofrecer\u00e1 a los jugadores un juego de combate orientado a la acci\u00f3n a lo largo de cuatro \u00e1rboles de habilidades diferentes\",\"breadcrumb\":{\"@id\":\"https:\/\/www.mercadokeys.com\/product\/the-technomancer-xbox-live-cd-key-global\/#breadcrumb\"},\"inLanguage\":\"en-GB\",\"potentialAction\":[{\"@type\":\"ReadAction\",\"target\":[\"https:\/\/www.mercadokeys.com\/product\/the-technomancer-xbox-live-cd-key-global\/\"]}]},{\"@type\":\"ImageObject\",\"inLanguage\":\"en-GB\",\"@id\":\"https:\/\/www.mercadokeys.com\/product\/the-technomancer-xbox-live-cd-key-global\/#primaryimage\",\"url\":\"https:\/\/www.mercadokeys.com.mx\/wp-content\/uploads\/2022\/01\/121371.jpg\",\"contentUrl\":\"https:\/\/www.mercadokeys.com.mx\/wp-content\/uploads\/2022\/01\/121371.jpg\",\"width\":230,\"height\":336},{\"@type\":\"BreadcrumbList\",\"@id\":\"https:\/\/www.mercadokeys.com\/product\/the-technomancer-xbox-live-cd-key-global\/#breadcrumb\",\"itemListElement\":[{\"@type\":\"ListItem\",\"position\":1,\"name\":\"Inicio\",\"item\":\"https:\/\/www.mercadokeys.com.mx\/\"},{\"@type\":\"ListItem\",\"position\":2,\"name\":\"Tienda\",\"item\":\"https:\/\/www.mercadokeys.com\/shop\/\"},{\"@type\":\"ListItem\",\"position\":3,\"name\":\"The Technomancer XBOX LIVE CD Key GLOBAL\"}]},{\"@type\":\"WebSite\",\"@id\":\"https:\/\/www.mercadokeys.com\/eng\/#website\",\"url\":\"https:\/\/www.mercadokeys.com\/eng\/\",\"name\":\"MERCADOKEYS\",\"description\":\"Tu Tienda de videojuegos digitales en Mexico!\",\"potentialAction\":[{\"@type\":\"SearchAction\",\"target\":{\"@type\":\"EntryPoint\",\"urlTemplate\":\"https:\/\/www.mercadokeys.com\/eng\/?s={search_term_string}\"},\"query-input\":{\"@type\":\"PropertyValueSpecification\",\"valueRequired\":true,\"valueName\":\"search_term_string\"}}],\"inLanguage\":\"en-GB\"}]}<\/script>\n<!-- \/ Yoast SEO plugin. -->","yoast_head_json":{"title":"The Technomancer XBOX LIVE CD Key GLOBAL - MERCADOKEYS","description":"The Technomancer ofrecer\u00e1 a los jugadores un juego de combate orientado a la acci\u00f3n a lo largo de cuatro \u00e1rboles de habilidades diferentes","robots":{"index":"index","follow":"follow","max-snippet":"max-snippet:-1","max-image-preview":"max-image-preview:large","max-video-preview":"max-video-preview:-1"},"canonical":"https:\/\/www.mercadokeys.com\/product\/the-technomancer-xbox-live-cd-key-global\/","og_locale":"en_GB","og_type":"article","og_title":"The Technomancer XBOX LIVE CD Key GLOBAL - MERCADOKEYS","og_description":"The Technomancer ofrecer\u00e1 a los jugadores un juego de combate orientado a la acci\u00f3n a lo largo de cuatro \u00e1rboles de habilidades diferentes","og_url":"https:\/\/www.mercadokeys.com\/product\/the-technomancer-xbox-live-cd-key-global\/","og_site_name":"MERCADOKEYS","article_modified_time":"2022-06-29T13:02:58+00:00","og_image":[{"width":230,"height":336,"url":"https:\/\/www.mercadokeys.com\/wp-content\/uploads\/2022\/01\/121371.jpg","type":"image\/jpeg"}],"twitter_card":"summary_large_image","twitter_misc":{"Estimated reading time":"1 minute"},"schema":{"@context":"https:\/\/schema.org","@graph":[{"@type":"WebPage","@id":"https:\/\/www.mercadokeys.com\/product\/the-technomancer-xbox-live-cd-key-global\/","url":"https:\/\/www.mercadokeys.com\/product\/the-technomancer-xbox-live-cd-key-global\/","name":"The Technomancer XBOX LIVE CD Key GLOBAL - MERCADOKEYS","isPartOf":{"@id":"https:\/\/www.mercadokeys.com\/eng\/#website"},"primaryImageOfPage":{"@id":"https:\/\/www.mercadokeys.com\/product\/the-technomancer-xbox-live-cd-key-global\/#primaryimage"},"image":{"@id":"https:\/\/www.mercadokeys.com\/product\/the-technomancer-xbox-live-cd-key-global\/#primaryimage"},"thumbnailUrl":"https:\/\/www.mercadokeys.com.mx\/wp-content\/uploads\/2022\/01\/121371.jpg","datePublished":"2022-01-01T20:11:09+00:00","dateModified":"2022-06-29T13:02:58+00:00","description":"The Technomancer ofrecer\u00e1 a los jugadores un juego de combate orientado a la acci\u00f3n a lo largo de cuatro \u00e1rboles de habilidades diferentes","breadcrumb":{"@id":"https:\/\/www.mercadokeys.com\/product\/the-technomancer-xbox-live-cd-key-global\/#breadcrumb"},"inLanguage":"en-GB","potentialAction":[{"@type":"ReadAction","target":["https:\/\/www.mercadokeys.com\/product\/the-technomancer-xbox-live-cd-key-global\/"]}]},{"@type":"ImageObject","inLanguage":"en-GB","@id":"https:\/\/www.mercadokeys.com\/product\/the-technomancer-xbox-live-cd-key-global\/#primaryimage","url":"https:\/\/www.mercadokeys.com.mx\/wp-content\/uploads\/2022\/01\/121371.jpg","contentUrl":"https:\/\/www.mercadokeys.com.mx\/wp-content\/uploads\/2022\/01\/121371.jpg","width":230,"height":336},{"@type":"BreadcrumbList","@id":"https:\/\/www.mercadokeys.com\/product\/the-technomancer-xbox-live-cd-key-global\/#breadcrumb","itemListElement":[{"@type":"ListItem","position":1,"name":"Inicio","item":"https:\/\/www.mercadokeys.com.mx\/"},{"@type":"ListItem","position":2,"name":"Tienda","item":"https:\/\/www.mercadokeys.com\/shop\/"},{"@type":"ListItem","position":3,"name":"The Technomancer XBOX LIVE CD Key GLOBAL"}]},{"@type":"WebSite","@id":"https:\/\/www.mercadokeys.com\/eng\/#website","url":"https:\/\/www.mercadokeys.com\/eng\/","name":"MERCADOKEYS","description":"Tu Tienda de videojuegos digitales en Mexico!","potentialAction":[{"@type":"SearchAction","target":{"@type":"EntryPoint","urlTemplate":"https:\/\/www.mercadokeys.com\/eng\/?s={search_term_string}"},"query-input":{"@type":"PropertyValueSpecification","valueRequired":true,"valueName":"search_term_string"}}],"inLanguage":"en-GB"}]}},"df_price":1193.656297,"df_sale_price":1193.656297,"df_regular_price":1193.656297,"df_image_link":"https:\/\/www.mercadokeys.com.mx\/wp-content\/uploads\/2022\/01\/121371-205x300.jpg","_links":{"self":[{"href":"https:\/\/www.mercadokeys.com.mx\/eng\/wp-json\/wp\/v2\/product\/119561","targetHints":{"allow":["GET"]}}],"collection":[{"href":"https:\/\/www.mercadokeys.com.mx\/eng\/wp-json\/wp\/v2\/product"}],"about":[{"href":"https:\/\/www.mercadokeys.com.mx\/eng\/wp-json\/wp\/v2\/types\/product"}],"wp:featuredmedia":[{"embeddable":true,"href":"https:\/\/www.mercadokeys.com.mx\/eng\/wp-json\/wp\/v2\/media\/119562"}],"wp:attachment":[{"href":"https:\/\/www.mercadokeys.com.mx\/eng\/wp-json\/wp\/v2\/media?parent=119561"}],"wp:term":[{"taxonomy":"product_brand","embeddable":true,"href":"https:\/\/www.mercadokeys.com.mx\/eng\/wp-json\/wp\/v2\/product_brand?post=119561"},{"taxonomy":"product_cat","embeddable":true,"href":"https:\/\/www.mercadokeys.com.mx\/eng\/wp-json\/wp\/v2\/product_cat?post=119561"},{"taxonomy":"product_tag","embeddable":true,"href":"https:\/\/www.mercadokeys.com.mx\/eng\/wp-json\/wp\/v2\/product_tag?post=119561"}],"curies":[{"name":"wp","href":"https:\/\/api.w.org\/{rel}","templated":true}]}}