{"id":118406,"date":"2021-11-18T18:32:11","date_gmt":"2021-11-19T02:32:11","guid":{"rendered":"https:\/\/www.mercadokeys.com\/producto\/assassins-creed-iii-remastered-uplay-key-pc-global\/"},"modified":"2022-06-28T06:07:13","modified_gmt":"2022-06-28T13:07:13","slug":"assassins-creed-iii-remastered-uplay-cd-key","status":"publish","type":"product","link":"https:\/\/www.mercadokeys.com.mx\/eng\/product\/assassins-creed-iii-remastered-uplay-cd-key\/","title":{"rendered":"Assassin&#8217;s Creed III: Remastered Uplay CD Key"},"content":{"rendered":"<p><span style=\"vertical-align: inherit;\">Revive la Revoluci\u00f3n Americana o v\u00edvela por primera vez en Assassin&#8217;s Creed\u00ae III Remastered, con gr\u00e1ficos mejorados y mec\u00e1nicas de juego mejoradas. Tambi\u00e9n incluye Assassin&#8217;s Creed Liberation remasterizado y todo el contenido DLC en solitario.<\/span><\/p>\n<p><span style=\"vertical-align: inherit;\">LUCHA POR LA LIBERTAD <\/span><br \/>\n<span style=\"vertical-align: inherit;\">1775. Las colonias americanas est\u00e1n a punto de rebelarse. Como Connor, un asesino nativo americano, asegura la libertad para tu pueblo y tu naci\u00f3n. Desde las bulliciosas calles de la ciudad hasta los ca\u00f3ticos campos de batalla, asesina a tus enemigos en una variedad de formas mortales con una amplia gama de armas.<\/span><\/p>\n<p><span style=\"vertical-align: inherit;\">UNA NUEVA EXPERIENCIA VISUAL Y DE JUEGO <\/span><br \/>\n<span style=\"vertical-align: inherit;\">Juega al ic\u00f3nico Assassin&#8217;s Creed III, con gr\u00e1ficos mejorados, ahora con: resoluci\u00f3n 4K, nuevos modelos de personajes, renderizado de entornos pulidos y m\u00e1s. La mec\u00e1nica de juego tambi\u00e9n se ha renovado, mejorando tu experiencia y tu inmersi\u00f3n.<\/span><\/p>\n<p><span style=\"vertical-align: inherit;\">CONTENIDO ADICIONAL <\/span><br \/>\n<span style=\"vertical-align: inherit;\">Tambi\u00e9n incluye todo el contenido descargable en solitario original, incluido The Tyranny of King Washington, y el juego completo: Assassin&#8217;s Creed Liberation Remastered.<\/span><\/p>","protected":false},"excerpt":{"rendered":"<p>Revive la Revoluci\u00f3n Americana o v\u00edvela por primera vez en Assassin&#8217;s Creed\u00ae III Remastered, con gr\u00e1ficos mejorados y mec\u00e1nicas de juego mejoradas. Tambi\u00e9n incluye Assassin&#8217;s Creed Liberation remasterizado y todo el contenido DLC en solitario. LUCHA POR LA LIBERTAD 1775. Las colonias americanas est\u00e1n a punto de rebelarse. Como Connor, un asesino nativo americano, asegura&#8230;<\/p>","protected":false},"featured_media":118407,"template":"","meta":{"_monsterinsights_skip_tracking":false,"_monsterinsights_sitenote_active":false,"_monsterinsights_sitenote_note":"","_monsterinsights_sitenote_category":0},"product_brand":[],"product_cat":[2981,1271,1283,1280,1392,1394,1326],"product_tag":[2291,3636,3635,3637],"class_list":{"0":"post-118406","1":"product","2":"type-product","3":"status-publish","4":"has-post-thumbnail","6":"product_cat-destacados","7":"product_cat-tienda-de-videojuegos-tijuana-mexico","8":"product_cat-tienda-de-videojuegos-plataformas-tijuana-mexico","9":"product_cat-tienda-de-videojuegos-pc-tijuana-mexico","10":"product_cat-tienda-de-videojuegos-accion-tijuana-mexico","11":"product_cat-tienda-de-videojuegos-aventura-tijuana-mexico","12":"product_cat-tienda-de-videojuegos-sigilo-tijuana-mexico","13":"product_tag-assassins-creed","14":"product_tag-assassins-creed-iii","15":"product_tag-assassins-creed-iii-remastered","16":"product_tag-assassins-creed-iii-remastered-cd-key","18":"first","19":"instock","20":"shipping-taxable","21":"purchasable","22":"product-type-simple"},"yoast_head":"<!-- This site is optimized with the Yoast SEO plugin v27.0 - https:\/\/yoast.com\/product\/yoast-seo-wordpress\/ -->\n<title>Assassin&#039;s Creed III: Remastered Uplay CD Key - MERCADOKEYS<\/title>\n<meta name=\"robots\" content=\"index, follow, max-snippet:-1, max-image-preview:large, max-video-preview:-1\" \/>\n<link rel=\"canonical\" href=\"https:\/\/www.mercadokeys.com\/product\/assassins-creed-iii-remastered-uplay-cd-key\/\" \/>\n<meta property=\"og:locale\" content=\"en_GB\" \/>\n<meta property=\"og:type\" content=\"article\" \/>\n<meta property=\"og:title\" content=\"Assassin&#039;s Creed III: Remastered Uplay CD Key - MERCADOKEYS\" \/>\n<meta property=\"og:description\" content=\"Revive la Revoluci\u00f3n Americana o v\u00edvela por primera vez en Assassin&#8217;s Creed\u00ae III Remastered, con gr\u00e1ficos mejorados y mec\u00e1nicas de juego mejoradas. Tambi\u00e9n incluye Assassin&#8217;s Creed Liberation remasterizado y todo el contenido DLC en solitario. LUCHA POR LA LIBERTAD 1775. Las colonias americanas est\u00e1n a punto de rebelarse. Como Connor, un asesino nativo americano, asegura...\" \/>\n<meta property=\"og:url\" content=\"https:\/\/www.mercadokeys.com\/product\/assassins-creed-iii-remastered-uplay-cd-key\/\" \/>\n<meta property=\"og:site_name\" content=\"MERCADOKEYS\" \/>\n<meta property=\"article:modified_time\" content=\"2022-06-28T13:07:13+00:00\" \/>\n<meta property=\"og:image\" content=\"https:\/\/www.mercadokeys.com\/wp-content\/uploads\/2021\/11\/177186.jpg\" \/>\n\t<meta property=\"og:image:width\" content=\"230\" \/>\n\t<meta property=\"og:image:height\" content=\"336\" \/>\n\t<meta property=\"og:image:type\" content=\"image\/jpeg\" \/>\n<meta name=\"twitter:card\" content=\"summary_large_image\" \/>\n<meta name=\"twitter:label1\" content=\"Estimated reading time\" \/>\n\t<meta name=\"twitter:data1\" content=\"1 minute\" \/>\n<script type=\"application\/ld+json\" class=\"yoast-schema-graph\">{\"@context\":\"https:\/\/schema.org\",\"@graph\":[{\"@type\":\"WebPage\",\"@id\":\"https:\/\/www.mercadokeys.com\/product\/assassins-creed-iii-remastered-uplay-cd-key\/\",\"url\":\"https:\/\/www.mercadokeys.com\/product\/assassins-creed-iii-remastered-uplay-cd-key\/\",\"name\":\"Assassin's Creed III: Remastered Uplay CD Key - MERCADOKEYS\",\"isPartOf\":{\"@id\":\"https:\/\/www.mercadokeys.com\/eng\/#website\"},\"primaryImageOfPage\":{\"@id\":\"https:\/\/www.mercadokeys.com\/product\/assassins-creed-iii-remastered-uplay-cd-key\/#primaryimage\"},\"image\":{\"@id\":\"https:\/\/www.mercadokeys.com\/product\/assassins-creed-iii-remastered-uplay-cd-key\/#primaryimage\"},\"thumbnailUrl\":\"https:\/\/www.mercadokeys.com.mx\/wp-content\/uploads\/2021\/11\/177186.jpg\",\"datePublished\":\"2021-11-19T02:32:11+00:00\",\"dateModified\":\"2022-06-28T13:07:13+00:00\",\"breadcrumb\":{\"@id\":\"https:\/\/www.mercadokeys.com\/product\/assassins-creed-iii-remastered-uplay-cd-key\/#breadcrumb\"},\"inLanguage\":\"en-GB\",\"potentialAction\":[{\"@type\":\"ReadAction\",\"target\":[\"https:\/\/www.mercadokeys.com\/product\/assassins-creed-iii-remastered-uplay-cd-key\/\"]}]},{\"@type\":\"ImageObject\",\"inLanguage\":\"en-GB\",\"@id\":\"https:\/\/www.mercadokeys.com\/product\/assassins-creed-iii-remastered-uplay-cd-key\/#primaryimage\",\"url\":\"https:\/\/www.mercadokeys.com.mx\/wp-content\/uploads\/2021\/11\/177186.jpg\",\"contentUrl\":\"https:\/\/www.mercadokeys.com.mx\/wp-content\/uploads\/2021\/11\/177186.jpg\",\"width\":230,\"height\":336},{\"@type\":\"BreadcrumbList\",\"@id\":\"https:\/\/www.mercadokeys.com\/product\/assassins-creed-iii-remastered-uplay-cd-key\/#breadcrumb\",\"itemListElement\":[{\"@type\":\"ListItem\",\"position\":1,\"name\":\"Inicio\",\"item\":\"https:\/\/www.mercadokeys.com.mx\/\"},{\"@type\":\"ListItem\",\"position\":2,\"name\":\"Tienda\",\"item\":\"https:\/\/www.mercadokeys.com\/shop\/\"},{\"@type\":\"ListItem\",\"position\":3,\"name\":\"Assassin&#8217;s Creed III: Remastered Uplay CD Key\"}]},{\"@type\":\"WebSite\",\"@id\":\"https:\/\/www.mercadokeys.com\/eng\/#website\",\"url\":\"https:\/\/www.mercadokeys.com\/eng\/\",\"name\":\"MERCADOKEYS\",\"description\":\"Tu Tienda de videojuegos digitales en Mexico!\",\"potentialAction\":[{\"@type\":\"SearchAction\",\"target\":{\"@type\":\"EntryPoint\",\"urlTemplate\":\"https:\/\/www.mercadokeys.com\/eng\/?s={search_term_string}\"},\"query-input\":{\"@type\":\"PropertyValueSpecification\",\"valueRequired\":true,\"valueName\":\"search_term_string\"}}],\"inLanguage\":\"en-GB\"}]}<\/script>\n<!-- \/ Yoast SEO plugin. -->","yoast_head_json":{"title":"Assassin's Creed III: Remastered Uplay CD Key - MERCADOKEYS","robots":{"index":"index","follow":"follow","max-snippet":"max-snippet:-1","max-image-preview":"max-image-preview:large","max-video-preview":"max-video-preview:-1"},"canonical":"https:\/\/www.mercadokeys.com\/product\/assassins-creed-iii-remastered-uplay-cd-key\/","og_locale":"en_GB","og_type":"article","og_title":"Assassin's Creed III: Remastered Uplay CD Key - MERCADOKEYS","og_description":"Revive la Revoluci\u00f3n Americana o v\u00edvela por primera vez en Assassin&#8217;s Creed\u00ae III Remastered, con gr\u00e1ficos mejorados y mec\u00e1nicas de juego mejoradas. Tambi\u00e9n incluye Assassin&#8217;s Creed Liberation remasterizado y todo el contenido DLC en solitario. LUCHA POR LA LIBERTAD 1775. Las colonias americanas est\u00e1n a punto de rebelarse. Como Connor, un asesino nativo americano, asegura...","og_url":"https:\/\/www.mercadokeys.com\/product\/assassins-creed-iii-remastered-uplay-cd-key\/","og_site_name":"MERCADOKEYS","article_modified_time":"2022-06-28T13:07:13+00:00","og_image":[{"width":230,"height":336,"url":"https:\/\/www.mercadokeys.com\/wp-content\/uploads\/2021\/11\/177186.jpg","type":"image\/jpeg"}],"twitter_card":"summary_large_image","twitter_misc":{"Estimated reading time":"1 minute"},"schema":{"@context":"https:\/\/schema.org","@graph":[{"@type":"WebPage","@id":"https:\/\/www.mercadokeys.com\/product\/assassins-creed-iii-remastered-uplay-cd-key\/","url":"https:\/\/www.mercadokeys.com\/product\/assassins-creed-iii-remastered-uplay-cd-key\/","name":"Assassin's Creed III: Remastered Uplay CD Key - MERCADOKEYS","isPartOf":{"@id":"https:\/\/www.mercadokeys.com\/eng\/#website"},"primaryImageOfPage":{"@id":"https:\/\/www.mercadokeys.com\/product\/assassins-creed-iii-remastered-uplay-cd-key\/#primaryimage"},"image":{"@id":"https:\/\/www.mercadokeys.com\/product\/assassins-creed-iii-remastered-uplay-cd-key\/#primaryimage"},"thumbnailUrl":"https:\/\/www.mercadokeys.com.mx\/wp-content\/uploads\/2021\/11\/177186.jpg","datePublished":"2021-11-19T02:32:11+00:00","dateModified":"2022-06-28T13:07:13+00:00","breadcrumb":{"@id":"https:\/\/www.mercadokeys.com\/product\/assassins-creed-iii-remastered-uplay-cd-key\/#breadcrumb"},"inLanguage":"en-GB","potentialAction":[{"@type":"ReadAction","target":["https:\/\/www.mercadokeys.com\/product\/assassins-creed-iii-remastered-uplay-cd-key\/"]}]},{"@type":"ImageObject","inLanguage":"en-GB","@id":"https:\/\/www.mercadokeys.com\/product\/assassins-creed-iii-remastered-uplay-cd-key\/#primaryimage","url":"https:\/\/www.mercadokeys.com.mx\/wp-content\/uploads\/2021\/11\/177186.jpg","contentUrl":"https:\/\/www.mercadokeys.com.mx\/wp-content\/uploads\/2021\/11\/177186.jpg","width":230,"height":336},{"@type":"BreadcrumbList","@id":"https:\/\/www.mercadokeys.com\/product\/assassins-creed-iii-remastered-uplay-cd-key\/#breadcrumb","itemListElement":[{"@type":"ListItem","position":1,"name":"Inicio","item":"https:\/\/www.mercadokeys.com.mx\/"},{"@type":"ListItem","position":2,"name":"Tienda","item":"https:\/\/www.mercadokeys.com\/shop\/"},{"@type":"ListItem","position":3,"name":"Assassin&#8217;s Creed III: Remastered Uplay CD Key"}]},{"@type":"WebSite","@id":"https:\/\/www.mercadokeys.com\/eng\/#website","url":"https:\/\/www.mercadokeys.com\/eng\/","name":"MERCADOKEYS","description":"Tu Tienda de videojuegos digitales en Mexico!","potentialAction":[{"@type":"SearchAction","target":{"@type":"EntryPoint","urlTemplate":"https:\/\/www.mercadokeys.com\/eng\/?s={search_term_string}"},"query-input":{"@type":"PropertyValueSpecification","valueRequired":true,"valueName":"search_term_string"}}],"inLanguage":"en-GB"}]}},"df_price":782.108663,"df_sale_price":782.108663,"df_regular_price":782.108663,"df_image_link":"https:\/\/www.mercadokeys.com.mx\/wp-content\/uploads\/2021\/11\/177186-205x300.jpg","_links":{"self":[{"href":"https:\/\/www.mercadokeys.com.mx\/eng\/wp-json\/wp\/v2\/product\/118406","targetHints":{"allow":["GET"]}}],"collection":[{"href":"https:\/\/www.mercadokeys.com.mx\/eng\/wp-json\/wp\/v2\/product"}],"about":[{"href":"https:\/\/www.mercadokeys.com.mx\/eng\/wp-json\/wp\/v2\/types\/product"}],"wp:featuredmedia":[{"embeddable":true,"href":"https:\/\/www.mercadokeys.com.mx\/eng\/wp-json\/wp\/v2\/media\/118407"}],"wp:attachment":[{"href":"https:\/\/www.mercadokeys.com.mx\/eng\/wp-json\/wp\/v2\/media?parent=118406"}],"wp:term":[{"taxonomy":"product_brand","embeddable":true,"href":"https:\/\/www.mercadokeys.com.mx\/eng\/wp-json\/wp\/v2\/product_brand?post=118406"},{"taxonomy":"product_cat","embeddable":true,"href":"https:\/\/www.mercadokeys.com.mx\/eng\/wp-json\/wp\/v2\/product_cat?post=118406"},{"taxonomy":"product_tag","embeddable":true,"href":"https:\/\/www.mercadokeys.com.mx\/eng\/wp-json\/wp\/v2\/product_tag?post=118406"}],"curies":[{"name":"wp","href":"https:\/\/api.w.org\/{rel}","templated":true}]}}