{"id":117531,"date":"2021-11-13T20:28:54","date_gmt":"2021-11-14T04:28:54","guid":{"rendered":"https:\/\/www.mercadokeys.com\/producto\/the-binding-of-isaac-collection-steam-key-global\/"},"modified":"2022-06-29T06:03:06","modified_gmt":"2022-06-29T13:03:06","slug":"the-binding-of-isaac-collection-steam-key-global","status":"publish","type":"product","link":"https:\/\/www.mercadokeys.com.mx\/eng\/product\/the-binding-of-isaac-collection-steam-key-global\/","title":{"rendered":"The Binding of Isaac Collection Steam CD Key"},"content":{"rendered":"<h2><span style=\"vertical-align: inherit;\">Intenta salvar a Isaac de su calamitoso destino<\/span><\/h2>\n<p><span style=\"vertical-align: inherit;\">Recuerde la historia b\u00edblica de la <\/span><strong><span style=\"vertical-align: inherit;\">uni\u00f3n de Isaac<\/span><\/strong><span style=\"vertical-align: inherit;\">? Dios le orden\u00f3 a Abraham que sacrificara a su hijo sobre el altar. Afortunadamente para Isaac, un mensajero de Dios apareci\u00f3 e impidi\u00f3 que Abraham lo hiciera, enviando un carnero en su lugar. Esta vez se trata de la madre de Isaac, quien se encuentra en una situaci\u00f3n anal\u00f3gica. \u00bfEsta historia tambi\u00e9n tendr\u00e1 un final feliz? Depende de ti. Conocer\u00e1s a Isaac como un ni\u00f1o aterrorizado, que acaba de escapar de un posible derramamiento de sangre, escondido en una trampilla oculta debajo de su alfombra, que lo lleva directamente a otro peligro: un s\u00f3tano misterioso y sombr\u00edo. Aquellos que jugaron The Legend of Zelda estar\u00e1n familiarizados con la estructura de mazmorras del juego. Desarrollado por Edmund McMillen y Florian Himsl (producci\u00f3n de Super Meat Boy), The Binding of Isaac refleja las inspiraciones de Zelda y los pensamientos de McMillen sobre la religi\u00f3n. Descubre las historias y misterios que se encuentran en las mazmorras del s\u00f3tano,<\/span><\/p>\n<h2><span style=\"vertical-align: inherit;\">Cada juego ser\u00e1 \u00fanico<\/span><\/h2>\n<p><span style=\"vertical-align: inherit;\">Gracias a los pisos estructurados al azar, no hay dos sesiones de juego iguales. El juego ofrece 4 cap\u00edtulos completos que abarcan 8 niveles, que incluyen mazmorras generadas de forma diversa, m\u00e1s de 50 enemigos para encontrar, cada uno con la capacidad de convertirse en &#8220;especial&#8221;, as\u00ed como 20 jefes para desafiar. El curso del juego puede diferir en cada juego, dependiendo de tus decisiones tambi\u00e9n. Elige sabiamente, ten cuidado y monitorea la salud y la cantidad de da\u00f1o recibido. Si eres lo suficientemente valiente, incluso podr\u00edas encontrarte con el rey del mal, el mismo Satan\u00e1s.<\/span><\/p>\n<h2><span style=\"vertical-align: inherit;\">Explora nuevo contenido con el DLC Wrath of the Lamb<\/span><\/h2>\n<p><span style=\"vertical-align: inherit;\">Lanzado un a\u00f1o despu\u00e9s del estreno del juego, el DLC Wrath of the Lamb agrega aproximadamente un 70% m\u00e1s de contenido a la versi\u00f3n b\u00e1sica. En la pr\u00e1ctica, significa que <\/span><strong><span style=\"vertical-align: inherit;\">The Binding of Isaac Collection presenta<\/span><\/strong><span style=\"vertical-align: inherit;\"> m\u00e1s de 10 jefes nuevos, m\u00e1s de 100 elementos nuevos y 40 desbloqueos nuevos junto con dos finales adicionales y dos niveles opcionales adicionales. En conjunto, el juego proporcionar\u00e1 un entretenimiento duradero y un estiramiento de cabeza bastante decente, siendo una ganga para los fan\u00e1ticos de los juegos de disparos y los juegos de rol.<\/span><\/p>","protected":false},"excerpt":{"rendered":"<p>Intenta salvar a Isaac de su calamitoso destino Recuerde la historia b\u00edblica de la uni\u00f3n de Isaac? Dios le orden\u00f3 a Abraham que sacrificara a su hijo sobre el altar. Afortunadamente para Isaac, un mensajero de Dios apareci\u00f3 e impidi\u00f3 que Abraham lo hiciera, enviando un carnero en su lugar. Esta vez se trata de&#8230;<\/p>","protected":false},"featured_media":117532,"template":"","meta":{"_monsterinsights_skip_tracking":false,"_monsterinsights_sitenote_active":false,"_monsterinsights_sitenote_note":"","_monsterinsights_sitenote_category":0},"product_brand":[],"product_cat":[2981,1271,1420,1283,1280,1273,1392,1378,1427,1424],"product_tag":[2648,2651,3733,2650],"class_list":{"0":"post-117531","1":"product","2":"type-product","3":"status-publish","4":"has-post-thumbnail","6":"product_cat-destacados","7":"product_cat-tienda-de-videojuegos-tijuana-mexico","8":"product_cat-tienda-de-videojuegos-populares-tijuana-mexico","9":"product_cat-tienda-de-videojuegos-plataformas-tijuana-mexico","10":"product_cat-tienda-de-videojuegos-pc-tijuana-mexico","11":"product_cat-tienda-de-videojuegos-steam-key-tijuana-mexico","12":"product_cat-tienda-de-videojuegos-accion-tijuana-mexico","13":"product_cat-tienda-de-videojuegos-mas-vendidos-tijuana-mexico","14":"product_cat-tienda-de-videojuegos-juegos-para-mando-tijuana-mexico","15":"product_cat-tienda-de-videojuegos-lo-mas-jugados-tijuana-mexico","16":"product_tag-the-binding-of-isaac","17":"product_tag-the-binding-of-isaac-collection","18":"product_tag-the-binding-of-isaac-collection-cd-key","19":"product_tag-the-binding-of-isaac-collection-steam","21":"first","22":"instock","23":"shipping-taxable","24":"purchasable","25":"product-type-simple"},"yoast_head":"<!-- This site is optimized with the Yoast SEO plugin v27.0 - https:\/\/yoast.com\/product\/yoast-seo-wordpress\/ -->\n<title>The Binding of Isaac Collection Steam CD Key - MERCADOKEYS<\/title>\n<meta name=\"robots\" content=\"index, follow, max-snippet:-1, max-image-preview:large, max-video-preview:-1\" \/>\n<link rel=\"canonical\" href=\"https:\/\/www.mercadokeys.com\/product\/the-binding-of-isaac-collection-steam-key-global\/\" \/>\n<meta property=\"og:locale\" content=\"en_GB\" \/>\n<meta property=\"og:type\" content=\"article\" \/>\n<meta property=\"og:title\" content=\"The Binding of Isaac Collection Steam CD Key - MERCADOKEYS\" \/>\n<meta property=\"og:description\" content=\"Intenta salvar a Isaac de su calamitoso destino Recuerde la historia b\u00edblica de la uni\u00f3n de Isaac? Dios le orden\u00f3 a Abraham que sacrificara a su hijo sobre el altar. Afortunadamente para Isaac, un mensajero de Dios apareci\u00f3 e impidi\u00f3 que Abraham lo hiciera, enviando un carnero en su lugar. Esta vez se trata de...\" \/>\n<meta property=\"og:url\" content=\"https:\/\/www.mercadokeys.com\/product\/the-binding-of-isaac-collection-steam-key-global\/\" \/>\n<meta property=\"og:site_name\" content=\"MERCADOKEYS\" \/>\n<meta property=\"article:modified_time\" content=\"2022-06-29T13:03:06+00:00\" \/>\n<meta property=\"og:image\" content=\"https:\/\/www.mercadokeys.com\/wp-content\/uploads\/2021\/11\/176730.jpg\" \/>\n\t<meta property=\"og:image:width\" content=\"230\" \/>\n\t<meta property=\"og:image:height\" content=\"336\" \/>\n\t<meta property=\"og:image:type\" content=\"image\/jpeg\" \/>\n<meta name=\"twitter:card\" content=\"summary_large_image\" \/>\n<meta name=\"twitter:label1\" content=\"Estimated reading time\" \/>\n\t<meta name=\"twitter:data1\" content=\"2 minutes\" \/>\n<script type=\"application\/ld+json\" class=\"yoast-schema-graph\">{\"@context\":\"https:\/\/schema.org\",\"@graph\":[{\"@type\":\"WebPage\",\"@id\":\"https:\/\/www.mercadokeys.com\/product\/the-binding-of-isaac-collection-steam-key-global\/\",\"url\":\"https:\/\/www.mercadokeys.com\/product\/the-binding-of-isaac-collection-steam-key-global\/\",\"name\":\"The Binding of Isaac Collection Steam CD Key - MERCADOKEYS\",\"isPartOf\":{\"@id\":\"https:\/\/www.mercadokeys.com\/eng\/#website\"},\"primaryImageOfPage\":{\"@id\":\"https:\/\/www.mercadokeys.com\/product\/the-binding-of-isaac-collection-steam-key-global\/#primaryimage\"},\"image\":{\"@id\":\"https:\/\/www.mercadokeys.com\/product\/the-binding-of-isaac-collection-steam-key-global\/#primaryimage\"},\"thumbnailUrl\":\"https:\/\/www.mercadokeys.com.mx\/wp-content\/uploads\/2021\/11\/176730.jpg\",\"datePublished\":\"2021-11-14T04:28:54+00:00\",\"dateModified\":\"2022-06-29T13:03:06+00:00\",\"breadcrumb\":{\"@id\":\"https:\/\/www.mercadokeys.com\/product\/the-binding-of-isaac-collection-steam-key-global\/#breadcrumb\"},\"inLanguage\":\"en-GB\",\"potentialAction\":[{\"@type\":\"ReadAction\",\"target\":[\"https:\/\/www.mercadokeys.com\/product\/the-binding-of-isaac-collection-steam-key-global\/\"]}]},{\"@type\":\"ImageObject\",\"inLanguage\":\"en-GB\",\"@id\":\"https:\/\/www.mercadokeys.com\/product\/the-binding-of-isaac-collection-steam-key-global\/#primaryimage\",\"url\":\"https:\/\/www.mercadokeys.com.mx\/wp-content\/uploads\/2021\/11\/176730.jpg\",\"contentUrl\":\"https:\/\/www.mercadokeys.com.mx\/wp-content\/uploads\/2021\/11\/176730.jpg\",\"width\":230,\"height\":336},{\"@type\":\"BreadcrumbList\",\"@id\":\"https:\/\/www.mercadokeys.com\/product\/the-binding-of-isaac-collection-steam-key-global\/#breadcrumb\",\"itemListElement\":[{\"@type\":\"ListItem\",\"position\":1,\"name\":\"Inicio\",\"item\":\"https:\/\/www.mercadokeys.com.mx\/\"},{\"@type\":\"ListItem\",\"position\":2,\"name\":\"Tienda\",\"item\":\"https:\/\/www.mercadokeys.com\/shop\/\"},{\"@type\":\"ListItem\",\"position\":3,\"name\":\"The Binding of Isaac Collection Steam CD Key\"}]},{\"@type\":\"WebSite\",\"@id\":\"https:\/\/www.mercadokeys.com\/eng\/#website\",\"url\":\"https:\/\/www.mercadokeys.com\/eng\/\",\"name\":\"MERCADOKEYS\",\"description\":\"Tu Tienda de videojuegos digitales en Mexico!\",\"potentialAction\":[{\"@type\":\"SearchAction\",\"target\":{\"@type\":\"EntryPoint\",\"urlTemplate\":\"https:\/\/www.mercadokeys.com\/eng\/?s={search_term_string}\"},\"query-input\":{\"@type\":\"PropertyValueSpecification\",\"valueRequired\":true,\"valueName\":\"search_term_string\"}}],\"inLanguage\":\"en-GB\"}]}<\/script>\n<!-- \/ Yoast SEO plugin. -->","yoast_head_json":{"title":"The Binding of Isaac Collection Steam CD Key - MERCADOKEYS","robots":{"index":"index","follow":"follow","max-snippet":"max-snippet:-1","max-image-preview":"max-image-preview:large","max-video-preview":"max-video-preview:-1"},"canonical":"https:\/\/www.mercadokeys.com\/product\/the-binding-of-isaac-collection-steam-key-global\/","og_locale":"en_GB","og_type":"article","og_title":"The Binding of Isaac Collection Steam CD Key - MERCADOKEYS","og_description":"Intenta salvar a Isaac de su calamitoso destino Recuerde la historia b\u00edblica de la uni\u00f3n de Isaac? Dios le orden\u00f3 a Abraham que sacrificara a su hijo sobre el altar. Afortunadamente para Isaac, un mensajero de Dios apareci\u00f3 e impidi\u00f3 que Abraham lo hiciera, enviando un carnero en su lugar. Esta vez se trata de...","og_url":"https:\/\/www.mercadokeys.com\/product\/the-binding-of-isaac-collection-steam-key-global\/","og_site_name":"MERCADOKEYS","article_modified_time":"2022-06-29T13:03:06+00:00","og_image":[{"width":230,"height":336,"url":"https:\/\/www.mercadokeys.com\/wp-content\/uploads\/2021\/11\/176730.jpg","type":"image\/jpeg"}],"twitter_card":"summary_large_image","twitter_misc":{"Estimated reading time":"2 minutes"},"schema":{"@context":"https:\/\/schema.org","@graph":[{"@type":"WebPage","@id":"https:\/\/www.mercadokeys.com\/product\/the-binding-of-isaac-collection-steam-key-global\/","url":"https:\/\/www.mercadokeys.com\/product\/the-binding-of-isaac-collection-steam-key-global\/","name":"The Binding of Isaac Collection Steam CD Key - MERCADOKEYS","isPartOf":{"@id":"https:\/\/www.mercadokeys.com\/eng\/#website"},"primaryImageOfPage":{"@id":"https:\/\/www.mercadokeys.com\/product\/the-binding-of-isaac-collection-steam-key-global\/#primaryimage"},"image":{"@id":"https:\/\/www.mercadokeys.com\/product\/the-binding-of-isaac-collection-steam-key-global\/#primaryimage"},"thumbnailUrl":"https:\/\/www.mercadokeys.com.mx\/wp-content\/uploads\/2021\/11\/176730.jpg","datePublished":"2021-11-14T04:28:54+00:00","dateModified":"2022-06-29T13:03:06+00:00","breadcrumb":{"@id":"https:\/\/www.mercadokeys.com\/product\/the-binding-of-isaac-collection-steam-key-global\/#breadcrumb"},"inLanguage":"en-GB","potentialAction":[{"@type":"ReadAction","target":["https:\/\/www.mercadokeys.com\/product\/the-binding-of-isaac-collection-steam-key-global\/"]}]},{"@type":"ImageObject","inLanguage":"en-GB","@id":"https:\/\/www.mercadokeys.com\/product\/the-binding-of-isaac-collection-steam-key-global\/#primaryimage","url":"https:\/\/www.mercadokeys.com.mx\/wp-content\/uploads\/2021\/11\/176730.jpg","contentUrl":"https:\/\/www.mercadokeys.com.mx\/wp-content\/uploads\/2021\/11\/176730.jpg","width":230,"height":336},{"@type":"BreadcrumbList","@id":"https:\/\/www.mercadokeys.com\/product\/the-binding-of-isaac-collection-steam-key-global\/#breadcrumb","itemListElement":[{"@type":"ListItem","position":1,"name":"Inicio","item":"https:\/\/www.mercadokeys.com.mx\/"},{"@type":"ListItem","position":2,"name":"Tienda","item":"https:\/\/www.mercadokeys.com\/shop\/"},{"@type":"ListItem","position":3,"name":"The Binding of Isaac Collection Steam CD Key"}]},{"@type":"WebSite","@id":"https:\/\/www.mercadokeys.com\/eng\/#website","url":"https:\/\/www.mercadokeys.com\/eng\/","name":"MERCADOKEYS","description":"Tu Tienda de videojuegos digitales en Mexico!","potentialAction":[{"@type":"SearchAction","target":{"@type":"EntryPoint","urlTemplate":"https:\/\/www.mercadokeys.com\/eng\/?s={search_term_string}"},"query-input":{"@type":"PropertyValueSpecification","valueRequired":true,"valueName":"search_term_string"}}],"inLanguage":"en-GB"}]}},"df_price":641.000579,"df_sale_price":641.000579,"df_regular_price":641.000579,"df_image_link":"https:\/\/www.mercadokeys.com.mx\/wp-content\/uploads\/2021\/11\/176730-205x300.jpg","_links":{"self":[{"href":"https:\/\/www.mercadokeys.com.mx\/eng\/wp-json\/wp\/v2\/product\/117531","targetHints":{"allow":["GET"]}}],"collection":[{"href":"https:\/\/www.mercadokeys.com.mx\/eng\/wp-json\/wp\/v2\/product"}],"about":[{"href":"https:\/\/www.mercadokeys.com.mx\/eng\/wp-json\/wp\/v2\/types\/product"}],"wp:featuredmedia":[{"embeddable":true,"href":"https:\/\/www.mercadokeys.com.mx\/eng\/wp-json\/wp\/v2\/media\/117532"}],"wp:attachment":[{"href":"https:\/\/www.mercadokeys.com.mx\/eng\/wp-json\/wp\/v2\/media?parent=117531"}],"wp:term":[{"taxonomy":"product_brand","embeddable":true,"href":"https:\/\/www.mercadokeys.com.mx\/eng\/wp-json\/wp\/v2\/product_brand?post=117531"},{"taxonomy":"product_cat","embeddable":true,"href":"https:\/\/www.mercadokeys.com.mx\/eng\/wp-json\/wp\/v2\/product_cat?post=117531"},{"taxonomy":"product_tag","embeddable":true,"href":"https:\/\/www.mercadokeys.com.mx\/eng\/wp-json\/wp\/v2\/product_tag?post=117531"}],"curies":[{"name":"wp","href":"https:\/\/api.w.org\/{rel}","templated":true}]}}