{"id":114310,"date":"2021-06-29T11:49:13","date_gmt":"2021-06-29T18:49:13","guid":{"rendered":"https:\/\/www.mercadokeys.com\/product\/squad-steam-key-global\/"},"modified":"2022-06-29T06:04:24","modified_gmt":"2022-06-29T13:04:24","slug":"squad-steam-cd-key-2","status":"publish","type":"product","link":"https:\/\/www.mercadokeys.com.mx\/eng\/product\/squad-steam-cd-key-2\/","title":{"rendered":"Squad Steam CD Key"},"content":{"rendered":"<p><span style=\"vertical-align: inherit\">El l\u00edder de tu escuadr\u00f3n te grita \u00f3rdenes al o\u00eddo, porque tu unidad a\u00fan no ha completado la tarea. Su FOB est\u00e1 muy por detr\u00e1s de usted, pero este es el empuj\u00f3n final. Esto no est\u00e1 escrito. Esta es la realidad de jugar <\/span><strong><span style=\"vertical-align: inherit\">Squad<\/span><\/strong><span style=\"vertical-align: inherit\"> , un juego de disparos t\u00e1ctico en primera persona multijugador en l\u00ednea de Offworld Industries.<\/span><\/p>\n<h3 style=\"font-size: 16px\"><span style=\"vertical-align: inherit\">Multijugador basado en clases<\/span><\/h3>\n<p><span style=\"vertical-align: inherit\">Puedes elegir uno de los m\u00e1s de una docena de kits de clase, cada uno dise\u00f1ado para cumplir una funci\u00f3n espec\u00edfica en el campo de batalla. Coge un cl\u00e1sico como m\u00e9dico o francotirador, pero hay m\u00e1s esper\u00e1ndote. Sea el responsable de los reconocimientos, tenga las herramientas para contrarrestar los tanques y los veh\u00edculos a\u00e9reos, o ded\u00edquese al manejo de dichos veh\u00edculos. Depende de usted, pero se espera que obedezca las \u00f3rdenes y tenga un historial de servicio ejemplar de cualquier manera.<\/span><\/p>\n<h3 style=\"font-size: 16px\"><span style=\"vertical-align: inherit\">Cadena de mando<\/span><\/h3>\n<p><span style=\"vertical-align: inherit\">Atr\u00e1s quedaron los d\u00edas en que el campo de batalla estaba lleno de individuos. Squad, fiel a su nombre, pone \u00e9nfasis en trabajar como una unidad para lograr cosas que ning\u00fan soldado individual podr\u00eda lograr. El l\u00edder de tu <\/span><strong><span style=\"vertical-align: inherit\">escuadr\u00f3n (PC)<\/span><\/strong><span style=\"vertical-align: inherit\"> es el \u00fanico que puede comunicarse con otras unidades, configurar ubicaciones de reaparici\u00f3n ad hoc e incluso coordinar la construcci\u00f3n de campamentos.La diferencia entre un SL bueno y malo es la diferencia entre la vida y la muerte en el campo de batalla y durante el juego Squad. \u00bfPuedes asumir la responsabilidad o prefieres que otros la asuman por s\u00ed mismos?<\/span><\/p>\n<h3 style=\"font-size: 16px\"><span style=\"vertical-align: inherit\">Veh\u00edculos en Squad\u00a0<\/span><\/h3>\n<p><span style=\"vertical-align: inherit\">No tienes que golpear el suelo todo el tiempo. Mant\u00e9n tu fuerza para la pelea. Su SL puede solicitar veh\u00edculos para acelerar su viaje de un punto de reuni\u00f3n al siguiente. Camiones blindados, motos, APC, incluso helic\u00f3pteros, si es lo que tu unidad realmente necesita para hacer tu trabajo, solo recuerda: no son infinitos, los otros escuadrones pueden solicitarlos tambi\u00e9n, y todos sois un solo equipo.<\/span><\/p>\n<h3 style=\"font-size: 16px\"><span style=\"vertical-align: inherit\">Fronteras din\u00e1micas<\/span><\/h3>\n<p><span style=\"vertical-align: inherit\">Nunca te quedas mucho tiempo en un lugar si es necesario. Los l\u00edderes de tu escuadr\u00f3n pueden establecer puntos de reuni\u00f3n y bases de operaciones avanzadas para empujar la l\u00ednea del frente cada vez m\u00e1s cerca de tu objetivo final.Los puntos de reuni\u00f3n ser\u00e1n tus puntos de reaparici\u00f3n ad hoc, mientras que los FOB est\u00e1n fortificados y te brindan una buena posici\u00f3n en caso de que tu enemigo pase a la ofensiva. .<\/span><\/p>\n<h3 style=\"font-size: 16px\"><span style=\"vertical-align: inherit\">Modos de juego en Squad\u00a0<\/span><\/h3>\n<p><span style=\"vertical-align: inherit\">Squad tiene varios modos de juego emocionantes que te pondr\u00e1n a prueba a ti y a tu escuadr\u00f3n. De antemano y seguro, su objetivo es capturar y mantener los puntos de control en cierto orden. Insurgency har\u00e1 que destruyas los alijos de armas enemigas gracias a la informaci\u00f3n recopilada al matar enemigos. En Territory Control tienes que reclamar tierras al equipo contrario dentro del l\u00edmite de tiempo. Finalmente, Conquest te hace capturar banderas, mientras tus tickets de reaparici\u00f3n se agotan.<\/span><\/p>\n<h3 style=\"font-size: 16px\"><span style=\"vertical-align: inherit\">No agarrarse de la mano<\/span><\/h3>\n<p><strong><span style=\"vertical-align: inherit\">El juego de escuadrones<\/span><\/strong><span style=\"vertical-align: inherit\"> no se preocupa por ninguna de las ayudas visuales que te brindan otros juegos. Sin minimapa, sin pantallas de visualizaci\u00f3n que abarroten la pantalla, sin conveniente resaltado de enemigos de ninguna manera. Ni siquiera ves las etiquetas con los nombres de tus compa\u00f1eros de escuadr\u00f3n. Solo eres t\u00fa, tu ingenio y la confianza de que el l\u00edder de tu escuadr\u00f3n sabe lo que hay que hacer.<\/span><\/p>","protected":false},"excerpt":{"rendered":"<p>El l\u00edder de tu escuadr\u00f3n te grita \u00f3rdenes al o\u00eddo, porque tu unidad a\u00fan no ha completado la tarea. Su FOB est\u00e1 muy por detr\u00e1s de usted, pero este es el empuj\u00f3n final. Esto no est\u00e1 escrito. Esta es la realidad de jugar Squad , un juego de disparos t\u00e1ctico en primera persona multijugador en&#8230;<\/p>","protected":false},"featured_media":114311,"template":"","meta":{"_monsterinsights_skip_tracking":false,"_monsterinsights_sitenote_active":false,"_monsterinsights_sitenote_note":"","_monsterinsights_sitenote_category":0},"product_brand":[],"product_cat":[2981,1271,1283,1280,1273,1392,1393,1401,1427,1424],"product_tag":[2762,2761,1526],"class_list":{"0":"post-114310","1":"product","2":"type-product","3":"status-publish","4":"has-post-thumbnail","6":"product_cat-destacados","7":"product_cat-tienda-de-videojuegos-tijuana-mexico","8":"product_cat-tienda-de-videojuegos-plataformas-tijuana-mexico","9":"product_cat-tienda-de-videojuegos-pc-tijuana-mexico","10":"product_cat-tienda-de-videojuegos-steam-key-tijuana-mexico","11":"product_cat-tienda-de-videojuegos-accion-tijuana-mexico","12":"product_cat-tienda-de-videojuegos-indie-tijuana-mexico","13":"product_cat-tienda-de-videojuegos-estrategia-tijuana-mexico","14":"product_cat-tienda-de-videojuegos-juegos-para-mando-tijuana-mexico","15":"product_cat-tienda-de-videojuegos-lo-mas-jugados-tijuana-mexico","16":"product_tag-squad","17":"product_tag-squad-steam","18":"product_tag-steam","20":"first","21":"instock","22":"shipping-taxable","23":"purchasable","24":"product-type-simple"},"yoast_head":"<!-- This site is optimized with the Yoast SEO plugin v27.0 - https:\/\/yoast.com\/product\/yoast-seo-wordpress\/ -->\n<title>Squad Steam CD Key - MERCADOKEYS<\/title>\n<meta name=\"description\" content=\"Esta es la realidad de jugar Squad , un juego de disparos t\u00e1ctico en primera persona multijugador en l\u00ednea de Offworld Industries.\" \/>\n<meta name=\"robots\" content=\"index, follow, max-snippet:-1, max-image-preview:large, max-video-preview:-1\" \/>\n<link rel=\"canonical\" href=\"https:\/\/www.mercadokeys.com\/product\/squad-steam-cd-key-2\/\" \/>\n<meta property=\"og:locale\" content=\"en_GB\" \/>\n<meta property=\"og:type\" content=\"article\" \/>\n<meta property=\"og:title\" content=\"Squad Steam CD Key - MERCADOKEYS\" \/>\n<meta property=\"og:description\" content=\"Esta es la realidad de jugar Squad , un juego de disparos t\u00e1ctico en primera persona multijugador en l\u00ednea de Offworld Industries.\" \/>\n<meta property=\"og:url\" content=\"https:\/\/www.mercadokeys.com\/product\/squad-steam-cd-key-2\/\" \/>\n<meta property=\"og:site_name\" content=\"MERCADOKEYS\" \/>\n<meta property=\"article:modified_time\" content=\"2022-06-29T13:04:24+00:00\" \/>\n<meta property=\"og:image\" content=\"https:\/\/www.mercadokeys.com\/wp-content\/uploads\/2021\/06\/25990.jpg\" \/>\n\t<meta property=\"og:image:width\" content=\"230\" \/>\n\t<meta property=\"og:image:height\" content=\"336\" \/>\n\t<meta property=\"og:image:type\" content=\"image\/jpeg\" \/>\n<meta name=\"twitter:card\" content=\"summary_large_image\" \/>\n<meta name=\"twitter:label1\" content=\"Estimated reading time\" \/>\n\t<meta name=\"twitter:data1\" content=\"3 minutes\" \/>\n<script type=\"application\/ld+json\" class=\"yoast-schema-graph\">{\"@context\":\"https:\/\/schema.org\",\"@graph\":[{\"@type\":\"WebPage\",\"@id\":\"https:\/\/www.mercadokeys.com\/product\/squad-steam-cd-key-2\/\",\"url\":\"https:\/\/www.mercadokeys.com\/product\/squad-steam-cd-key-2\/\",\"name\":\"Squad Steam CD Key - MERCADOKEYS\",\"isPartOf\":{\"@id\":\"https:\/\/www.mercadokeys.com\/eng\/#website\"},\"primaryImageOfPage\":{\"@id\":\"https:\/\/www.mercadokeys.com\/product\/squad-steam-cd-key-2\/#primaryimage\"},\"image\":{\"@id\":\"https:\/\/www.mercadokeys.com\/product\/squad-steam-cd-key-2\/#primaryimage\"},\"thumbnailUrl\":\"https:\/\/www.mercadokeys.com.mx\/wp-content\/uploads\/2021\/06\/25990.jpg\",\"datePublished\":\"2021-06-29T18:49:13+00:00\",\"dateModified\":\"2022-06-29T13:04:24+00:00\",\"description\":\"Esta es la realidad de jugar Squad , un juego de disparos t\u00e1ctico en primera persona multijugador en l\u00ednea de Offworld Industries.\",\"breadcrumb\":{\"@id\":\"https:\/\/www.mercadokeys.com\/product\/squad-steam-cd-key-2\/#breadcrumb\"},\"inLanguage\":\"en-GB\",\"potentialAction\":[{\"@type\":\"ReadAction\",\"target\":[\"https:\/\/www.mercadokeys.com\/product\/squad-steam-cd-key-2\/\"]}]},{\"@type\":\"ImageObject\",\"inLanguage\":\"en-GB\",\"@id\":\"https:\/\/www.mercadokeys.com\/product\/squad-steam-cd-key-2\/#primaryimage\",\"url\":\"https:\/\/www.mercadokeys.com.mx\/wp-content\/uploads\/2021\/06\/25990.jpg\",\"contentUrl\":\"https:\/\/www.mercadokeys.com.mx\/wp-content\/uploads\/2021\/06\/25990.jpg\",\"width\":230,\"height\":336},{\"@type\":\"BreadcrumbList\",\"@id\":\"https:\/\/www.mercadokeys.com\/product\/squad-steam-cd-key-2\/#breadcrumb\",\"itemListElement\":[{\"@type\":\"ListItem\",\"position\":1,\"name\":\"Inicio\",\"item\":\"https:\/\/www.mercadokeys.com.mx\/\"},{\"@type\":\"ListItem\",\"position\":2,\"name\":\"Tienda\",\"item\":\"https:\/\/www.mercadokeys.com\/shop\/\"},{\"@type\":\"ListItem\",\"position\":3,\"name\":\"Squad Steam CD Key\"}]},{\"@type\":\"WebSite\",\"@id\":\"https:\/\/www.mercadokeys.com\/eng\/#website\",\"url\":\"https:\/\/www.mercadokeys.com\/eng\/\",\"name\":\"MERCADOKEYS\",\"description\":\"Tu Tienda de videojuegos digitales en Mexico!\",\"potentialAction\":[{\"@type\":\"SearchAction\",\"target\":{\"@type\":\"EntryPoint\",\"urlTemplate\":\"https:\/\/www.mercadokeys.com\/eng\/?s={search_term_string}\"},\"query-input\":{\"@type\":\"PropertyValueSpecification\",\"valueRequired\":true,\"valueName\":\"search_term_string\"}}],\"inLanguage\":\"en-GB\"}]}<\/script>\n<!-- \/ Yoast SEO plugin. -->","yoast_head_json":{"title":"Squad Steam CD Key - MERCADOKEYS","description":"Esta es la realidad de jugar Squad , un juego de disparos t\u00e1ctico en primera persona multijugador en l\u00ednea de Offworld Industries.","robots":{"index":"index","follow":"follow","max-snippet":"max-snippet:-1","max-image-preview":"max-image-preview:large","max-video-preview":"max-video-preview:-1"},"canonical":"https:\/\/www.mercadokeys.com\/product\/squad-steam-cd-key-2\/","og_locale":"en_GB","og_type":"article","og_title":"Squad Steam CD Key - MERCADOKEYS","og_description":"Esta es la realidad de jugar Squad , un juego de disparos t\u00e1ctico en primera persona multijugador en l\u00ednea de Offworld Industries.","og_url":"https:\/\/www.mercadokeys.com\/product\/squad-steam-cd-key-2\/","og_site_name":"MERCADOKEYS","article_modified_time":"2022-06-29T13:04:24+00:00","og_image":[{"width":230,"height":336,"url":"https:\/\/www.mercadokeys.com\/wp-content\/uploads\/2021\/06\/25990.jpg","type":"image\/jpeg"}],"twitter_card":"summary_large_image","twitter_misc":{"Estimated reading time":"3 minutes"},"schema":{"@context":"https:\/\/schema.org","@graph":[{"@type":"WebPage","@id":"https:\/\/www.mercadokeys.com\/product\/squad-steam-cd-key-2\/","url":"https:\/\/www.mercadokeys.com\/product\/squad-steam-cd-key-2\/","name":"Squad Steam CD Key - MERCADOKEYS","isPartOf":{"@id":"https:\/\/www.mercadokeys.com\/eng\/#website"},"primaryImageOfPage":{"@id":"https:\/\/www.mercadokeys.com\/product\/squad-steam-cd-key-2\/#primaryimage"},"image":{"@id":"https:\/\/www.mercadokeys.com\/product\/squad-steam-cd-key-2\/#primaryimage"},"thumbnailUrl":"https:\/\/www.mercadokeys.com.mx\/wp-content\/uploads\/2021\/06\/25990.jpg","datePublished":"2021-06-29T18:49:13+00:00","dateModified":"2022-06-29T13:04:24+00:00","description":"Esta es la realidad de jugar Squad , un juego de disparos t\u00e1ctico en primera persona multijugador en l\u00ednea de Offworld Industries.","breadcrumb":{"@id":"https:\/\/www.mercadokeys.com\/product\/squad-steam-cd-key-2\/#breadcrumb"},"inLanguage":"en-GB","potentialAction":[{"@type":"ReadAction","target":["https:\/\/www.mercadokeys.com\/product\/squad-steam-cd-key-2\/"]}]},{"@type":"ImageObject","inLanguage":"en-GB","@id":"https:\/\/www.mercadokeys.com\/product\/squad-steam-cd-key-2\/#primaryimage","url":"https:\/\/www.mercadokeys.com.mx\/wp-content\/uploads\/2021\/06\/25990.jpg","contentUrl":"https:\/\/www.mercadokeys.com.mx\/wp-content\/uploads\/2021\/06\/25990.jpg","width":230,"height":336},{"@type":"BreadcrumbList","@id":"https:\/\/www.mercadokeys.com\/product\/squad-steam-cd-key-2\/#breadcrumb","itemListElement":[{"@type":"ListItem","position":1,"name":"Inicio","item":"https:\/\/www.mercadokeys.com.mx\/"},{"@type":"ListItem","position":2,"name":"Tienda","item":"https:\/\/www.mercadokeys.com\/shop\/"},{"@type":"ListItem","position":3,"name":"Squad Steam CD Key"}]},{"@type":"WebSite","@id":"https:\/\/www.mercadokeys.com\/eng\/#website","url":"https:\/\/www.mercadokeys.com\/eng\/","name":"MERCADOKEYS","description":"Tu Tienda de videojuegos digitales en Mexico!","potentialAction":[{"@type":"SearchAction","target":{"@type":"EntryPoint","urlTemplate":"https:\/\/www.mercadokeys.com\/eng\/?s={search_term_string}"},"query-input":{"@type":"PropertyValueSpecification","valueRequired":true,"valueName":"search_term_string"}}],"inLanguage":"en-GB"}]}},"df_price":679.597849,"df_sale_price":679.597849,"df_regular_price":679.597849,"df_image_link":"https:\/\/www.mercadokeys.com.mx\/wp-content\/uploads\/2021\/06\/25990-205x300.jpg","_links":{"self":[{"href":"https:\/\/www.mercadokeys.com.mx\/eng\/wp-json\/wp\/v2\/product\/114310","targetHints":{"allow":["GET"]}}],"collection":[{"href":"https:\/\/www.mercadokeys.com.mx\/eng\/wp-json\/wp\/v2\/product"}],"about":[{"href":"https:\/\/www.mercadokeys.com.mx\/eng\/wp-json\/wp\/v2\/types\/product"}],"wp:featuredmedia":[{"embeddable":true,"href":"https:\/\/www.mercadokeys.com.mx\/eng\/wp-json\/wp\/v2\/media\/114311"}],"wp:attachment":[{"href":"https:\/\/www.mercadokeys.com.mx\/eng\/wp-json\/wp\/v2\/media?parent=114310"}],"wp:term":[{"taxonomy":"product_brand","embeddable":true,"href":"https:\/\/www.mercadokeys.com.mx\/eng\/wp-json\/wp\/v2\/product_brand?post=114310"},{"taxonomy":"product_cat","embeddable":true,"href":"https:\/\/www.mercadokeys.com.mx\/eng\/wp-json\/wp\/v2\/product_cat?post=114310"},{"taxonomy":"product_tag","embeddable":true,"href":"https:\/\/www.mercadokeys.com.mx\/eng\/wp-json\/wp\/v2\/product_tag?post=114310"}],"curies":[{"name":"wp","href":"https:\/\/api.w.org\/{rel}","templated":true}]}}