{"id":113235,"date":"2021-04-28T13:05:31","date_gmt":"2021-04-28T20:05:31","guid":{"rendered":"https:\/\/www.mercadokeys.com\/product\/supreme-commander-steam-cd-key-2\/"},"modified":"2022-06-28T06:13:42","modified_gmt":"2022-06-28T13:13:42","slug":"supreme-commander-steam-cd-key-2","status":"publish","type":"product","link":"https:\/\/www.mercadokeys.com.mx\/eng\/product\/supreme-commander-steam-cd-key-2\/","title":{"rendered":"Supreme Commander Steam CD Key"},"content":{"rendered":"<p><strong><span style=\"vertical-align: inherit\">Supreme Commander<\/span><\/strong><span style=\"vertical-align: inherit\"> es un juego de computadora de estrategia en tiempo real dise\u00f1ado por Chris Taylor y desarrollado por su compa\u00f1\u00eda, Gas Powered Games.<\/span><\/p>\n<p><span style=\"vertical-align: inherit\">Durante mil a\u00f1os, tres fuerzas opuestas han librado la guerra por lo que creen que es cierto. No puede haber lugar para el compromiso: su camino es el \u00fanico camino. Apodado La Guerra Infinita, este devastador conflicto ha pasado factura a una galaxia que alguna vez fue pac\u00edfica y solo ha servido para profundizar el odio entre las facciones. Despu\u00e9s de siglos de lucha, la batalla por la supremac\u00eda finalmente ha llegado a un punto de inflexi\u00f3n.<\/span><\/p>\n<p><span style=\"vertical-align: inherit\">Bajo su mando y liderazgo estrat\u00e9gicos, \u00bfreinar\u00e1 su facci\u00f3n de forma suprema? \u00bfSaldr\u00e1s victorioso y elevar\u00e1s tu raza a la dominaci\u00f3n? \u00bfO los conducir\u00e1s al infierno de la derrota y la extinci\u00f3n definitiva?<\/span><\/p>","protected":false},"excerpt":{"rendered":"<p>Supreme Commander es un juego de computadora de estrategia en tiempo real dise\u00f1ado por Chris Taylor y desarrollado por su compa\u00f1\u00eda, Gas Powered Games. Durante mil a\u00f1os, tres fuerzas opuestas han librado la guerra por lo que creen que es cierto. No puede haber lugar para el compromiso: su camino es el \u00fanico camino. Apodado&#8230;<\/p>","protected":false},"featured_media":113236,"template":"","meta":{"_monsterinsights_skip_tracking":false,"_monsterinsights_sitenote_active":false,"_monsterinsights_sitenote_note":"","_monsterinsights_sitenote_category":0},"product_brand":[],"product_cat":[1501,2981,1271,1420,1283,1280,1273,1401,1428],"product_tag":[1571,1526,1570],"class_list":{"0":"post-113235","1":"product","2":"type-product","3":"status-publish","4":"has-post-thumbnail","6":"product_cat-tienda-de-videojuegos-ultimos-juegos-tijuana-mexico","7":"product_cat-destacados","8":"product_cat-tienda-de-videojuegos-tijuana-mexico","9":"product_cat-tienda-de-videojuegos-populares-tijuana-mexico","10":"product_cat-tienda-de-videojuegos-plataformas-tijuana-mexico","11":"product_cat-tienda-de-videojuegos-pc-tijuana-mexico","12":"product_cat-tienda-de-videojuegos-steam-key-tijuana-mexico","13":"product_cat-tienda-de-videojuegos-estrategia-tijuana-mexico","14":"product_cat-tienda-de-videojuegos-cooperativos-tijuana-mexico","15":"product_tag-gas-powered-games","16":"product_tag-steam","17":"product_tag-supreme-commander","19":"first","20":"instock","21":"shipping-taxable","22":"purchasable","23":"product-type-simple"},"yoast_head":"<!-- This site is optimized with the Yoast SEO plugin v27.0 - https:\/\/yoast.com\/product\/yoast-seo-wordpress\/ -->\n<title>Supreme Commander Steam CD Key - MERCADOKEYS<\/title>\n<meta name=\"description\" content=\"Supreme Commander es un juego de computadora de estrategia en tiempo real dise\u00f1ado por Chris Taylor y desarrollado por Gas Powered Games.\" \/>\n<meta name=\"robots\" content=\"index, follow, max-snippet:-1, max-image-preview:large, max-video-preview:-1\" \/>\n<link rel=\"canonical\" href=\"https:\/\/www.mercadokeys.com\/product\/supreme-commander-steam-cd-key-2\/\" \/>\n<meta property=\"og:locale\" content=\"en_GB\" \/>\n<meta property=\"og:type\" content=\"article\" \/>\n<meta property=\"og:title\" content=\"Supreme Commander Steam CD Key - MERCADOKEYS\" \/>\n<meta property=\"og:description\" content=\"Supreme Commander es un juego de computadora de estrategia en tiempo real dise\u00f1ado por Chris Taylor y desarrollado por Gas Powered Games.\" \/>\n<meta property=\"og:url\" content=\"https:\/\/www.mercadokeys.com\/product\/supreme-commander-steam-cd-key-2\/\" \/>\n<meta property=\"og:site_name\" content=\"MERCADOKEYS\" \/>\n<meta property=\"article:modified_time\" content=\"2022-06-28T13:13:42+00:00\" \/>\n<meta property=\"og:image\" content=\"https:\/\/www.mercadokeys.com\/wp-content\/uploads\/2021\/04\/supreme-commander_cover_original.jpg\" \/>\n\t<meta property=\"og:image:width\" content=\"361\" \/>\n\t<meta property=\"og:image:height\" content=\"500\" \/>\n\t<meta property=\"og:image:type\" content=\"image\/jpeg\" \/>\n<meta name=\"twitter:card\" content=\"summary_large_image\" \/>\n<meta name=\"twitter:label1\" content=\"Estimated reading time\" \/>\n\t<meta name=\"twitter:data1\" content=\"1 minute\" \/>\n<script type=\"application\/ld+json\" class=\"yoast-schema-graph\">{\"@context\":\"https:\/\/schema.org\",\"@graph\":[{\"@type\":\"WebPage\",\"@id\":\"https:\/\/www.mercadokeys.com\/product\/supreme-commander-steam-cd-key-2\/\",\"url\":\"https:\/\/www.mercadokeys.com\/product\/supreme-commander-steam-cd-key-2\/\",\"name\":\"Supreme Commander Steam CD Key - MERCADOKEYS\",\"isPartOf\":{\"@id\":\"https:\/\/www.mercadokeys.com\/eng\/#website\"},\"primaryImageOfPage\":{\"@id\":\"https:\/\/www.mercadokeys.com\/product\/supreme-commander-steam-cd-key-2\/#primaryimage\"},\"image\":{\"@id\":\"https:\/\/www.mercadokeys.com\/product\/supreme-commander-steam-cd-key-2\/#primaryimage\"},\"thumbnailUrl\":\"https:\/\/www.mercadokeys.com.mx\/wp-content\/uploads\/2021\/04\/supreme-commander_cover_original.jpg\",\"datePublished\":\"2021-04-28T20:05:31+00:00\",\"dateModified\":\"2022-06-28T13:13:42+00:00\",\"description\":\"Supreme Commander es un juego de computadora de estrategia en tiempo real dise\u00f1ado por Chris Taylor y desarrollado por Gas Powered Games.\",\"breadcrumb\":{\"@id\":\"https:\/\/www.mercadokeys.com\/product\/supreme-commander-steam-cd-key-2\/#breadcrumb\"},\"inLanguage\":\"en-GB\",\"potentialAction\":[{\"@type\":\"ReadAction\",\"target\":[\"https:\/\/www.mercadokeys.com\/product\/supreme-commander-steam-cd-key-2\/\"]}]},{\"@type\":\"ImageObject\",\"inLanguage\":\"en-GB\",\"@id\":\"https:\/\/www.mercadokeys.com\/product\/supreme-commander-steam-cd-key-2\/#primaryimage\",\"url\":\"https:\/\/www.mercadokeys.com.mx\/wp-content\/uploads\/2021\/04\/supreme-commander_cover_original.jpg\",\"contentUrl\":\"https:\/\/www.mercadokeys.com.mx\/wp-content\/uploads\/2021\/04\/supreme-commander_cover_original.jpg\",\"width\":361,\"height\":500},{\"@type\":\"BreadcrumbList\",\"@id\":\"https:\/\/www.mercadokeys.com\/product\/supreme-commander-steam-cd-key-2\/#breadcrumb\",\"itemListElement\":[{\"@type\":\"ListItem\",\"position\":1,\"name\":\"Inicio\",\"item\":\"https:\/\/www.mercadokeys.com.mx\/\"},{\"@type\":\"ListItem\",\"position\":2,\"name\":\"Tienda\",\"item\":\"https:\/\/www.mercadokeys.com\/shop\/\"},{\"@type\":\"ListItem\",\"position\":3,\"name\":\"Supreme Commander Steam CD Key\"}]},{\"@type\":\"WebSite\",\"@id\":\"https:\/\/www.mercadokeys.com\/eng\/#website\",\"url\":\"https:\/\/www.mercadokeys.com\/eng\/\",\"name\":\"MERCADOKEYS\",\"description\":\"Tu Tienda de videojuegos digitales en Mexico!\",\"potentialAction\":[{\"@type\":\"SearchAction\",\"target\":{\"@type\":\"EntryPoint\",\"urlTemplate\":\"https:\/\/www.mercadokeys.com\/eng\/?s={search_term_string}\"},\"query-input\":{\"@type\":\"PropertyValueSpecification\",\"valueRequired\":true,\"valueName\":\"search_term_string\"}}],\"inLanguage\":\"en-GB\"}]}<\/script>\n<!-- \/ Yoast SEO plugin. -->","yoast_head_json":{"title":"Supreme Commander Steam CD Key - MERCADOKEYS","description":"Supreme Commander es un juego de computadora de estrategia en tiempo real dise\u00f1ado por Chris Taylor y desarrollado por Gas Powered Games.","robots":{"index":"index","follow":"follow","max-snippet":"max-snippet:-1","max-image-preview":"max-image-preview:large","max-video-preview":"max-video-preview:-1"},"canonical":"https:\/\/www.mercadokeys.com\/product\/supreme-commander-steam-cd-key-2\/","og_locale":"en_GB","og_type":"article","og_title":"Supreme Commander Steam CD Key - MERCADOKEYS","og_description":"Supreme Commander es un juego de computadora de estrategia en tiempo real dise\u00f1ado por Chris Taylor y desarrollado por Gas Powered Games.","og_url":"https:\/\/www.mercadokeys.com\/product\/supreme-commander-steam-cd-key-2\/","og_site_name":"MERCADOKEYS","article_modified_time":"2022-06-28T13:13:42+00:00","og_image":[{"width":361,"height":500,"url":"https:\/\/www.mercadokeys.com\/wp-content\/uploads\/2021\/04\/supreme-commander_cover_original.jpg","type":"image\/jpeg"}],"twitter_card":"summary_large_image","twitter_misc":{"Estimated reading time":"1 minute"},"schema":{"@context":"https:\/\/schema.org","@graph":[{"@type":"WebPage","@id":"https:\/\/www.mercadokeys.com\/product\/supreme-commander-steam-cd-key-2\/","url":"https:\/\/www.mercadokeys.com\/product\/supreme-commander-steam-cd-key-2\/","name":"Supreme Commander Steam CD Key - MERCADOKEYS","isPartOf":{"@id":"https:\/\/www.mercadokeys.com\/eng\/#website"},"primaryImageOfPage":{"@id":"https:\/\/www.mercadokeys.com\/product\/supreme-commander-steam-cd-key-2\/#primaryimage"},"image":{"@id":"https:\/\/www.mercadokeys.com\/product\/supreme-commander-steam-cd-key-2\/#primaryimage"},"thumbnailUrl":"https:\/\/www.mercadokeys.com.mx\/wp-content\/uploads\/2021\/04\/supreme-commander_cover_original.jpg","datePublished":"2021-04-28T20:05:31+00:00","dateModified":"2022-06-28T13:13:42+00:00","description":"Supreme Commander es un juego de computadora de estrategia en tiempo real dise\u00f1ado por Chris Taylor y desarrollado por Gas Powered Games.","breadcrumb":{"@id":"https:\/\/www.mercadokeys.com\/product\/supreme-commander-steam-cd-key-2\/#breadcrumb"},"inLanguage":"en-GB","potentialAction":[{"@type":"ReadAction","target":["https:\/\/www.mercadokeys.com\/product\/supreme-commander-steam-cd-key-2\/"]}]},{"@type":"ImageObject","inLanguage":"en-GB","@id":"https:\/\/www.mercadokeys.com\/product\/supreme-commander-steam-cd-key-2\/#primaryimage","url":"https:\/\/www.mercadokeys.com.mx\/wp-content\/uploads\/2021\/04\/supreme-commander_cover_original.jpg","contentUrl":"https:\/\/www.mercadokeys.com.mx\/wp-content\/uploads\/2021\/04\/supreme-commander_cover_original.jpg","width":361,"height":500},{"@type":"BreadcrumbList","@id":"https:\/\/www.mercadokeys.com\/product\/supreme-commander-steam-cd-key-2\/#breadcrumb","itemListElement":[{"@type":"ListItem","position":1,"name":"Inicio","item":"https:\/\/www.mercadokeys.com.mx\/"},{"@type":"ListItem","position":2,"name":"Tienda","item":"https:\/\/www.mercadokeys.com\/shop\/"},{"@type":"ListItem","position":3,"name":"Supreme Commander Steam CD Key"}]},{"@type":"WebSite","@id":"https:\/\/www.mercadokeys.com\/eng\/#website","url":"https:\/\/www.mercadokeys.com\/eng\/","name":"MERCADOKEYS","description":"Tu Tienda de videojuegos digitales en Mexico!","potentialAction":[{"@type":"SearchAction","target":{"@type":"EntryPoint","urlTemplate":"https:\/\/www.mercadokeys.com\/eng\/?s={search_term_string}"},"query-input":{"@type":"PropertyValueSpecification","valueRequired":true,"valueName":"search_term_string"}}],"inLanguage":"en-GB"}]}},"df_price":154.43091,"df_sale_price":154.43091,"df_regular_price":154.43091,"df_image_link":"https:\/\/www.mercadokeys.com.mx\/wp-content\/uploads\/2021\/04\/supreme-commander_cover_original-217x300.jpg","_links":{"self":[{"href":"https:\/\/www.mercadokeys.com.mx\/eng\/wp-json\/wp\/v2\/product\/113235","targetHints":{"allow":["GET"]}}],"collection":[{"href":"https:\/\/www.mercadokeys.com.mx\/eng\/wp-json\/wp\/v2\/product"}],"about":[{"href":"https:\/\/www.mercadokeys.com.mx\/eng\/wp-json\/wp\/v2\/types\/product"}],"wp:featuredmedia":[{"embeddable":true,"href":"https:\/\/www.mercadokeys.com.mx\/eng\/wp-json\/wp\/v2\/media\/113236"}],"wp:attachment":[{"href":"https:\/\/www.mercadokeys.com.mx\/eng\/wp-json\/wp\/v2\/media?parent=113235"}],"wp:term":[{"taxonomy":"product_brand","embeddable":true,"href":"https:\/\/www.mercadokeys.com.mx\/eng\/wp-json\/wp\/v2\/product_brand?post=113235"},{"taxonomy":"product_cat","embeddable":true,"href":"https:\/\/www.mercadokeys.com.mx\/eng\/wp-json\/wp\/v2\/product_cat?post=113235"},{"taxonomy":"product_tag","embeddable":true,"href":"https:\/\/www.mercadokeys.com.mx\/eng\/wp-json\/wp\/v2\/product_tag?post=113235"}],"curies":[{"name":"wp","href":"https:\/\/api.w.org\/{rel}","templated":true}]}}