{"id":113048,"date":"2021-04-27T13:43:52","date_gmt":"2021-04-27T20:43:52","guid":{"rendered":"https:\/\/www.mercadokeys.com\/product\/sniper-elite-nazi-zombie-army-2-steam-cd-key-2\/"},"modified":"2022-06-28T06:14:14","modified_gmt":"2022-06-28T13:14:14","slug":"sniper-elite-nazi-zombie-army-2-steam-cd-key-2","status":"publish","type":"product","link":"https:\/\/www.mercadokeys.com.mx\/eng\/product\/sniper-elite-nazi-zombie-army-2-steam-cd-key-2\/","title":{"rendered":"Sniper Elite: Nazi Zombie Army 2 Steam CD Key"},"content":{"rendered":"<p><span style=\"vertical-align: inherit\">Experimenta una campa\u00f1a cooperativa terriblemente intensa para hasta cuatro jugadores en esta secuela desgarradora del best-seller de Steam, Sniper Elite: Nazi Zombie Army.\u00a0<\/span><\/p>\n<p><span style=\"vertical-align: inherit\">Con la Europa de la Segunda Guerra Mundial invadida por legiones de no-muertos; debes encontrar la salvaci\u00f3n de la humanidad en las profundidades de las retorcidas entra\u00f1as de Berl\u00edn asegurando los artefactos sagrados que desataron esta condenaci\u00f3n. Cada paso debe pagarse con sangre mientras los jugadores trabajan juntos contra todo pron\u00f3stico y descienden m\u00e1s hacia la ciudad infestada de demonios y el aterrador F\u00fchrerbunker.\u00a0<\/span><\/p>\n<p><span style=\"vertical-align: inherit\">Enfr\u00e9ntate a la campa\u00f1a en l\u00ednea en modo cooperativo para hasta cuatro jugadores, o emb\u00e1rcate en las retorcidas misiones solo si tienes la botella.\u00a0<\/span><\/p>\n<p><span style=\"vertical-align: inherit\">Con nuevos enemigos, nuevos entornos, sorpresas espeluznantes y el regreso de la infame c\u00e1mara de rayos X. Sniper Elite: Nazi Zombie Army 2 satisfar\u00e1 incluso al m\u00e1s sanguinario de los cazadores de zombies.<\/span><\/p>","protected":false},"excerpt":{"rendered":"<p>Experimenta una campa\u00f1a cooperativa terriblemente intensa para hasta cuatro jugadores en esta secuela desgarradora del best-seller de Steam, Sniper Elite: Nazi Zombie Army.\u00a0 Con la Europa de la Segunda Guerra Mundial invadida por legiones de no-muertos; debes encontrar la salvaci\u00f3n de la humanidad en las profundidades de las retorcidas entra\u00f1as de Berl\u00edn asegurando los artefactos&#8230;<\/p>","protected":false},"featured_media":113049,"template":"","meta":{"_monsterinsights_skip_tracking":false,"_monsterinsights_sitenote_active":false,"_monsterinsights_sitenote_note":"","_monsterinsights_sitenote_category":0},"product_brand":[],"product_cat":[1501,2981,3596,1271,3164,1420,1283,1280,1273,1394,1428],"product_tag":[1826,1827,1526],"class_list":{"0":"post-113048","1":"product","2":"type-product","3":"status-publish","4":"has-post-thumbnail","6":"product_cat-tienda-de-videojuegos-ultimos-juegos-tijuana-mexico","7":"product_cat-destacados","8":"product_cat-tienda-de-videojuegos-steam-recomendados-en-tijuana-mexico","9":"product_cat-tienda-de-videojuegos-tijuana-mexico","10":"product_cat-tienda-de-videojuegos-baratos-economicos-tijuana-mexico","11":"product_cat-tienda-de-videojuegos-populares-tijuana-mexico","12":"product_cat-tienda-de-videojuegos-plataformas-tijuana-mexico","13":"product_cat-tienda-de-videojuegos-pc-tijuana-mexico","14":"product_cat-tienda-de-videojuegos-steam-key-tijuana-mexico","15":"product_cat-tienda-de-videojuegos-aventura-tijuana-mexico","16":"product_cat-tienda-de-videojuegos-cooperativos-tijuana-mexico","17":"product_tag-sniper-elite-nazi-zombie-army-2","18":"product_tag-sniper-elite-nazi-zombie-army-2-steam","19":"product_tag-steam","21":"first","22":"instock","23":"shipping-taxable","24":"purchasable","25":"product-type-simple"},"yoast_head":"<!-- This site is optimized with the Yoast SEO plugin v27.0 - https:\/\/yoast.com\/product\/yoast-seo-wordpress\/ -->\n<title>Sniper Elite: Nazi Zombie Army 2 Steam CD Key - MERCADOKEYS<\/title>\n<meta name=\"description\" content=\"Experimenta una campa\u00f1a cooperativa para hasta cuatro jugadores en esta secuela desgarradora del best-seller de Steam, Sniper Elite: Nazi Zombie Army.\u00a0\" \/>\n<meta name=\"robots\" content=\"index, follow, max-snippet:-1, max-image-preview:large, max-video-preview:-1\" \/>\n<link rel=\"canonical\" href=\"https:\/\/www.mercadokeys.com\/product\/sniper-elite-nazi-zombie-army-2-steam-cd-key-2\/\" \/>\n<meta property=\"og:locale\" content=\"en_GB\" \/>\n<meta property=\"og:type\" content=\"article\" \/>\n<meta property=\"og:title\" content=\"Sniper Elite: Nazi Zombie Army 2 Steam CD Key - MERCADOKEYS\" \/>\n<meta property=\"og:description\" content=\"Experimenta una campa\u00f1a cooperativa para hasta cuatro jugadores en esta secuela desgarradora del best-seller de Steam, Sniper Elite: Nazi Zombie Army.\u00a0\" \/>\n<meta property=\"og:url\" content=\"https:\/\/www.mercadokeys.com\/product\/sniper-elite-nazi-zombie-army-2-steam-cd-key-2\/\" \/>\n<meta property=\"og:site_name\" content=\"MERCADOKEYS\" \/>\n<meta property=\"article:modified_time\" content=\"2022-06-28T13:14:14+00:00\" \/>\n<meta property=\"og:image\" content=\"https:\/\/www.mercadokeys.com\/wp-content\/uploads\/2021\/04\/sniper-elite-nazi-zombie-army-2_cover_original.jpg\" \/>\n\t<meta property=\"og:image:width\" content=\"460\" \/>\n\t<meta property=\"og:image:height\" content=\"215\" \/>\n\t<meta property=\"og:image:type\" content=\"image\/jpeg\" \/>\n<meta name=\"twitter:card\" content=\"summary_large_image\" \/>\n<meta name=\"twitter:label1\" content=\"Estimated reading time\" \/>\n\t<meta name=\"twitter:data1\" content=\"1 minute\" \/>\n<script type=\"application\/ld+json\" class=\"yoast-schema-graph\">{\"@context\":\"https:\/\/schema.org\",\"@graph\":[{\"@type\":\"WebPage\",\"@id\":\"https:\/\/www.mercadokeys.com\/product\/sniper-elite-nazi-zombie-army-2-steam-cd-key-2\/\",\"url\":\"https:\/\/www.mercadokeys.com\/product\/sniper-elite-nazi-zombie-army-2-steam-cd-key-2\/\",\"name\":\"Sniper Elite: Nazi Zombie Army 2 Steam CD Key - MERCADOKEYS\",\"isPartOf\":{\"@id\":\"https:\/\/www.mercadokeys.com\/eng\/#website\"},\"primaryImageOfPage\":{\"@id\":\"https:\/\/www.mercadokeys.com\/product\/sniper-elite-nazi-zombie-army-2-steam-cd-key-2\/#primaryimage\"},\"image\":{\"@id\":\"https:\/\/www.mercadokeys.com\/product\/sniper-elite-nazi-zombie-army-2-steam-cd-key-2\/#primaryimage\"},\"thumbnailUrl\":\"https:\/\/www.mercadokeys.com.mx\/wp-content\/uploads\/2021\/04\/sniper-elite-nazi-zombie-army-2_cover_original.jpg\",\"datePublished\":\"2021-04-27T20:43:52+00:00\",\"dateModified\":\"2022-06-28T13:14:14+00:00\",\"description\":\"Experimenta una campa\u00f1a cooperativa para hasta cuatro jugadores en esta secuela desgarradora del best-seller de Steam, Sniper Elite: Nazi Zombie Army.\u00a0\",\"breadcrumb\":{\"@id\":\"https:\/\/www.mercadokeys.com\/product\/sniper-elite-nazi-zombie-army-2-steam-cd-key-2\/#breadcrumb\"},\"inLanguage\":\"en-GB\",\"potentialAction\":[{\"@type\":\"ReadAction\",\"target\":[\"https:\/\/www.mercadokeys.com\/product\/sniper-elite-nazi-zombie-army-2-steam-cd-key-2\/\"]}]},{\"@type\":\"ImageObject\",\"inLanguage\":\"en-GB\",\"@id\":\"https:\/\/www.mercadokeys.com\/product\/sniper-elite-nazi-zombie-army-2-steam-cd-key-2\/#primaryimage\",\"url\":\"https:\/\/www.mercadokeys.com.mx\/wp-content\/uploads\/2021\/04\/sniper-elite-nazi-zombie-army-2_cover_original.jpg\",\"contentUrl\":\"https:\/\/www.mercadokeys.com.mx\/wp-content\/uploads\/2021\/04\/sniper-elite-nazi-zombie-army-2_cover_original.jpg\",\"width\":460,\"height\":215},{\"@type\":\"BreadcrumbList\",\"@id\":\"https:\/\/www.mercadokeys.com\/product\/sniper-elite-nazi-zombie-army-2-steam-cd-key-2\/#breadcrumb\",\"itemListElement\":[{\"@type\":\"ListItem\",\"position\":1,\"name\":\"Inicio\",\"item\":\"https:\/\/www.mercadokeys.com.mx\/\"},{\"@type\":\"ListItem\",\"position\":2,\"name\":\"Tienda\",\"item\":\"https:\/\/www.mercadokeys.com\/shop\/\"},{\"@type\":\"ListItem\",\"position\":3,\"name\":\"Sniper Elite: Nazi Zombie Army 2 Steam CD Key\"}]},{\"@type\":\"WebSite\",\"@id\":\"https:\/\/www.mercadokeys.com\/eng\/#website\",\"url\":\"https:\/\/www.mercadokeys.com\/eng\/\",\"name\":\"MERCADOKEYS\",\"description\":\"Tu Tienda de videojuegos digitales en Mexico!\",\"potentialAction\":[{\"@type\":\"SearchAction\",\"target\":{\"@type\":\"EntryPoint\",\"urlTemplate\":\"https:\/\/www.mercadokeys.com\/eng\/?s={search_term_string}\"},\"query-input\":{\"@type\":\"PropertyValueSpecification\",\"valueRequired\":true,\"valueName\":\"search_term_string\"}}],\"inLanguage\":\"en-GB\"}]}<\/script>\n<!-- \/ Yoast SEO plugin. -->","yoast_head_json":{"title":"Sniper Elite: Nazi Zombie Army 2 Steam CD Key - MERCADOKEYS","description":"Experimenta una campa\u00f1a cooperativa para hasta cuatro jugadores en esta secuela desgarradora del best-seller de Steam, Sniper Elite: Nazi Zombie Army.\u00a0","robots":{"index":"index","follow":"follow","max-snippet":"max-snippet:-1","max-image-preview":"max-image-preview:large","max-video-preview":"max-video-preview:-1"},"canonical":"https:\/\/www.mercadokeys.com\/product\/sniper-elite-nazi-zombie-army-2-steam-cd-key-2\/","og_locale":"en_GB","og_type":"article","og_title":"Sniper Elite: Nazi Zombie Army 2 Steam CD Key - MERCADOKEYS","og_description":"Experimenta una campa\u00f1a cooperativa para hasta cuatro jugadores en esta secuela desgarradora del best-seller de Steam, Sniper Elite: Nazi Zombie Army.\u00a0","og_url":"https:\/\/www.mercadokeys.com\/product\/sniper-elite-nazi-zombie-army-2-steam-cd-key-2\/","og_site_name":"MERCADOKEYS","article_modified_time":"2022-06-28T13:14:14+00:00","og_image":[{"width":460,"height":215,"url":"https:\/\/www.mercadokeys.com\/wp-content\/uploads\/2021\/04\/sniper-elite-nazi-zombie-army-2_cover_original.jpg","type":"image\/jpeg"}],"twitter_card":"summary_large_image","twitter_misc":{"Estimated reading time":"1 minute"},"schema":{"@context":"https:\/\/schema.org","@graph":[{"@type":"WebPage","@id":"https:\/\/www.mercadokeys.com\/product\/sniper-elite-nazi-zombie-army-2-steam-cd-key-2\/","url":"https:\/\/www.mercadokeys.com\/product\/sniper-elite-nazi-zombie-army-2-steam-cd-key-2\/","name":"Sniper Elite: Nazi Zombie Army 2 Steam CD Key - MERCADOKEYS","isPartOf":{"@id":"https:\/\/www.mercadokeys.com\/eng\/#website"},"primaryImageOfPage":{"@id":"https:\/\/www.mercadokeys.com\/product\/sniper-elite-nazi-zombie-army-2-steam-cd-key-2\/#primaryimage"},"image":{"@id":"https:\/\/www.mercadokeys.com\/product\/sniper-elite-nazi-zombie-army-2-steam-cd-key-2\/#primaryimage"},"thumbnailUrl":"https:\/\/www.mercadokeys.com.mx\/wp-content\/uploads\/2021\/04\/sniper-elite-nazi-zombie-army-2_cover_original.jpg","datePublished":"2021-04-27T20:43:52+00:00","dateModified":"2022-06-28T13:14:14+00:00","description":"Experimenta una campa\u00f1a cooperativa para hasta cuatro jugadores en esta secuela desgarradora del best-seller de Steam, Sniper Elite: Nazi Zombie Army.\u00a0","breadcrumb":{"@id":"https:\/\/www.mercadokeys.com\/product\/sniper-elite-nazi-zombie-army-2-steam-cd-key-2\/#breadcrumb"},"inLanguage":"en-GB","potentialAction":[{"@type":"ReadAction","target":["https:\/\/www.mercadokeys.com\/product\/sniper-elite-nazi-zombie-army-2-steam-cd-key-2\/"]}]},{"@type":"ImageObject","inLanguage":"en-GB","@id":"https:\/\/www.mercadokeys.com\/product\/sniper-elite-nazi-zombie-army-2-steam-cd-key-2\/#primaryimage","url":"https:\/\/www.mercadokeys.com.mx\/wp-content\/uploads\/2021\/04\/sniper-elite-nazi-zombie-army-2_cover_original.jpg","contentUrl":"https:\/\/www.mercadokeys.com.mx\/wp-content\/uploads\/2021\/04\/sniper-elite-nazi-zombie-army-2_cover_original.jpg","width":460,"height":215},{"@type":"BreadcrumbList","@id":"https:\/\/www.mercadokeys.com\/product\/sniper-elite-nazi-zombie-army-2-steam-cd-key-2\/#breadcrumb","itemListElement":[{"@type":"ListItem","position":1,"name":"Inicio","item":"https:\/\/www.mercadokeys.com.mx\/"},{"@type":"ListItem","position":2,"name":"Tienda","item":"https:\/\/www.mercadokeys.com\/shop\/"},{"@type":"ListItem","position":3,"name":"Sniper Elite: Nazi Zombie Army 2 Steam CD Key"}]},{"@type":"WebSite","@id":"https:\/\/www.mercadokeys.com\/eng\/#website","url":"https:\/\/www.mercadokeys.com\/eng\/","name":"MERCADOKEYS","description":"Tu Tienda de videojuegos digitales en Mexico!","potentialAction":[{"@type":"SearchAction","target":{"@type":"EntryPoint","urlTemplate":"https:\/\/www.mercadokeys.com\/eng\/?s={search_term_string}"},"query-input":{"@type":"PropertyValueSpecification","valueRequired":true,"valueName":"search_term_string"}}],"inLanguage":"en-GB"}]}},"df_price":88.44938,"df_sale_price":88.44938,"df_regular_price":88.44938,"df_image_link":"https:\/\/www.mercadokeys.com.mx\/wp-content\/uploads\/2021\/04\/sniper-elite-nazi-zombie-army-2_cover_original-300x140.jpg","_links":{"self":[{"href":"https:\/\/www.mercadokeys.com.mx\/eng\/wp-json\/wp\/v2\/product\/113048","targetHints":{"allow":["GET"]}}],"collection":[{"href":"https:\/\/www.mercadokeys.com.mx\/eng\/wp-json\/wp\/v2\/product"}],"about":[{"href":"https:\/\/www.mercadokeys.com.mx\/eng\/wp-json\/wp\/v2\/types\/product"}],"wp:featuredmedia":[{"embeddable":true,"href":"https:\/\/www.mercadokeys.com.mx\/eng\/wp-json\/wp\/v2\/media\/113049"}],"wp:attachment":[{"href":"https:\/\/www.mercadokeys.com.mx\/eng\/wp-json\/wp\/v2\/media?parent=113048"}],"wp:term":[{"taxonomy":"product_brand","embeddable":true,"href":"https:\/\/www.mercadokeys.com.mx\/eng\/wp-json\/wp\/v2\/product_brand?post=113048"},{"taxonomy":"product_cat","embeddable":true,"href":"https:\/\/www.mercadokeys.com.mx\/eng\/wp-json\/wp\/v2\/product_cat?post=113048"},{"taxonomy":"product_tag","embeddable":true,"href":"https:\/\/www.mercadokeys.com.mx\/eng\/wp-json\/wp\/v2\/product_tag?post=113048"}],"curies":[{"name":"wp","href":"https:\/\/api.w.org\/{rel}","templated":true}]}}