{"id":113015,"date":"2021-04-27T11:20:52","date_gmt":"2021-04-27T18:20:52","guid":{"rendered":"https:\/\/www.mercadokeys.com\/product\/sacred-2-gold-steam-cd-key-2\/"},"modified":"2022-06-28T06:14:01","modified_gmt":"2022-06-28T13:14:01","slug":"sacred-2-gold-steam-cd-key-2","status":"publish","type":"product","link":"https:\/\/www.mercadokeys.com.mx\/eng\/product\/sacred-2-gold-steam-cd-key-2\/","title":{"rendered":"Sacred 2 Gold Steam CD Key"},"content":{"rendered":"<p><span style=\"vertical-align: inherit\">Experimenta el mundo de Ancaria en todo su esplendor con Sacred 2: Gold Edition. Contiene Sacred 2 Fallen Angel y el incre\u00edble complemento Ice and Blood. Derrota a innumerables enemigos peligrosos; captura armas poderosas y tesoros valiosos.<\/span><\/p>\n<p><strong><span style=\"vertical-align: inherit\">Sacred 2 Fallen Angel Al<\/span><\/strong><\/p>\n<p><span style=\"vertical-align: inherit\"> borde de la destrucci\u00f3n y amenazado por un caos abrumador, una misteriosa fuente de energ\u00eda se est\u00e1 extendiendo por el mundo de Ancaria. Dejando tras de s\u00ed la mutaci\u00f3n y el terror, esta energ\u00eda viva se ha convertido en el filo de la navaja sobre el que todo lo dem\u00e1s se equilibra. Los poderes de la Luz y la Sombra est\u00e1n destinados a chocar en una batalla desafortunada que podr\u00eda destrozar el tejido de la vida misma.\u00a0<\/span><\/p>\n<p><strong><span style=\"vertical-align: inherit\">Sacred 2 Ice &amp; Blood<\/span><\/strong><\/p>\n<p><span style=\"vertical-align: inherit\"> Ampliando el mundo de Ancaria, Ice &amp; Blood presenta dos nuevas regiones, un nuevo personaje jugable y toneladas de nuevos elementos, enemigos, armas y misiones.<\/span><\/p>\n<p>&nbsp;<\/p>","protected":false},"excerpt":{"rendered":"<p>Experimenta el mundo de Ancaria en todo su esplendor con Sacred 2: Gold Edition. Contiene Sacred 2 Fallen Angel y el incre\u00edble complemento Ice and Blood. Derrota a innumerables enemigos peligrosos; captura armas poderosas y tesoros valiosos. Sacred 2 Fallen Angel Al borde de la destrucci\u00f3n y amenazado por un caos abrumador, una misteriosa fuente&#8230;<\/p>","protected":false},"featured_media":113016,"template":"","meta":{"_monsterinsights_skip_tracking":false,"_monsterinsights_sitenote_active":false,"_monsterinsights_sitenote_note":"","_monsterinsights_sitenote_category":0},"product_brand":[],"product_cat":[1501,2981,3596,1271,3164,1420,1283,1280,1273,1405,1428],"product_tag":[1841,1840,1526],"class_list":{"0":"post-113015","1":"product","2":"type-product","3":"status-publish","4":"has-post-thumbnail","6":"product_cat-tienda-de-videojuegos-ultimos-juegos-tijuana-mexico","7":"product_cat-destacados","8":"product_cat-tienda-de-videojuegos-steam-recomendados-en-tijuana-mexico","9":"product_cat-tienda-de-videojuegos-tijuana-mexico","10":"product_cat-tienda-de-videojuegos-baratos-economicos-tijuana-mexico","11":"product_cat-tienda-de-videojuegos-populares-tijuana-mexico","12":"product_cat-tienda-de-videojuegos-plataformas-tijuana-mexico","13":"product_cat-tienda-de-videojuegos-pc-tijuana-mexico","14":"product_cat-tienda-de-videojuegos-steam-key-tijuana-mexico","15":"product_cat-tienda-de-videojuegos-rpg-tijuana-mexico","16":"product_cat-tienda-de-videojuegos-cooperativos-tijuana-mexico","17":"product_tag-sacred-2-gold","18":"product_tag-sacred-2-gold-steam","19":"product_tag-steam","21":"first","22":"instock","23":"shipping-taxable","24":"purchasable","25":"product-type-simple"},"yoast_head":"<!-- This site is optimized with the Yoast SEO plugin v27.0 - https:\/\/yoast.com\/product\/yoast-seo-wordpress\/ -->\n<title>Sacred 2 Gold Steam CD Key - MERCADOKEYS<\/title>\n<meta name=\"description\" content=\"Experimenta el mundo de Ancaria en todo su esplendor con Sacred 2: Gold Edition. Contiene Sacred 2 Fallen Angel y el incre\u00edble complemento Ice and Blood\" \/>\n<meta name=\"robots\" content=\"index, follow, max-snippet:-1, max-image-preview:large, max-video-preview:-1\" \/>\n<link rel=\"canonical\" href=\"https:\/\/www.mercadokeys.com\/product\/sacred-2-gold-steam-cd-key-2\/\" \/>\n<meta property=\"og:locale\" content=\"en_GB\" \/>\n<meta property=\"og:type\" content=\"article\" \/>\n<meta property=\"og:title\" content=\"Sacred 2 Gold Steam CD Key - MERCADOKEYS\" \/>\n<meta property=\"og:description\" content=\"Experimenta el mundo de Ancaria en todo su esplendor con Sacred 2: Gold Edition. Contiene Sacred 2 Fallen Angel y el incre\u00edble complemento Ice and Blood\" \/>\n<meta property=\"og:url\" content=\"https:\/\/www.mercadokeys.com\/product\/sacred-2-gold-steam-cd-key-2\/\" \/>\n<meta property=\"og:site_name\" content=\"MERCADOKEYS\" \/>\n<meta property=\"article:modified_time\" content=\"2022-06-28T13:14:01+00:00\" \/>\n<meta property=\"og:image\" content=\"https:\/\/www.mercadokeys.com\/wp-content\/uploads\/2021\/04\/sacred-2-gold_cover_original.jpg\" \/>\n\t<meta property=\"og:image:width\" content=\"1066\" \/>\n\t<meta property=\"og:image:height\" content=\"1500\" \/>\n\t<meta property=\"og:image:type\" content=\"image\/jpeg\" \/>\n<meta name=\"twitter:card\" content=\"summary_large_image\" \/>\n<meta name=\"twitter:label1\" content=\"Estimated reading time\" \/>\n\t<meta name=\"twitter:data1\" content=\"1 minute\" \/>\n<script type=\"application\/ld+json\" class=\"yoast-schema-graph\">{\"@context\":\"https:\/\/schema.org\",\"@graph\":[{\"@type\":\"WebPage\",\"@id\":\"https:\/\/www.mercadokeys.com\/product\/sacred-2-gold-steam-cd-key-2\/\",\"url\":\"https:\/\/www.mercadokeys.com\/product\/sacred-2-gold-steam-cd-key-2\/\",\"name\":\"Sacred 2 Gold Steam CD Key - MERCADOKEYS\",\"isPartOf\":{\"@id\":\"https:\/\/www.mercadokeys.com\/eng\/#website\"},\"primaryImageOfPage\":{\"@id\":\"https:\/\/www.mercadokeys.com\/product\/sacred-2-gold-steam-cd-key-2\/#primaryimage\"},\"image\":{\"@id\":\"https:\/\/www.mercadokeys.com\/product\/sacred-2-gold-steam-cd-key-2\/#primaryimage\"},\"thumbnailUrl\":\"https:\/\/www.mercadokeys.com.mx\/wp-content\/uploads\/2021\/04\/sacred-2-gold_cover_original.jpg\",\"datePublished\":\"2021-04-27T18:20:52+00:00\",\"dateModified\":\"2022-06-28T13:14:01+00:00\",\"description\":\"Experimenta el mundo de Ancaria en todo su esplendor con Sacred 2: Gold Edition. Contiene Sacred 2 Fallen Angel y el incre\u00edble complemento Ice and Blood\",\"breadcrumb\":{\"@id\":\"https:\/\/www.mercadokeys.com\/product\/sacred-2-gold-steam-cd-key-2\/#breadcrumb\"},\"inLanguage\":\"en-GB\",\"potentialAction\":[{\"@type\":\"ReadAction\",\"target\":[\"https:\/\/www.mercadokeys.com\/product\/sacred-2-gold-steam-cd-key-2\/\"]}]},{\"@type\":\"ImageObject\",\"inLanguage\":\"en-GB\",\"@id\":\"https:\/\/www.mercadokeys.com\/product\/sacred-2-gold-steam-cd-key-2\/#primaryimage\",\"url\":\"https:\/\/www.mercadokeys.com.mx\/wp-content\/uploads\/2021\/04\/sacred-2-gold_cover_original.jpg\",\"contentUrl\":\"https:\/\/www.mercadokeys.com.mx\/wp-content\/uploads\/2021\/04\/sacred-2-gold_cover_original.jpg\",\"width\":1066,\"height\":1500},{\"@type\":\"BreadcrumbList\",\"@id\":\"https:\/\/www.mercadokeys.com\/product\/sacred-2-gold-steam-cd-key-2\/#breadcrumb\",\"itemListElement\":[{\"@type\":\"ListItem\",\"position\":1,\"name\":\"Inicio\",\"item\":\"https:\/\/www.mercadokeys.com.mx\/\"},{\"@type\":\"ListItem\",\"position\":2,\"name\":\"Tienda\",\"item\":\"https:\/\/www.mercadokeys.com\/shop\/\"},{\"@type\":\"ListItem\",\"position\":3,\"name\":\"Sacred 2 Gold Steam CD Key\"}]},{\"@type\":\"WebSite\",\"@id\":\"https:\/\/www.mercadokeys.com\/eng\/#website\",\"url\":\"https:\/\/www.mercadokeys.com\/eng\/\",\"name\":\"MERCADOKEYS\",\"description\":\"Tu Tienda de videojuegos digitales en Mexico!\",\"potentialAction\":[{\"@type\":\"SearchAction\",\"target\":{\"@type\":\"EntryPoint\",\"urlTemplate\":\"https:\/\/www.mercadokeys.com\/eng\/?s={search_term_string}\"},\"query-input\":{\"@type\":\"PropertyValueSpecification\",\"valueRequired\":true,\"valueName\":\"search_term_string\"}}],\"inLanguage\":\"en-GB\"}]}<\/script>\n<!-- \/ Yoast SEO plugin. -->","yoast_head_json":{"title":"Sacred 2 Gold Steam CD Key - MERCADOKEYS","description":"Experimenta el mundo de Ancaria en todo su esplendor con Sacred 2: Gold Edition. Contiene Sacred 2 Fallen Angel y el incre\u00edble complemento Ice and Blood","robots":{"index":"index","follow":"follow","max-snippet":"max-snippet:-1","max-image-preview":"max-image-preview:large","max-video-preview":"max-video-preview:-1"},"canonical":"https:\/\/www.mercadokeys.com\/product\/sacred-2-gold-steam-cd-key-2\/","og_locale":"en_GB","og_type":"article","og_title":"Sacred 2 Gold Steam CD Key - MERCADOKEYS","og_description":"Experimenta el mundo de Ancaria en todo su esplendor con Sacred 2: Gold Edition. Contiene Sacred 2 Fallen Angel y el incre\u00edble complemento Ice and Blood","og_url":"https:\/\/www.mercadokeys.com\/product\/sacred-2-gold-steam-cd-key-2\/","og_site_name":"MERCADOKEYS","article_modified_time":"2022-06-28T13:14:01+00:00","og_image":[{"width":1066,"height":1500,"url":"https:\/\/www.mercadokeys.com\/wp-content\/uploads\/2021\/04\/sacred-2-gold_cover_original.jpg","type":"image\/jpeg"}],"twitter_card":"summary_large_image","twitter_misc":{"Estimated reading time":"1 minute"},"schema":{"@context":"https:\/\/schema.org","@graph":[{"@type":"WebPage","@id":"https:\/\/www.mercadokeys.com\/product\/sacred-2-gold-steam-cd-key-2\/","url":"https:\/\/www.mercadokeys.com\/product\/sacred-2-gold-steam-cd-key-2\/","name":"Sacred 2 Gold Steam CD Key - MERCADOKEYS","isPartOf":{"@id":"https:\/\/www.mercadokeys.com\/eng\/#website"},"primaryImageOfPage":{"@id":"https:\/\/www.mercadokeys.com\/product\/sacred-2-gold-steam-cd-key-2\/#primaryimage"},"image":{"@id":"https:\/\/www.mercadokeys.com\/product\/sacred-2-gold-steam-cd-key-2\/#primaryimage"},"thumbnailUrl":"https:\/\/www.mercadokeys.com.mx\/wp-content\/uploads\/2021\/04\/sacred-2-gold_cover_original.jpg","datePublished":"2021-04-27T18:20:52+00:00","dateModified":"2022-06-28T13:14:01+00:00","description":"Experimenta el mundo de Ancaria en todo su esplendor con Sacred 2: Gold Edition. Contiene Sacred 2 Fallen Angel y el incre\u00edble complemento Ice and Blood","breadcrumb":{"@id":"https:\/\/www.mercadokeys.com\/product\/sacred-2-gold-steam-cd-key-2\/#breadcrumb"},"inLanguage":"en-GB","potentialAction":[{"@type":"ReadAction","target":["https:\/\/www.mercadokeys.com\/product\/sacred-2-gold-steam-cd-key-2\/"]}]},{"@type":"ImageObject","inLanguage":"en-GB","@id":"https:\/\/www.mercadokeys.com\/product\/sacred-2-gold-steam-cd-key-2\/#primaryimage","url":"https:\/\/www.mercadokeys.com.mx\/wp-content\/uploads\/2021\/04\/sacred-2-gold_cover_original.jpg","contentUrl":"https:\/\/www.mercadokeys.com.mx\/wp-content\/uploads\/2021\/04\/sacred-2-gold_cover_original.jpg","width":1066,"height":1500},{"@type":"BreadcrumbList","@id":"https:\/\/www.mercadokeys.com\/product\/sacred-2-gold-steam-cd-key-2\/#breadcrumb","itemListElement":[{"@type":"ListItem","position":1,"name":"Inicio","item":"https:\/\/www.mercadokeys.com.mx\/"},{"@type":"ListItem","position":2,"name":"Tienda","item":"https:\/\/www.mercadokeys.com\/shop\/"},{"@type":"ListItem","position":3,"name":"Sacred 2 Gold Steam CD Key"}]},{"@type":"WebSite","@id":"https:\/\/www.mercadokeys.com\/eng\/#website","url":"https:\/\/www.mercadokeys.com\/eng\/","name":"MERCADOKEYS","description":"Tu Tienda de videojuegos digitales en Mexico!","potentialAction":[{"@type":"SearchAction","target":{"@type":"EntryPoint","urlTemplate":"https:\/\/www.mercadokeys.com\/eng\/?s={search_term_string}"},"query-input":{"@type":"PropertyValueSpecification","valueRequired":true,"valueName":"search_term_string"}}],"inLanguage":"en-GB"}]}},"df_price":68.404224,"df_sale_price":68.404224,"df_regular_price":68.404224,"df_image_link":"https:\/\/www.mercadokeys.com.mx\/wp-content\/uploads\/2021\/04\/sacred-2-gold_cover_original-213x300.jpg","_links":{"self":[{"href":"https:\/\/www.mercadokeys.com.mx\/eng\/wp-json\/wp\/v2\/product\/113015","targetHints":{"allow":["GET"]}}],"collection":[{"href":"https:\/\/www.mercadokeys.com.mx\/eng\/wp-json\/wp\/v2\/product"}],"about":[{"href":"https:\/\/www.mercadokeys.com.mx\/eng\/wp-json\/wp\/v2\/types\/product"}],"wp:featuredmedia":[{"embeddable":true,"href":"https:\/\/www.mercadokeys.com.mx\/eng\/wp-json\/wp\/v2\/media\/113016"}],"wp:attachment":[{"href":"https:\/\/www.mercadokeys.com.mx\/eng\/wp-json\/wp\/v2\/media?parent=113015"}],"wp:term":[{"taxonomy":"product_brand","embeddable":true,"href":"https:\/\/www.mercadokeys.com.mx\/eng\/wp-json\/wp\/v2\/product_brand?post=113015"},{"taxonomy":"product_cat","embeddable":true,"href":"https:\/\/www.mercadokeys.com.mx\/eng\/wp-json\/wp\/v2\/product_cat?post=113015"},{"taxonomy":"product_tag","embeddable":true,"href":"https:\/\/www.mercadokeys.com.mx\/eng\/wp-json\/wp\/v2\/product_tag?post=113015"}],"curies":[{"name":"wp","href":"https:\/\/api.w.org\/{rel}","templated":true}]}}