{"id":113008,"date":"2021-04-27T11:20:14","date_gmt":"2021-04-27T18:20:14","guid":{"rendered":"https:\/\/www.mercadokeys.com\/product\/salt-and-sanctuary-steam-cd-key-2\/"},"modified":"2022-06-28T06:13:57","modified_gmt":"2022-06-28T13:13:57","slug":"salt-and-sanctuary-steam-cd-key-2","status":"publish","type":"product","link":"https:\/\/www.mercadokeys.com.mx\/eng\/product\/salt-and-sanctuary-steam-cd-key-2\/","title":{"rendered":"Salt and Sanctuary Steam CD Key"},"content":{"rendered":"<p><span style=\"vertical-align: inherit\">En Salt and Sanctuary\u00a0 un marinero condenado naufraga en una isla inexplorada. En los valles cubiertos de niebla, donde los cad\u00e1veres cubiertos de musgo, sonrientes, se aferran a los brazos oxidados; las figuras temblorosas comienzan a moverse. Debajo de estructuras derruidas y desgastadas por la sal, los pasadizos laber\u00ednticos conducen a un mal indecible, olvidado por el hombre hace mucho tiempo. <\/span><\/p>\n<p><span style=\"vertical-align: inherit\">Por su parte, Salt and Sanctuary combina a la perfecci\u00f3n un combate en 2D r\u00e1pido, brutal y complejo con una mec\u00e1nica de juego de rol muy desarrollada. Descubre, crea y mejora m\u00e1s de 600 armas, piezas de armadura, hechizos y objetos. Todo esto mientras exploras un reino maldito de ciudades olvidadas, mazmorras empapadas de sangre, monumentos profanados y los se\u00f1ores ca\u00eddos que una vez celebraron.<\/span><\/p>\n<p><span style=\"vertical-align: inherit\">De Ska Studios, el galardonado estudio independiente detr\u00e1s de una larga lista de t\u00edtulos de acci\u00f3n estil\u00edsticos, viscerales y brutalmente ejecutados que incluye The Dishwasher: Vampire Smile, The Dishwasher: Dead Samurai y Charlie Murder, llega Salt and Sanctuary, el m\u00e1s t\u00edtulo ambicioso hasta la fecha.<\/span><\/p>","protected":false},"excerpt":{"rendered":"<p>En Salt and Sanctuary\u00a0 un marinero condenado naufraga en una isla inexplorada. En los valles cubiertos de niebla, donde los cad\u00e1veres cubiertos de musgo, sonrientes, se aferran a los brazos oxidados; las figuras temblorosas comienzan a moverse. Debajo de estructuras derruidas y desgastadas por la sal, los pasadizos laber\u00ednticos conducen a un mal indecible, olvidado&#8230;<\/p>","protected":false},"featured_media":113009,"template":"","meta":{"_monsterinsights_skip_tracking":false,"_monsterinsights_sitenote_active":false,"_monsterinsights_sitenote_note":"","_monsterinsights_sitenote_category":0},"product_brand":[],"product_cat":[1501,2981,1271,1420,1283,1280,1273,1393,1405,1428],"product_tag":[1922,1923,1526],"class_list":{"0":"post-113008","1":"product","2":"type-product","3":"status-publish","4":"has-post-thumbnail","6":"product_cat-tienda-de-videojuegos-ultimos-juegos-tijuana-mexico","7":"product_cat-destacados","8":"product_cat-tienda-de-videojuegos-tijuana-mexico","9":"product_cat-tienda-de-videojuegos-populares-tijuana-mexico","10":"product_cat-tienda-de-videojuegos-plataformas-tijuana-mexico","11":"product_cat-tienda-de-videojuegos-pc-tijuana-mexico","12":"product_cat-tienda-de-videojuegos-steam-key-tijuana-mexico","13":"product_cat-tienda-de-videojuegos-indie-tijuana-mexico","14":"product_cat-tienda-de-videojuegos-rpg-tijuana-mexico","15":"product_cat-tienda-de-videojuegos-cooperativos-tijuana-mexico","16":"product_tag-salt-and-sanctuary","17":"product_tag-salt-and-sanctuary-steam","18":"product_tag-steam","20":"first","21":"instock","22":"shipping-taxable","23":"purchasable","24":"product-type-simple"},"yoast_head":"<!-- This site is optimized with the Yoast SEO plugin v27.0 - https:\/\/yoast.com\/product\/yoast-seo-wordpress\/ -->\n<title>Salt and Sanctuary Steam CD Key - MERCADOKEYS<\/title>\n<meta name=\"description\" content=\"Salt and Sanctuary combina a la perfecci\u00f3n un combate en 2D r\u00e1pido, brutal y complejo con una mec\u00e1nica de juego de rol muy desarrollada.\" \/>\n<meta name=\"robots\" content=\"index, follow, max-snippet:-1, max-image-preview:large, max-video-preview:-1\" \/>\n<link rel=\"canonical\" href=\"https:\/\/www.mercadokeys.com\/product\/salt-and-sanctuary-steam-cd-key-2\/\" \/>\n<meta property=\"og:locale\" content=\"en_GB\" \/>\n<meta property=\"og:type\" content=\"article\" \/>\n<meta property=\"og:title\" content=\"Salt and Sanctuary Steam CD Key - MERCADOKEYS\" \/>\n<meta property=\"og:description\" content=\"Salt and Sanctuary combina a la perfecci\u00f3n un combate en 2D r\u00e1pido, brutal y complejo con una mec\u00e1nica de juego de rol muy desarrollada.\" \/>\n<meta property=\"og:url\" content=\"https:\/\/www.mercadokeys.com\/product\/salt-and-sanctuary-steam-cd-key-2\/\" \/>\n<meta property=\"og:site_name\" content=\"MERCADOKEYS\" \/>\n<meta property=\"article:modified_time\" content=\"2022-06-28T13:13:57+00:00\" \/>\n<meta property=\"og:image\" content=\"https:\/\/www.mercadokeys.com\/wp-content\/uploads\/2021\/04\/salt-and-sanctuary_cover_original.jpg\" \/>\n\t<meta property=\"og:image:width\" content=\"2175\" \/>\n\t<meta property=\"og:image:height\" content=\"1575\" \/>\n\t<meta property=\"og:image:type\" content=\"image\/jpeg\" \/>\n<meta name=\"twitter:card\" content=\"summary_large_image\" \/>\n<meta name=\"twitter:label1\" content=\"Estimated reading time\" \/>\n\t<meta name=\"twitter:data1\" content=\"1 minute\" \/>\n<script type=\"application\/ld+json\" class=\"yoast-schema-graph\">{\"@context\":\"https:\/\/schema.org\",\"@graph\":[{\"@type\":\"WebPage\",\"@id\":\"https:\/\/www.mercadokeys.com\/product\/salt-and-sanctuary-steam-cd-key-2\/\",\"url\":\"https:\/\/www.mercadokeys.com\/product\/salt-and-sanctuary-steam-cd-key-2\/\",\"name\":\"Salt and Sanctuary Steam CD Key - MERCADOKEYS\",\"isPartOf\":{\"@id\":\"https:\/\/www.mercadokeys.com\/eng\/#website\"},\"primaryImageOfPage\":{\"@id\":\"https:\/\/www.mercadokeys.com\/product\/salt-and-sanctuary-steam-cd-key-2\/#primaryimage\"},\"image\":{\"@id\":\"https:\/\/www.mercadokeys.com\/product\/salt-and-sanctuary-steam-cd-key-2\/#primaryimage\"},\"thumbnailUrl\":\"https:\/\/www.mercadokeys.com.mx\/wp-content\/uploads\/2021\/04\/salt-and-sanctuary_cover_original.jpg\",\"datePublished\":\"2021-04-27T18:20:14+00:00\",\"dateModified\":\"2022-06-28T13:13:57+00:00\",\"description\":\"Salt and Sanctuary combina a la perfecci\u00f3n un combate en 2D r\u00e1pido, brutal y complejo con una mec\u00e1nica de juego de rol muy desarrollada.\",\"breadcrumb\":{\"@id\":\"https:\/\/www.mercadokeys.com\/product\/salt-and-sanctuary-steam-cd-key-2\/#breadcrumb\"},\"inLanguage\":\"en-GB\",\"potentialAction\":[{\"@type\":\"ReadAction\",\"target\":[\"https:\/\/www.mercadokeys.com\/product\/salt-and-sanctuary-steam-cd-key-2\/\"]}]},{\"@type\":\"ImageObject\",\"inLanguage\":\"en-GB\",\"@id\":\"https:\/\/www.mercadokeys.com\/product\/salt-and-sanctuary-steam-cd-key-2\/#primaryimage\",\"url\":\"https:\/\/www.mercadokeys.com.mx\/wp-content\/uploads\/2021\/04\/salt-and-sanctuary_cover_original.jpg\",\"contentUrl\":\"https:\/\/www.mercadokeys.com.mx\/wp-content\/uploads\/2021\/04\/salt-and-sanctuary_cover_original.jpg\",\"width\":2175,\"height\":1575},{\"@type\":\"BreadcrumbList\",\"@id\":\"https:\/\/www.mercadokeys.com\/product\/salt-and-sanctuary-steam-cd-key-2\/#breadcrumb\",\"itemListElement\":[{\"@type\":\"ListItem\",\"position\":1,\"name\":\"Inicio\",\"item\":\"https:\/\/www.mercadokeys.com.mx\/\"},{\"@type\":\"ListItem\",\"position\":2,\"name\":\"Tienda\",\"item\":\"https:\/\/www.mercadokeys.com\/shop\/\"},{\"@type\":\"ListItem\",\"position\":3,\"name\":\"Salt and Sanctuary Steam CD Key\"}]},{\"@type\":\"WebSite\",\"@id\":\"https:\/\/www.mercadokeys.com\/eng\/#website\",\"url\":\"https:\/\/www.mercadokeys.com\/eng\/\",\"name\":\"MERCADOKEYS\",\"description\":\"Tu Tienda de videojuegos digitales en Mexico!\",\"potentialAction\":[{\"@type\":\"SearchAction\",\"target\":{\"@type\":\"EntryPoint\",\"urlTemplate\":\"https:\/\/www.mercadokeys.com\/eng\/?s={search_term_string}\"},\"query-input\":{\"@type\":\"PropertyValueSpecification\",\"valueRequired\":true,\"valueName\":\"search_term_string\"}}],\"inLanguage\":\"en-GB\"}]}<\/script>\n<!-- \/ Yoast SEO plugin. -->","yoast_head_json":{"title":"Salt and Sanctuary Steam CD Key - MERCADOKEYS","description":"Salt and Sanctuary combina a la perfecci\u00f3n un combate en 2D r\u00e1pido, brutal y complejo con una mec\u00e1nica de juego de rol muy desarrollada.","robots":{"index":"index","follow":"follow","max-snippet":"max-snippet:-1","max-image-preview":"max-image-preview:large","max-video-preview":"max-video-preview:-1"},"canonical":"https:\/\/www.mercadokeys.com\/product\/salt-and-sanctuary-steam-cd-key-2\/","og_locale":"en_GB","og_type":"article","og_title":"Salt and Sanctuary Steam CD Key - MERCADOKEYS","og_description":"Salt and Sanctuary combina a la perfecci\u00f3n un combate en 2D r\u00e1pido, brutal y complejo con una mec\u00e1nica de juego de rol muy desarrollada.","og_url":"https:\/\/www.mercadokeys.com\/product\/salt-and-sanctuary-steam-cd-key-2\/","og_site_name":"MERCADOKEYS","article_modified_time":"2022-06-28T13:13:57+00:00","og_image":[{"width":2175,"height":1575,"url":"https:\/\/www.mercadokeys.com\/wp-content\/uploads\/2021\/04\/salt-and-sanctuary_cover_original.jpg","type":"image\/jpeg"}],"twitter_card":"summary_large_image","twitter_misc":{"Estimated reading time":"1 minute"},"schema":{"@context":"https:\/\/schema.org","@graph":[{"@type":"WebPage","@id":"https:\/\/www.mercadokeys.com\/product\/salt-and-sanctuary-steam-cd-key-2\/","url":"https:\/\/www.mercadokeys.com\/product\/salt-and-sanctuary-steam-cd-key-2\/","name":"Salt and Sanctuary Steam CD Key - MERCADOKEYS","isPartOf":{"@id":"https:\/\/www.mercadokeys.com\/eng\/#website"},"primaryImageOfPage":{"@id":"https:\/\/www.mercadokeys.com\/product\/salt-and-sanctuary-steam-cd-key-2\/#primaryimage"},"image":{"@id":"https:\/\/www.mercadokeys.com\/product\/salt-and-sanctuary-steam-cd-key-2\/#primaryimage"},"thumbnailUrl":"https:\/\/www.mercadokeys.com.mx\/wp-content\/uploads\/2021\/04\/salt-and-sanctuary_cover_original.jpg","datePublished":"2021-04-27T18:20:14+00:00","dateModified":"2022-06-28T13:13:57+00:00","description":"Salt and Sanctuary combina a la perfecci\u00f3n un combate en 2D r\u00e1pido, brutal y complejo con una mec\u00e1nica de juego de rol muy desarrollada.","breadcrumb":{"@id":"https:\/\/www.mercadokeys.com\/product\/salt-and-sanctuary-steam-cd-key-2\/#breadcrumb"},"inLanguage":"en-GB","potentialAction":[{"@type":"ReadAction","target":["https:\/\/www.mercadokeys.com\/product\/salt-and-sanctuary-steam-cd-key-2\/"]}]},{"@type":"ImageObject","inLanguage":"en-GB","@id":"https:\/\/www.mercadokeys.com\/product\/salt-and-sanctuary-steam-cd-key-2\/#primaryimage","url":"https:\/\/www.mercadokeys.com.mx\/wp-content\/uploads\/2021\/04\/salt-and-sanctuary_cover_original.jpg","contentUrl":"https:\/\/www.mercadokeys.com.mx\/wp-content\/uploads\/2021\/04\/salt-and-sanctuary_cover_original.jpg","width":2175,"height":1575},{"@type":"BreadcrumbList","@id":"https:\/\/www.mercadokeys.com\/product\/salt-and-sanctuary-steam-cd-key-2\/#breadcrumb","itemListElement":[{"@type":"ListItem","position":1,"name":"Inicio","item":"https:\/\/www.mercadokeys.com.mx\/"},{"@type":"ListItem","position":2,"name":"Tienda","item":"https:\/\/www.mercadokeys.com\/shop\/"},{"@type":"ListItem","position":3,"name":"Salt and Sanctuary Steam CD Key"}]},{"@type":"WebSite","@id":"https:\/\/www.mercadokeys.com\/eng\/#website","url":"https:\/\/www.mercadokeys.com\/eng\/","name":"MERCADOKEYS","description":"Tu Tienda de videojuegos digitales en Mexico!","potentialAction":[{"@type":"SearchAction","target":{"@type":"EntryPoint","urlTemplate":"https:\/\/www.mercadokeys.com\/eng\/?s={search_term_string}"},"query-input":{"@type":"PropertyValueSpecification","valueRequired":true,"valueName":"search_term_string"}}],"inLanguage":"en-GB"}]}},"df_price":360.054388,"df_sale_price":360.054388,"df_regular_price":360.054388,"df_image_link":"https:\/\/www.mercadokeys.com.mx\/wp-content\/uploads\/2021\/04\/salt-and-sanctuary_cover_original-300x217.jpg","_links":{"self":[{"href":"https:\/\/www.mercadokeys.com.mx\/eng\/wp-json\/wp\/v2\/product\/113008","targetHints":{"allow":["GET"]}}],"collection":[{"href":"https:\/\/www.mercadokeys.com.mx\/eng\/wp-json\/wp\/v2\/product"}],"about":[{"href":"https:\/\/www.mercadokeys.com.mx\/eng\/wp-json\/wp\/v2\/types\/product"}],"wp:featuredmedia":[{"embeddable":true,"href":"https:\/\/www.mercadokeys.com.mx\/eng\/wp-json\/wp\/v2\/media\/113009"}],"wp:attachment":[{"href":"https:\/\/www.mercadokeys.com.mx\/eng\/wp-json\/wp\/v2\/media?parent=113008"}],"wp:term":[{"taxonomy":"product_brand","embeddable":true,"href":"https:\/\/www.mercadokeys.com.mx\/eng\/wp-json\/wp\/v2\/product_brand?post=113008"},{"taxonomy":"product_cat","embeddable":true,"href":"https:\/\/www.mercadokeys.com.mx\/eng\/wp-json\/wp\/v2\/product_cat?post=113008"},{"taxonomy":"product_tag","embeddable":true,"href":"https:\/\/www.mercadokeys.com.mx\/eng\/wp-json\/wp\/v2\/product_tag?post=113008"}],"curies":[{"name":"wp","href":"https:\/\/api.w.org\/{rel}","templated":true}]}}