{"id":112915,"date":"2021-04-27T10:26:02","date_gmt":"2021-04-27T17:26:02","guid":{"rendered":"https:\/\/www.mercadokeys.com\/product\/the-incredible-adventures-of-van-helsing-steam-cd-key-2\/"},"modified":"2022-06-28T06:13:13","modified_gmt":"2022-06-28T13:13:13","slug":"the-incredible-adventures-of-van-helsing-steam-cd-key-2","status":"publish","type":"product","link":"https:\/\/www.mercadokeys.com.mx\/eng\/product\/the-incredible-adventures-of-van-helsing-steam-cd-key-2\/","title":{"rendered":"The Incredible Adventures of Van Helsing Steam CD Key"},"content":{"rendered":"<p><span style=\"vertical-align: inherit\">En The Incredible Adventures of Van Helsing\u00a0 ponte tu sombrero de ala ancha, agarra tus armas y emb\u00e1rcate en una incre\u00edble aventura en el mundo g\u00f3tico-negro de Borgovia; donde la ciencia loca amenaza la fr\u00e1gil paz entre monstruos y mortales. Convi\u00e9rtete en Van Helsing; un cazador de monstruos extraordinario y salva el d\u00eda con tu encantadora y hermosa compa\u00f1era, Lady Katarina (que resulta ser un fantasma, por cierto).<\/span><\/p>\n<p><span style=\"vertical-align: inherit\">Del mismo modo, explora la naturaleza salvaje en las monta\u00f1as y los distritos de ladrillos manchados de holl\u00edn de una metr\u00f3polis sombr\u00eda retorcida por ciencia extra\u00f1a, y no lo olvides; \u00a1es posible que nunca sepas qui\u00e9nes son los verdaderos monstruos!. Todo esto en The Incredible Adventures of Van Helsing\u00a0<\/span><\/p>","protected":false},"excerpt":{"rendered":"<p>En The Incredible Adventures of Van Helsing\u00a0 ponte tu sombrero de ala ancha, agarra tus armas y emb\u00e1rcate en una incre\u00edble aventura en el mundo g\u00f3tico-negro de Borgovia; donde la ciencia loca amenaza la fr\u00e1gil paz entre monstruos y mortales. Convi\u00e9rtete en Van Helsing; un cazador de monstruos extraordinario y salva el d\u00eda con tu&#8230;<\/p>","protected":false},"featured_media":112916,"template":"","meta":{"_monsterinsights_skip_tracking":false,"_monsterinsights_sitenote_active":false,"_monsterinsights_sitenote_note":"","_monsterinsights_sitenote_category":0},"product_brand":[],"product_cat":[1501,2981,3596,1271,3164,1420,1283,1280,1273,1405,1428],"product_tag":[1526,1532,2021],"class_list":{"0":"post-112915","1":"product","2":"type-product","3":"status-publish","4":"has-post-thumbnail","6":"product_cat-tienda-de-videojuegos-ultimos-juegos-tijuana-mexico","7":"product_cat-destacados","8":"product_cat-tienda-de-videojuegos-steam-recomendados-en-tijuana-mexico","9":"product_cat-tienda-de-videojuegos-tijuana-mexico","10":"product_cat-tienda-de-videojuegos-baratos-economicos-tijuana-mexico","11":"product_cat-tienda-de-videojuegos-populares-tijuana-mexico","12":"product_cat-tienda-de-videojuegos-plataformas-tijuana-mexico","13":"product_cat-tienda-de-videojuegos-pc-tijuana-mexico","14":"product_cat-tienda-de-videojuegos-steam-key-tijuana-mexico","15":"product_cat-tienda-de-videojuegos-rpg-tijuana-mexico","16":"product_cat-tienda-de-videojuegos-cooperativos-tijuana-mexico","17":"product_tag-steam","18":"product_tag-the-incredible-adventures-of-van-helsing","19":"product_tag-the-incredible-adventures-of-van-helsing-steam","21":"first","22":"instock","23":"shipping-taxable","24":"purchasable","25":"product-type-simple"},"yoast_head":"<!-- This site is optimized with the Yoast SEO plugin v27.0 - https:\/\/yoast.com\/product\/yoast-seo-wordpress\/ -->\n<title>The Incredible Adventures of Van Helsing Steam CD Key - MERCADOKEYS<\/title>\n<meta name=\"description\" content=\"En The Incredible Adventures of Van Helsing\u00a0 ponte tu sombrero de ala ancha, agarra tus armas y emb\u00e1rcate en una incre\u00edble aventura en Borgovia,\" \/>\n<meta name=\"robots\" content=\"index, follow, max-snippet:-1, max-image-preview:large, max-video-preview:-1\" \/>\n<link rel=\"canonical\" href=\"https:\/\/www.mercadokeys.com\/product\/the-incredible-adventures-of-van-helsing-steam-cd-key-2\/\" \/>\n<meta property=\"og:locale\" content=\"en_GB\" \/>\n<meta property=\"og:type\" content=\"article\" \/>\n<meta property=\"og:title\" content=\"The Incredible Adventures of Van Helsing Steam CD Key - MERCADOKEYS\" \/>\n<meta property=\"og:description\" content=\"En The Incredible Adventures of Van Helsing\u00a0 ponte tu sombrero de ala ancha, agarra tus armas y emb\u00e1rcate en una incre\u00edble aventura en Borgovia,\" \/>\n<meta property=\"og:url\" content=\"https:\/\/www.mercadokeys.com\/product\/the-incredible-adventures-of-van-helsing-steam-cd-key-2\/\" \/>\n<meta property=\"og:site_name\" content=\"MERCADOKEYS\" \/>\n<meta property=\"article:modified_time\" content=\"2022-06-28T13:13:13+00:00\" \/>\n<meta property=\"og:image\" content=\"https:\/\/www.mercadokeys.com\/wp-content\/uploads\/2021\/04\/the-incredible-adventures-of-van-helsing_cover_original.jpg\" \/>\n\t<meta property=\"og:image:width\" content=\"421\" \/>\n\t<meta property=\"og:image:height\" content=\"600\" \/>\n\t<meta property=\"og:image:type\" content=\"image\/jpeg\" \/>\n<meta name=\"twitter:card\" content=\"summary_large_image\" \/>\n<meta name=\"twitter:label1\" content=\"Estimated reading time\" \/>\n\t<meta name=\"twitter:data1\" content=\"1 minute\" \/>\n<script type=\"application\/ld+json\" class=\"yoast-schema-graph\">{\"@context\":\"https:\/\/schema.org\",\"@graph\":[{\"@type\":\"WebPage\",\"@id\":\"https:\/\/www.mercadokeys.com\/product\/the-incredible-adventures-of-van-helsing-steam-cd-key-2\/\",\"url\":\"https:\/\/www.mercadokeys.com\/product\/the-incredible-adventures-of-van-helsing-steam-cd-key-2\/\",\"name\":\"The Incredible Adventures of Van Helsing Steam CD Key - MERCADOKEYS\",\"isPartOf\":{\"@id\":\"https:\/\/www.mercadokeys.com\/eng\/#website\"},\"primaryImageOfPage\":{\"@id\":\"https:\/\/www.mercadokeys.com\/product\/the-incredible-adventures-of-van-helsing-steam-cd-key-2\/#primaryimage\"},\"image\":{\"@id\":\"https:\/\/www.mercadokeys.com\/product\/the-incredible-adventures-of-van-helsing-steam-cd-key-2\/#primaryimage\"},\"thumbnailUrl\":\"https:\/\/www.mercadokeys.com.mx\/wp-content\/uploads\/2021\/04\/the-incredible-adventures-of-van-helsing_cover_original.jpg\",\"datePublished\":\"2021-04-27T17:26:02+00:00\",\"dateModified\":\"2022-06-28T13:13:13+00:00\",\"description\":\"En The Incredible Adventures of Van Helsing\u00a0 ponte tu sombrero de ala ancha, agarra tus armas y emb\u00e1rcate en una incre\u00edble aventura en Borgovia,\",\"breadcrumb\":{\"@id\":\"https:\/\/www.mercadokeys.com\/product\/the-incredible-adventures-of-van-helsing-steam-cd-key-2\/#breadcrumb\"},\"inLanguage\":\"en-GB\",\"potentialAction\":[{\"@type\":\"ReadAction\",\"target\":[\"https:\/\/www.mercadokeys.com\/product\/the-incredible-adventures-of-van-helsing-steam-cd-key-2\/\"]}]},{\"@type\":\"ImageObject\",\"inLanguage\":\"en-GB\",\"@id\":\"https:\/\/www.mercadokeys.com\/product\/the-incredible-adventures-of-van-helsing-steam-cd-key-2\/#primaryimage\",\"url\":\"https:\/\/www.mercadokeys.com.mx\/wp-content\/uploads\/2021\/04\/the-incredible-adventures-of-van-helsing_cover_original.jpg\",\"contentUrl\":\"https:\/\/www.mercadokeys.com.mx\/wp-content\/uploads\/2021\/04\/the-incredible-adventures-of-van-helsing_cover_original.jpg\",\"width\":421,\"height\":600},{\"@type\":\"BreadcrumbList\",\"@id\":\"https:\/\/www.mercadokeys.com\/product\/the-incredible-adventures-of-van-helsing-steam-cd-key-2\/#breadcrumb\",\"itemListElement\":[{\"@type\":\"ListItem\",\"position\":1,\"name\":\"Inicio\",\"item\":\"https:\/\/www.mercadokeys.com.mx\/\"},{\"@type\":\"ListItem\",\"position\":2,\"name\":\"Tienda\",\"item\":\"https:\/\/www.mercadokeys.com\/shop\/\"},{\"@type\":\"ListItem\",\"position\":3,\"name\":\"The Incredible Adventures of Van Helsing Steam CD Key\"}]},{\"@type\":\"WebSite\",\"@id\":\"https:\/\/www.mercadokeys.com\/eng\/#website\",\"url\":\"https:\/\/www.mercadokeys.com\/eng\/\",\"name\":\"MERCADOKEYS\",\"description\":\"Tu Tienda de videojuegos digitales en Mexico!\",\"potentialAction\":[{\"@type\":\"SearchAction\",\"target\":{\"@type\":\"EntryPoint\",\"urlTemplate\":\"https:\/\/www.mercadokeys.com\/eng\/?s={search_term_string}\"},\"query-input\":{\"@type\":\"PropertyValueSpecification\",\"valueRequired\":true,\"valueName\":\"search_term_string\"}}],\"inLanguage\":\"en-GB\"}]}<\/script>\n<!-- \/ Yoast SEO plugin. -->","yoast_head_json":{"title":"The Incredible Adventures of Van Helsing Steam CD Key - MERCADOKEYS","description":"En The Incredible Adventures of Van Helsing\u00a0 ponte tu sombrero de ala ancha, agarra tus armas y emb\u00e1rcate en una incre\u00edble aventura en Borgovia,","robots":{"index":"index","follow":"follow","max-snippet":"max-snippet:-1","max-image-preview":"max-image-preview:large","max-video-preview":"max-video-preview:-1"},"canonical":"https:\/\/www.mercadokeys.com\/product\/the-incredible-adventures-of-van-helsing-steam-cd-key-2\/","og_locale":"en_GB","og_type":"article","og_title":"The Incredible Adventures of Van Helsing Steam CD Key - MERCADOKEYS","og_description":"En The Incredible Adventures of Van Helsing\u00a0 ponte tu sombrero de ala ancha, agarra tus armas y emb\u00e1rcate en una incre\u00edble aventura en Borgovia,","og_url":"https:\/\/www.mercadokeys.com\/product\/the-incredible-adventures-of-van-helsing-steam-cd-key-2\/","og_site_name":"MERCADOKEYS","article_modified_time":"2022-06-28T13:13:13+00:00","og_image":[{"width":421,"height":600,"url":"https:\/\/www.mercadokeys.com\/wp-content\/uploads\/2021\/04\/the-incredible-adventures-of-van-helsing_cover_original.jpg","type":"image\/jpeg"}],"twitter_card":"summary_large_image","twitter_misc":{"Estimated reading time":"1 minute"},"schema":{"@context":"https:\/\/schema.org","@graph":[{"@type":"WebPage","@id":"https:\/\/www.mercadokeys.com\/product\/the-incredible-adventures-of-van-helsing-steam-cd-key-2\/","url":"https:\/\/www.mercadokeys.com\/product\/the-incredible-adventures-of-van-helsing-steam-cd-key-2\/","name":"The Incredible Adventures of Van Helsing Steam CD Key - MERCADOKEYS","isPartOf":{"@id":"https:\/\/www.mercadokeys.com\/eng\/#website"},"primaryImageOfPage":{"@id":"https:\/\/www.mercadokeys.com\/product\/the-incredible-adventures-of-van-helsing-steam-cd-key-2\/#primaryimage"},"image":{"@id":"https:\/\/www.mercadokeys.com\/product\/the-incredible-adventures-of-van-helsing-steam-cd-key-2\/#primaryimage"},"thumbnailUrl":"https:\/\/www.mercadokeys.com.mx\/wp-content\/uploads\/2021\/04\/the-incredible-adventures-of-van-helsing_cover_original.jpg","datePublished":"2021-04-27T17:26:02+00:00","dateModified":"2022-06-28T13:13:13+00:00","description":"En The Incredible Adventures of Van Helsing\u00a0 ponte tu sombrero de ala ancha, agarra tus armas y emb\u00e1rcate en una incre\u00edble aventura en Borgovia,","breadcrumb":{"@id":"https:\/\/www.mercadokeys.com\/product\/the-incredible-adventures-of-van-helsing-steam-cd-key-2\/#breadcrumb"},"inLanguage":"en-GB","potentialAction":[{"@type":"ReadAction","target":["https:\/\/www.mercadokeys.com\/product\/the-incredible-adventures-of-van-helsing-steam-cd-key-2\/"]}]},{"@type":"ImageObject","inLanguage":"en-GB","@id":"https:\/\/www.mercadokeys.com\/product\/the-incredible-adventures-of-van-helsing-steam-cd-key-2\/#primaryimage","url":"https:\/\/www.mercadokeys.com.mx\/wp-content\/uploads\/2021\/04\/the-incredible-adventures-of-van-helsing_cover_original.jpg","contentUrl":"https:\/\/www.mercadokeys.com.mx\/wp-content\/uploads\/2021\/04\/the-incredible-adventures-of-van-helsing_cover_original.jpg","width":421,"height":600},{"@type":"BreadcrumbList","@id":"https:\/\/www.mercadokeys.com\/product\/the-incredible-adventures-of-van-helsing-steam-cd-key-2\/#breadcrumb","itemListElement":[{"@type":"ListItem","position":1,"name":"Inicio","item":"https:\/\/www.mercadokeys.com.mx\/"},{"@type":"ListItem","position":2,"name":"Tienda","item":"https:\/\/www.mercadokeys.com\/shop\/"},{"@type":"ListItem","position":3,"name":"The Incredible Adventures of Van Helsing Steam CD Key"}]},{"@type":"WebSite","@id":"https:\/\/www.mercadokeys.com\/eng\/#website","url":"https:\/\/www.mercadokeys.com\/eng\/","name":"MERCADOKEYS","description":"Tu Tienda de videojuegos digitales en Mexico!","potentialAction":[{"@type":"SearchAction","target":{"@type":"EntryPoint","urlTemplate":"https:\/\/www.mercadokeys.com\/eng\/?s={search_term_string}"},"query-input":{"@type":"PropertyValueSpecification","valueRequired":true,"valueName":"search_term_string"}}],"inLanguage":"en-GB"}]}},"df_price":134.52269,"df_sale_price":134.52269,"df_regular_price":134.52269,"df_image_link":"https:\/\/www.mercadokeys.com.mx\/wp-content\/uploads\/2021\/04\/the-incredible-adventures-of-van-helsing_cover_original-211x300.jpg","_links":{"self":[{"href":"https:\/\/www.mercadokeys.com.mx\/eng\/wp-json\/wp\/v2\/product\/112915","targetHints":{"allow":["GET"]}}],"collection":[{"href":"https:\/\/www.mercadokeys.com.mx\/eng\/wp-json\/wp\/v2\/product"}],"about":[{"href":"https:\/\/www.mercadokeys.com.mx\/eng\/wp-json\/wp\/v2\/types\/product"}],"wp:featuredmedia":[{"embeddable":true,"href":"https:\/\/www.mercadokeys.com.mx\/eng\/wp-json\/wp\/v2\/media\/112916"}],"wp:attachment":[{"href":"https:\/\/www.mercadokeys.com.mx\/eng\/wp-json\/wp\/v2\/media?parent=112915"}],"wp:term":[{"taxonomy":"product_brand","embeddable":true,"href":"https:\/\/www.mercadokeys.com.mx\/eng\/wp-json\/wp\/v2\/product_brand?post=112915"},{"taxonomy":"product_cat","embeddable":true,"href":"https:\/\/www.mercadokeys.com.mx\/eng\/wp-json\/wp\/v2\/product_cat?post=112915"},{"taxonomy":"product_tag","embeddable":true,"href":"https:\/\/www.mercadokeys.com.mx\/eng\/wp-json\/wp\/v2\/product_tag?post=112915"}],"curies":[{"name":"wp","href":"https:\/\/api.w.org\/{rel}","templated":true}]}}