{"id":110052,"date":"2020-12-18T10:34:50","date_gmt":"2020-12-18T18:34:50","guid":{"rendered":"https:\/\/www.mercadokeys.com\/product\/stronghold-crusader-2-steam-cd-key\/"},"modified":"2022-06-28T06:15:52","modified_gmt":"2022-06-28T13:15:52","slug":"stronghold-crusader-2-steam-cd-key","status":"publish","type":"product","link":"https:\/\/www.mercadokeys.com.mx\/eng\/product\/stronghold-crusader-2-steam-cd-key\/","title":{"rendered":"Stronghold Crusader 2 Steam CD Key"},"content":{"rendered":"<p>Stronghold Crusader 2 es la esperada secuela de Stronghold: Crusader, el &#8216;simulador de castillo&#8217; original. Despu\u00e9s de 12 a\u00f1os, Stronghold Crusader 2 regresa a los desiertos del Medio Oriente alrededor de 1189, con un nuevo motor 3D y una destrucci\u00f3n realista del castillo impulsada por Havok Physics. Crusader 2 recuperar\u00e1 la din\u00e1mica de juego adictiva y vertiginosa del juego original y la aut\u00e9ntica simulaci\u00f3n de castillos. Fiel a sus ra\u00edces, esta nueva Fortaleza definir\u00e1 la estrategia en tiempo real de la vieja escuela, combinando RTS y un juego de construcci\u00f3n de ciudades. Jugando como un caballero cruzado brutal o un luchador por la libertad \u00e1rabe, debes usar una serie de tropas letales y equipo de asedio destructivo para decidir el destino de las tierras santas. Dirige tus fuerzas a la batalla como Ricardo Coraz\u00f3n de Le\u00f3n o como el Sult\u00e1n de Siria en dos campa\u00f1as hist\u00f3ricas para un jugador, con eventos din\u00e1micos como tornados y enjambres de langostas. Convi\u00e9rtete en el Se\u00f1or m\u00e1s grande al administrar la econom\u00eda del desierto y tomar el control de oasis vitales. Para dominar el campo de batalla, necesitar\u00e1s comandar m\u00e1s de 25 tipos de unidades \u00fanicas y dominar sus habilidades especiales. Eleva la moral con el Sargento de Armas, ataca con el Caballero Sassanid, usa los Arqueros para lanzar una descarga de flechas o escala los muros del castillo con el Asesino mortal. Una vez que hayas perfeccionado tus habilidades, ponlas a prueba en el modo de escaramuza o participa en la batalla online con hasta ocho jugadores. \u00a1Crea equipos, elige diferentes oponentes de IA y dise\u00f1a tu propio mapa en el juego de escaramuzas o multijugador definitivo!<\/p>","protected":false},"excerpt":{"rendered":"<p>Stronghold Crusader 2 es la esperada secuela de Stronghold: Crusader, el &#8216;simulador de castillo&#8217; original. Despu\u00e9s de 12 a\u00f1os, Stronghold Crusader 2 regresa a los desiertos del Medio Oriente alrededor de 1189, con un nuevo motor 3D y una destrucci\u00f3n realista del castillo impulsada por Havok Physics. Crusader 2 recuperar\u00e1 la din\u00e1mica de juego adictiva&#8230;<\/p>","protected":false},"featured_media":110067,"template":"","meta":{"_monsterinsights_skip_tracking":false,"_monsterinsights_sitenote_active":false,"_monsterinsights_sitenote_note":"","_monsterinsights_sitenote_category":0},"product_brand":[],"product_cat":[1501,2981,3596,1271,3164,1420,1283,1280,1273,1395,1428],"product_tag":[1527],"class_list":{"0":"post-110052","1":"product","2":"type-product","3":"status-publish","4":"has-post-thumbnail","6":"product_cat-tienda-de-videojuegos-ultimos-juegos-tijuana-mexico","7":"product_cat-destacados","8":"product_cat-tienda-de-videojuegos-steam-recomendados-en-tijuana-mexico","9":"product_cat-tienda-de-videojuegos-tijuana-mexico","10":"product_cat-tienda-de-videojuegos-baratos-economicos-tijuana-mexico","11":"product_cat-tienda-de-videojuegos-populares-tijuana-mexico","12":"product_cat-tienda-de-videojuegos-plataformas-tijuana-mexico","13":"product_cat-tienda-de-videojuegos-pc-tijuana-mexico","14":"product_cat-tienda-de-videojuegos-steam-key-tijuana-mexico","15":"product_cat-tienda-de-videojuegos-casual-tijuana-mexico","16":"product_cat-tienda-de-videojuegos-cooperativos-tijuana-mexico","17":"product_tag-stronghold-crusader-2","19":"first","20":"instock","21":"shipping-taxable","22":"purchasable","23":"product-type-simple"},"yoast_head":"<!-- This site is optimized with the Yoast SEO plugin v27.0 - https:\/\/yoast.com\/product\/yoast-seo-wordpress\/ -->\n<title>Stronghold Crusader 2 Steam CD Key - MERCADOKEYS<\/title>\n<meta name=\"description\" content=\"Stronghold Crusader 2 es la esperada secuela de Stronghold: Crusader, el &#039;simulador de castillo&#039; original. Despu\u00e9s de 12 a\u00f1os, Stronghold regresa\" \/>\n<meta name=\"robots\" content=\"index, follow, max-snippet:-1, max-image-preview:large, max-video-preview:-1\" \/>\n<link rel=\"canonical\" href=\"https:\/\/www.mercadokeys.com\/product\/stronghold-crusader-2-steam-cd-key\/\" \/>\n<meta property=\"og:locale\" content=\"en_GB\" \/>\n<meta property=\"og:type\" content=\"article\" \/>\n<meta property=\"og:title\" content=\"Stronghold Crusader 2 Steam CD Key - MERCADOKEYS\" \/>\n<meta property=\"og:description\" content=\"Stronghold Crusader 2 es la esperada secuela de Stronghold: Crusader, el &#039;simulador de castillo&#039; original. Despu\u00e9s de 12 a\u00f1os, Stronghold regresa\" \/>\n<meta property=\"og:url\" content=\"https:\/\/www.mercadokeys.com\/product\/stronghold-crusader-2-steam-cd-key\/\" \/>\n<meta property=\"og:site_name\" content=\"MERCADOKEYS\" \/>\n<meta property=\"article:modified_time\" content=\"2022-06-28T13:15:52+00:00\" \/>\n<meta property=\"og:image\" content=\"https:\/\/www.mercadokeys.com\/wp-content\/uploads\/2020\/12\/stronghold-crusader-ii_cover_original-6-717x1024.png\" \/>\n\t<meta property=\"og:image:width\" content=\"717\" \/>\n\t<meta property=\"og:image:height\" content=\"1024\" \/>\n\t<meta property=\"og:image:type\" content=\"image\/png\" \/>\n<meta name=\"twitter:card\" content=\"summary_large_image\" \/>\n<meta name=\"twitter:label1\" content=\"Estimated reading time\" \/>\n\t<meta name=\"twitter:data1\" content=\"2 minutes\" \/>\n<script type=\"application\/ld+json\" class=\"yoast-schema-graph\">{\"@context\":\"https:\/\/schema.org\",\"@graph\":[{\"@type\":\"WebPage\",\"@id\":\"https:\/\/www.mercadokeys.com\/product\/stronghold-crusader-2-steam-cd-key\/\",\"url\":\"https:\/\/www.mercadokeys.com\/product\/stronghold-crusader-2-steam-cd-key\/\",\"name\":\"Stronghold Crusader 2 Steam CD Key - MERCADOKEYS\",\"isPartOf\":{\"@id\":\"https:\/\/www.mercadokeys.com\/eng\/#website\"},\"primaryImageOfPage\":{\"@id\":\"https:\/\/www.mercadokeys.com\/product\/stronghold-crusader-2-steam-cd-key\/#primaryimage\"},\"image\":{\"@id\":\"https:\/\/www.mercadokeys.com\/product\/stronghold-crusader-2-steam-cd-key\/#primaryimage\"},\"thumbnailUrl\":\"https:\/\/www.mercadokeys.com.mx\/wp-content\/uploads\/2020\/12\/stronghold-crusader-ii_cover_original-6.png\",\"datePublished\":\"2020-12-18T18:34:50+00:00\",\"dateModified\":\"2022-06-28T13:15:52+00:00\",\"description\":\"Stronghold Crusader 2 es la esperada secuela de Stronghold: Crusader, el 'simulador de castillo' original. Despu\u00e9s de 12 a\u00f1os, Stronghold regresa\",\"breadcrumb\":{\"@id\":\"https:\/\/www.mercadokeys.com\/product\/stronghold-crusader-2-steam-cd-key\/#breadcrumb\"},\"inLanguage\":\"en-GB\",\"potentialAction\":[{\"@type\":\"ReadAction\",\"target\":[\"https:\/\/www.mercadokeys.com\/product\/stronghold-crusader-2-steam-cd-key\/\"]}]},{\"@type\":\"ImageObject\",\"inLanguage\":\"en-GB\",\"@id\":\"https:\/\/www.mercadokeys.com\/product\/stronghold-crusader-2-steam-cd-key\/#primaryimage\",\"url\":\"https:\/\/www.mercadokeys.com.mx\/wp-content\/uploads\/2020\/12\/stronghold-crusader-ii_cover_original-6.png\",\"contentUrl\":\"https:\/\/www.mercadokeys.com.mx\/wp-content\/uploads\/2020\/12\/stronghold-crusader-ii_cover_original-6.png\",\"width\":1506,\"height\":2150,\"caption\":\"Stronghold Crusader 2 es la esperada secuela de Stronghold: Crusader, el 'simulador de castillo' original. Despu\u00e9s de 12 a\u00f1os, Stronghold regresa\"},{\"@type\":\"BreadcrumbList\",\"@id\":\"https:\/\/www.mercadokeys.com\/product\/stronghold-crusader-2-steam-cd-key\/#breadcrumb\",\"itemListElement\":[{\"@type\":\"ListItem\",\"position\":1,\"name\":\"Inicio\",\"item\":\"https:\/\/www.mercadokeys.com.mx\/\"},{\"@type\":\"ListItem\",\"position\":2,\"name\":\"Tienda\",\"item\":\"https:\/\/www.mercadokeys.com\/shop\/\"},{\"@type\":\"ListItem\",\"position\":3,\"name\":\"Stronghold Crusader 2 Steam CD Key\"}]},{\"@type\":\"WebSite\",\"@id\":\"https:\/\/www.mercadokeys.com\/eng\/#website\",\"url\":\"https:\/\/www.mercadokeys.com\/eng\/\",\"name\":\"MERCADOKEYS\",\"description\":\"Tu Tienda de videojuegos digitales en Mexico!\",\"potentialAction\":[{\"@type\":\"SearchAction\",\"target\":{\"@type\":\"EntryPoint\",\"urlTemplate\":\"https:\/\/www.mercadokeys.com\/eng\/?s={search_term_string}\"},\"query-input\":{\"@type\":\"PropertyValueSpecification\",\"valueRequired\":true,\"valueName\":\"search_term_string\"}}],\"inLanguage\":\"en-GB\"}]}<\/script>\n<!-- \/ Yoast SEO plugin. -->","yoast_head_json":{"title":"Stronghold Crusader 2 Steam CD Key - MERCADOKEYS","description":"Stronghold Crusader 2 es la esperada secuela de Stronghold: Crusader, el 'simulador de castillo' original. Despu\u00e9s de 12 a\u00f1os, Stronghold regresa","robots":{"index":"index","follow":"follow","max-snippet":"max-snippet:-1","max-image-preview":"max-image-preview:large","max-video-preview":"max-video-preview:-1"},"canonical":"https:\/\/www.mercadokeys.com\/product\/stronghold-crusader-2-steam-cd-key\/","og_locale":"en_GB","og_type":"article","og_title":"Stronghold Crusader 2 Steam CD Key - MERCADOKEYS","og_description":"Stronghold Crusader 2 es la esperada secuela de Stronghold: Crusader, el 'simulador de castillo' original. Despu\u00e9s de 12 a\u00f1os, Stronghold regresa","og_url":"https:\/\/www.mercadokeys.com\/product\/stronghold-crusader-2-steam-cd-key\/","og_site_name":"MERCADOKEYS","article_modified_time":"2022-06-28T13:15:52+00:00","og_image":[{"width":717,"height":1024,"url":"https:\/\/www.mercadokeys.com\/wp-content\/uploads\/2020\/12\/stronghold-crusader-ii_cover_original-6-717x1024.png","type":"image\/png"}],"twitter_card":"summary_large_image","twitter_misc":{"Estimated reading time":"2 minutes"},"schema":{"@context":"https:\/\/schema.org","@graph":[{"@type":"WebPage","@id":"https:\/\/www.mercadokeys.com\/product\/stronghold-crusader-2-steam-cd-key\/","url":"https:\/\/www.mercadokeys.com\/product\/stronghold-crusader-2-steam-cd-key\/","name":"Stronghold Crusader 2 Steam CD Key - MERCADOKEYS","isPartOf":{"@id":"https:\/\/www.mercadokeys.com\/eng\/#website"},"primaryImageOfPage":{"@id":"https:\/\/www.mercadokeys.com\/product\/stronghold-crusader-2-steam-cd-key\/#primaryimage"},"image":{"@id":"https:\/\/www.mercadokeys.com\/product\/stronghold-crusader-2-steam-cd-key\/#primaryimage"},"thumbnailUrl":"https:\/\/www.mercadokeys.com.mx\/wp-content\/uploads\/2020\/12\/stronghold-crusader-ii_cover_original-6.png","datePublished":"2020-12-18T18:34:50+00:00","dateModified":"2022-06-28T13:15:52+00:00","description":"Stronghold Crusader 2 es la esperada secuela de Stronghold: Crusader, el 'simulador de castillo' original. Despu\u00e9s de 12 a\u00f1os, Stronghold regresa","breadcrumb":{"@id":"https:\/\/www.mercadokeys.com\/product\/stronghold-crusader-2-steam-cd-key\/#breadcrumb"},"inLanguage":"en-GB","potentialAction":[{"@type":"ReadAction","target":["https:\/\/www.mercadokeys.com\/product\/stronghold-crusader-2-steam-cd-key\/"]}]},{"@type":"ImageObject","inLanguage":"en-GB","@id":"https:\/\/www.mercadokeys.com\/product\/stronghold-crusader-2-steam-cd-key\/#primaryimage","url":"https:\/\/www.mercadokeys.com.mx\/wp-content\/uploads\/2020\/12\/stronghold-crusader-ii_cover_original-6.png","contentUrl":"https:\/\/www.mercadokeys.com.mx\/wp-content\/uploads\/2020\/12\/stronghold-crusader-ii_cover_original-6.png","width":1506,"height":2150,"caption":"Stronghold Crusader 2 es la esperada secuela de Stronghold: Crusader, el 'simulador de castillo' original. Despu\u00e9s de 12 a\u00f1os, Stronghold regresa"},{"@type":"BreadcrumbList","@id":"https:\/\/www.mercadokeys.com\/product\/stronghold-crusader-2-steam-cd-key\/#breadcrumb","itemListElement":[{"@type":"ListItem","position":1,"name":"Inicio","item":"https:\/\/www.mercadokeys.com.mx\/"},{"@type":"ListItem","position":2,"name":"Tienda","item":"https:\/\/www.mercadokeys.com\/shop\/"},{"@type":"ListItem","position":3,"name":"Stronghold Crusader 2 Steam CD Key"}]},{"@type":"WebSite","@id":"https:\/\/www.mercadokeys.com\/eng\/#website","url":"https:\/\/www.mercadokeys.com\/eng\/","name":"MERCADOKEYS","description":"Tu Tienda de videojuegos digitales en Mexico!","potentialAction":[{"@type":"SearchAction","target":{"@type":"EntryPoint","urlTemplate":"https:\/\/www.mercadokeys.com\/eng\/?s={search_term_string}"},"query-input":{"@type":"PropertyValueSpecification","valueRequired":true,"valueName":"search_term_string"}}],"inLanguage":"en-GB"}]}},"df_price":85.320945,"df_sale_price":85.320945,"df_regular_price":85.320945,"df_image_link":"https:\/\/www.mercadokeys.com.mx\/wp-content\/uploads\/2020\/12\/stronghold-crusader-ii_cover_original-6-210x300.png","_links":{"self":[{"href":"https:\/\/www.mercadokeys.com.mx\/eng\/wp-json\/wp\/v2\/product\/110052","targetHints":{"allow":["GET"]}}],"collection":[{"href":"https:\/\/www.mercadokeys.com.mx\/eng\/wp-json\/wp\/v2\/product"}],"about":[{"href":"https:\/\/www.mercadokeys.com.mx\/eng\/wp-json\/wp\/v2\/types\/product"}],"wp:featuredmedia":[{"embeddable":true,"href":"https:\/\/www.mercadokeys.com.mx\/eng\/wp-json\/wp\/v2\/media\/110067"}],"wp:attachment":[{"href":"https:\/\/www.mercadokeys.com.mx\/eng\/wp-json\/wp\/v2\/media?parent=110052"}],"wp:term":[{"taxonomy":"product_brand","embeddable":true,"href":"https:\/\/www.mercadokeys.com.mx\/eng\/wp-json\/wp\/v2\/product_brand?post=110052"},{"taxonomy":"product_cat","embeddable":true,"href":"https:\/\/www.mercadokeys.com.mx\/eng\/wp-json\/wp\/v2\/product_cat?post=110052"},{"taxonomy":"product_tag","embeddable":true,"href":"https:\/\/www.mercadokeys.com.mx\/eng\/wp-json\/wp\/v2\/product_tag?post=110052"}],"curies":[{"name":"wp","href":"https:\/\/api.w.org\/{rel}","templated":true}]}}