{"id":105967,"date":"2020-12-18T06:27:10","date_gmt":"2020-12-18T14:27:10","guid":{"rendered":"https:\/\/www.mercadokeys.com\/product\/age-of-empires-iii-definitive-edition-steam-cd-key\/"},"modified":"2022-06-28T06:19:06","modified_gmt":"2022-06-28T13:19:06","slug":"age-of-empires-iii-definitive-edition-steam-cd-key","status":"publish","type":"product","link":"https:\/\/www.mercadokeys.com.mx\/eng\/product\/age-of-empires-iii-definitive-edition-steam-cd-key\/","title":{"rendered":"Age of Empires III: Definitive Edition Steam CD Key"},"content":{"rendered":"<p>Age of Empires III: Definitive Edition cierra con broche de oro la celebraci\u00f3n de una de las franquicias de estrategia en tiempo real m\u00e1s aclamadas de la historia. Todo con caracter\u00edsticas mejoradas y un estilo de juego moderno.<\/p>\n<p>&nbsp;<\/p>\n<ul>\n<li>En Age of Empires III dirige a las poderosas civilizaciones de Europa y Am\u00e9rica o salta a los campos de batalla de Asia y d\u00e9jate cautivar por los asombrosos gr\u00e1ficos 4K en Ultra HD y la banda sonora totalmente remasterizada.<\/li>\n<li>Del mismo modo, prueba dos modos de juego nuevos: las misiones de desaf\u00edo de las Batallas hist\u00f3ricas y El arte de la guerra. Incluye las 14 civilizaciones y todas las expansiones que se han lanzado anteriormente, m\u00e1s dos culturas nuevas: \u00a1los suecos y los incas!<\/li>\n<li>Juega en l\u00ednea y desaf\u00eda a otros jugadores en el modo multijugador en l\u00ednea mejorado, compatible con juego entre redes. Divi\u00e9rtete con las nuevas funciones, tales como el modo espectador y el modo de apoyo.<\/li>\n<\/ul>","protected":false},"excerpt":{"rendered":"<p>Age of Empires III: Definitive Edition cierra con broche de oro la celebraci\u00f3n de una de las franquicias de estrategia en tiempo real m\u00e1s aclamadas de la historia. Todo con caracter\u00edsticas mejoradas y un estilo de juego moderno. &nbsp; En Age of Empires III dirige a las poderosas civilizaciones de Europa y Am\u00e9rica o salta&#8230;<\/p>","protected":false},"featured_media":114509,"template":"","meta":{"_monsterinsights_skip_tracking":false,"_monsterinsights_sitenote_active":false,"_monsterinsights_sitenote_note":"","_monsterinsights_sitenote_category":0},"product_brand":[],"product_cat":[2981,1271,1283,1280,1273,1401,1423],"product_tag":[2192,2191,2193,1526],"class_list":{"0":"post-105967","1":"product","2":"type-product","3":"status-publish","4":"has-post-thumbnail","6":"product_cat-destacados","7":"product_cat-tienda-de-videojuegos-tijuana-mexico","8":"product_cat-tienda-de-videojuegos-plataformas-tijuana-mexico","9":"product_cat-tienda-de-videojuegos-pc-tijuana-mexico","10":"product_cat-tienda-de-videojuegos-steam-key-tijuana-mexico","11":"product_cat-tienda-de-videojuegos-estrategia-tijuana-mexico","12":"product_cat-tienda-de-videojuegos-nuevos-lanzamientos-tijuana-mexico","13":"product_tag-age-of-empires","14":"product_tag-age-of-empires-iii","15":"product_tag-age-of-empires-iii-steam","16":"product_tag-steam","18":"first","19":"instock","20":"shipping-taxable","21":"purchasable","22":"product-type-simple"},"yoast_head":"<!-- This site is optimized with the Yoast SEO plugin v27.0 - https:\/\/yoast.com\/product\/yoast-seo-wordpress\/ -->\n<title>Age of Empires III: Definitive Edition Steam CD Key - MERCADOKEYS<\/title>\n<meta name=\"description\" content=\"Age of Empires III: Definitive Edition cierra con broche de oro la celebraci\u00f3n de una de las franquicias de estrategia en tiempo real m\u00e1s aclamadas\" \/>\n<meta name=\"robots\" content=\"index, follow, max-snippet:-1, max-image-preview:large, max-video-preview:-1\" \/>\n<link rel=\"canonical\" href=\"https:\/\/www.mercadokeys.com\/product\/age-of-empires-iii-definitive-edition-steam-cd-key\/\" \/>\n<meta property=\"og:locale\" content=\"en_GB\" \/>\n<meta property=\"og:type\" content=\"article\" \/>\n<meta property=\"og:title\" content=\"Age of Empires III: Definitive Edition Steam CD Key - MERCADOKEYS\" \/>\n<meta property=\"og:description\" content=\"Age of Empires III: Definitive Edition cierra con broche de oro la celebraci\u00f3n de una de las franquicias de estrategia en tiempo real m\u00e1s aclamadas\" \/>\n<meta property=\"og:url\" content=\"https:\/\/www.mercadokeys.com\/product\/age-of-empires-iii-definitive-edition-steam-cd-key\/\" \/>\n<meta property=\"og:site_name\" content=\"MERCADOKEYS\" \/>\n<meta property=\"article:modified_time\" content=\"2022-06-28T13:19:06+00:00\" \/>\n<meta property=\"og:image\" content=\"https:\/\/www.mercadokeys.com\/wp-content\/uploads\/2020\/12\/Age-of-Empires-III-Definitive-Edition-Steam-CD-Key.jpg\" \/>\n\t<meta property=\"og:image:width\" content=\"230\" \/>\n\t<meta property=\"og:image:height\" content=\"336\" \/>\n\t<meta property=\"og:image:type\" content=\"image\/jpeg\" \/>\n<meta name=\"twitter:card\" content=\"summary_large_image\" \/>\n<meta name=\"twitter:label1\" content=\"Estimated reading time\" \/>\n\t<meta name=\"twitter:data1\" content=\"1 minute\" \/>\n<script type=\"application\/ld+json\" class=\"yoast-schema-graph\">{\"@context\":\"https:\/\/schema.org\",\"@graph\":[{\"@type\":\"WebPage\",\"@id\":\"https:\/\/www.mercadokeys.com\/product\/age-of-empires-iii-definitive-edition-steam-cd-key\/\",\"url\":\"https:\/\/www.mercadokeys.com\/product\/age-of-empires-iii-definitive-edition-steam-cd-key\/\",\"name\":\"Age of Empires III: Definitive Edition Steam CD Key - MERCADOKEYS\",\"isPartOf\":{\"@id\":\"https:\/\/www.mercadokeys.com\/eng\/#website\"},\"primaryImageOfPage\":{\"@id\":\"https:\/\/www.mercadokeys.com\/product\/age-of-empires-iii-definitive-edition-steam-cd-key\/#primaryimage\"},\"image\":{\"@id\":\"https:\/\/www.mercadokeys.com\/product\/age-of-empires-iii-definitive-edition-steam-cd-key\/#primaryimage\"},\"thumbnailUrl\":\"https:\/\/www.mercadokeys.com.mx\/wp-content\/uploads\/2020\/12\/Age-of-Empires-III-Definitive-Edition-Steam-CD-Key.jpg\",\"datePublished\":\"2020-12-18T14:27:10+00:00\",\"dateModified\":\"2022-06-28T13:19:06+00:00\",\"description\":\"Age of Empires III: Definitive Edition cierra con broche de oro la celebraci\u00f3n de una de las franquicias de estrategia en tiempo real m\u00e1s aclamadas\",\"breadcrumb\":{\"@id\":\"https:\/\/www.mercadokeys.com\/product\/age-of-empires-iii-definitive-edition-steam-cd-key\/#breadcrumb\"},\"inLanguage\":\"en-GB\",\"potentialAction\":[{\"@type\":\"ReadAction\",\"target\":[\"https:\/\/www.mercadokeys.com\/product\/age-of-empires-iii-definitive-edition-steam-cd-key\/\"]}]},{\"@type\":\"ImageObject\",\"inLanguage\":\"en-GB\",\"@id\":\"https:\/\/www.mercadokeys.com\/product\/age-of-empires-iii-definitive-edition-steam-cd-key\/#primaryimage\",\"url\":\"https:\/\/www.mercadokeys.com.mx\/wp-content\/uploads\/2020\/12\/Age-of-Empires-III-Definitive-Edition-Steam-CD-Key.jpg\",\"contentUrl\":\"https:\/\/www.mercadokeys.com.mx\/wp-content\/uploads\/2020\/12\/Age-of-Empires-III-Definitive-Edition-Steam-CD-Key.jpg\",\"width\":230,\"height\":336,\"caption\":\"Age of Empires III: Definitive Edition Steam CD Key\"},{\"@type\":\"BreadcrumbList\",\"@id\":\"https:\/\/www.mercadokeys.com\/product\/age-of-empires-iii-definitive-edition-steam-cd-key\/#breadcrumb\",\"itemListElement\":[{\"@type\":\"ListItem\",\"position\":1,\"name\":\"Inicio\",\"item\":\"https:\/\/www.mercadokeys.com.mx\/\"},{\"@type\":\"ListItem\",\"position\":2,\"name\":\"Tienda\",\"item\":\"https:\/\/www.mercadokeys.com\/shop\/\"},{\"@type\":\"ListItem\",\"position\":3,\"name\":\"Age of Empires III: Definitive Edition Steam CD Key\"}]},{\"@type\":\"WebSite\",\"@id\":\"https:\/\/www.mercadokeys.com\/eng\/#website\",\"url\":\"https:\/\/www.mercadokeys.com\/eng\/\",\"name\":\"MERCADOKEYS\",\"description\":\"Tu Tienda de videojuegos digitales en Mexico!\",\"potentialAction\":[{\"@type\":\"SearchAction\",\"target\":{\"@type\":\"EntryPoint\",\"urlTemplate\":\"https:\/\/www.mercadokeys.com\/eng\/?s={search_term_string}\"},\"query-input\":{\"@type\":\"PropertyValueSpecification\",\"valueRequired\":true,\"valueName\":\"search_term_string\"}}],\"inLanguage\":\"en-GB\"}]}<\/script>\n<!-- \/ Yoast SEO plugin. -->","yoast_head_json":{"title":"Age of Empires III: Definitive Edition Steam CD Key - MERCADOKEYS","description":"Age of Empires III: Definitive Edition cierra con broche de oro la celebraci\u00f3n de una de las franquicias de estrategia en tiempo real m\u00e1s aclamadas","robots":{"index":"index","follow":"follow","max-snippet":"max-snippet:-1","max-image-preview":"max-image-preview:large","max-video-preview":"max-video-preview:-1"},"canonical":"https:\/\/www.mercadokeys.com\/product\/age-of-empires-iii-definitive-edition-steam-cd-key\/","og_locale":"en_GB","og_type":"article","og_title":"Age of Empires III: Definitive Edition Steam CD Key - MERCADOKEYS","og_description":"Age of Empires III: Definitive Edition cierra con broche de oro la celebraci\u00f3n de una de las franquicias de estrategia en tiempo real m\u00e1s aclamadas","og_url":"https:\/\/www.mercadokeys.com\/product\/age-of-empires-iii-definitive-edition-steam-cd-key\/","og_site_name":"MERCADOKEYS","article_modified_time":"2022-06-28T13:19:06+00:00","og_image":[{"width":230,"height":336,"url":"https:\/\/www.mercadokeys.com\/wp-content\/uploads\/2020\/12\/Age-of-Empires-III-Definitive-Edition-Steam-CD-Key.jpg","type":"image\/jpeg"}],"twitter_card":"summary_large_image","twitter_misc":{"Estimated reading time":"1 minute"},"schema":{"@context":"https:\/\/schema.org","@graph":[{"@type":"WebPage","@id":"https:\/\/www.mercadokeys.com\/product\/age-of-empires-iii-definitive-edition-steam-cd-key\/","url":"https:\/\/www.mercadokeys.com\/product\/age-of-empires-iii-definitive-edition-steam-cd-key\/","name":"Age of Empires III: Definitive Edition Steam CD Key - MERCADOKEYS","isPartOf":{"@id":"https:\/\/www.mercadokeys.com\/eng\/#website"},"primaryImageOfPage":{"@id":"https:\/\/www.mercadokeys.com\/product\/age-of-empires-iii-definitive-edition-steam-cd-key\/#primaryimage"},"image":{"@id":"https:\/\/www.mercadokeys.com\/product\/age-of-empires-iii-definitive-edition-steam-cd-key\/#primaryimage"},"thumbnailUrl":"https:\/\/www.mercadokeys.com.mx\/wp-content\/uploads\/2020\/12\/Age-of-Empires-III-Definitive-Edition-Steam-CD-Key.jpg","datePublished":"2020-12-18T14:27:10+00:00","dateModified":"2022-06-28T13:19:06+00:00","description":"Age of Empires III: Definitive Edition cierra con broche de oro la celebraci\u00f3n de una de las franquicias de estrategia en tiempo real m\u00e1s aclamadas","breadcrumb":{"@id":"https:\/\/www.mercadokeys.com\/product\/age-of-empires-iii-definitive-edition-steam-cd-key\/#breadcrumb"},"inLanguage":"en-GB","potentialAction":[{"@type":"ReadAction","target":["https:\/\/www.mercadokeys.com\/product\/age-of-empires-iii-definitive-edition-steam-cd-key\/"]}]},{"@type":"ImageObject","inLanguage":"en-GB","@id":"https:\/\/www.mercadokeys.com\/product\/age-of-empires-iii-definitive-edition-steam-cd-key\/#primaryimage","url":"https:\/\/www.mercadokeys.com.mx\/wp-content\/uploads\/2020\/12\/Age-of-Empires-III-Definitive-Edition-Steam-CD-Key.jpg","contentUrl":"https:\/\/www.mercadokeys.com.mx\/wp-content\/uploads\/2020\/12\/Age-of-Empires-III-Definitive-Edition-Steam-CD-Key.jpg","width":230,"height":336,"caption":"Age of Empires III: Definitive Edition Steam CD Key"},{"@type":"BreadcrumbList","@id":"https:\/\/www.mercadokeys.com\/product\/age-of-empires-iii-definitive-edition-steam-cd-key\/#breadcrumb","itemListElement":[{"@type":"ListItem","position":1,"name":"Inicio","item":"https:\/\/www.mercadokeys.com.mx\/"},{"@type":"ListItem","position":2,"name":"Tienda","item":"https:\/\/www.mercadokeys.com\/shop\/"},{"@type":"ListItem","position":3,"name":"Age of Empires III: Definitive Edition Steam CD Key"}]},{"@type":"WebSite","@id":"https:\/\/www.mercadokeys.com\/eng\/#website","url":"https:\/\/www.mercadokeys.com\/eng\/","name":"MERCADOKEYS","description":"Tu Tienda de videojuegos digitales en Mexico!","potentialAction":[{"@type":"SearchAction","target":{"@type":"EntryPoint","urlTemplate":"https:\/\/www.mercadokeys.com\/eng\/?s={search_term_string}"},"query-input":{"@type":"PropertyValueSpecification","valueRequired":true,"valueName":"search_term_string"}}],"inLanguage":"en-GB"}]}},"df_price":144.192397,"df_sale_price":144.192397,"df_regular_price":144.192397,"df_image_link":"https:\/\/www.mercadokeys.com.mx\/wp-content\/uploads\/2020\/12\/Age-of-Empires-III-Definitive-Edition-Steam-CD-Key-205x300.jpg","_links":{"self":[{"href":"https:\/\/www.mercadokeys.com.mx\/eng\/wp-json\/wp\/v2\/product\/105967","targetHints":{"allow":["GET"]}}],"collection":[{"href":"https:\/\/www.mercadokeys.com.mx\/eng\/wp-json\/wp\/v2\/product"}],"about":[{"href":"https:\/\/www.mercadokeys.com.mx\/eng\/wp-json\/wp\/v2\/types\/product"}],"wp:featuredmedia":[{"embeddable":true,"href":"https:\/\/www.mercadokeys.com.mx\/eng\/wp-json\/wp\/v2\/media\/114509"}],"wp:attachment":[{"href":"https:\/\/www.mercadokeys.com.mx\/eng\/wp-json\/wp\/v2\/media?parent=105967"}],"wp:term":[{"taxonomy":"product_brand","embeddable":true,"href":"https:\/\/www.mercadokeys.com.mx\/eng\/wp-json\/wp\/v2\/product_brand?post=105967"},{"taxonomy":"product_cat","embeddable":true,"href":"https:\/\/www.mercadokeys.com.mx\/eng\/wp-json\/wp\/v2\/product_cat?post=105967"},{"taxonomy":"product_tag","embeddable":true,"href":"https:\/\/www.mercadokeys.com.mx\/eng\/wp-json\/wp\/v2\/product_tag?post=105967"}],"curies":[{"name":"wp","href":"https:\/\/api.w.org\/{rel}","templated":true}]}}