{"id":560,"date":"2018-01-03T09:57:18","date_gmt":"2018-01-03T09:57:18","guid":{"rendered":"http:\/\/demo.gloriathemes.com\/wp\/cloux\/?page_id=560"},"modified":"2021-07-11T08:25:04","modified_gmt":"2021-07-11T15:25:04","slug":"terminos-y-condiciones","status":"publish","type":"page","link":"https:\/\/www.mercadokeys.com.mx\/eng\/terminos-y-condiciones\/","title":{"rendered":"Terms and Conditions"},"content":{"rendered":"<div class=\"wpb-content-wrapper\"><div class=\"vc_row wpb_row vc_row-fluid\"><div class=\"wpb_column vc_column_container vc_col-sm-4\"><div class=\"vc_column-inner\"><div class=\"wpb_wrapper\"><div class=\"cloux-service-box\"><a href=\"https:\/\/mercadokeys.com\/shop\/\" title=\"\" target=\"_parent\"><i class=\"fas fa-gamepad\" aria-hidden=\"true\"><\/i><div class=\"title\">THE BEST PRICES.<\/div><div class=\"text\"><p>MercadoKeys.com a 100% Mexican video game store<\/p>\n<\/div><\/a><\/div><div class=\"vc_empty_space\"   style=\"height: 2.308rem\"><span class=\"vc_empty_space_inner\"><\/span><\/div><\/div><\/div><\/div><div class=\"wpb_column vc_column_container vc_col-sm-4\"><div class=\"vc_column-inner\"><div class=\"wpb_wrapper\"><div class=\"cloux-service-box\"><a href=\"mailto:contacto@mercadokeys.com\" title=\"\" target=\"_parent\"><i class=\"far fa-life-ring\" aria-hidden=\"true\"><\/i><div class=\"title\">Soporte.<\/div><div class=\"text\"><p>contacto@MercadoKeys.com<\/p>\n<\/div><\/a><\/div><div class=\"vc_empty_space\"   style=\"height: 2.308rem\"><span class=\"vc_empty_space_inner\"><\/span><\/div><\/div><\/div><\/div><div class=\"wpb_column vc_column_container vc_col-sm-4\"><div class=\"vc_column-inner\"><div class=\"wpb_wrapper\"><div class=\"cloux-service-box\"><a href=\"https:\/\/mercadokeys.com\/sobre-nosotros\/\" title=\"\" target=\"_blank\"><i class=\"far fa-address-card\" aria-hidden=\"true\"><\/i><div class=\"title\">Sobre nosotros.<\/div><div class=\"text\"><p>Learn about our mission, vision and company values.<\/p>\n<\/div><\/a><\/div><div class=\"vc_empty_space\"   style=\"height: 2.308rem\"><span class=\"vc_empty_space_inner\"><\/span><\/div><\/div><\/div><\/div><\/div><div class=\"vc_row wpb_row vc_row-fluid\"><div class=\"wpb_column vc_column_container vc_col-sm-12\"><div class=\"vc_column-inner\"><div class=\"wpb_wrapper\">\n\t<div class=\"wpb_text_column wpb_content_element\" >\n\t\t<div class=\"wpb_wrapper\">\n\t\t\t<div>\n<h2 style=\"text-align: center;\"><span style=\"color: #ffcc00;\">Este sitio web es operado exclusivamente por MercadoKeys.com y sus asociados.<\/span><\/h2>\n<p>&nbsp;<\/p>\n<\/div>\n<div><\/div>\n<div>Tanto la p\u00e1gina como todo contenido textual y audiovisual dentro de la misma o fuera de ella que est\u00e9n de alguna manera relacionados est\u00e1n sujetos a los t\u00e9rminos y condiciones aqu\u00ed establecidos.<\/div>\n<div><\/div>\n<div>Al utilizar este sitio web usted declara haber le\u00eddo y aceptado los siguientes t\u00e9rminos y condiciones:<\/div>\n<div><\/div>\n<div><strong>Clausula Primera \u2013 T\u00e9rminos de la tienda en l\u00ednea.<\/strong><\/div>\n<div><\/div>\n<div>\u2014\u2014\u2014-<\/div>\n<div>\n<p>Al utilizar esta p\u00e1gina web y\/o su tienda, usted asegura que tiene mayor\u00eda de edad o el consentimiento de su adulto tutor.<\/p>\n<p>En MercadoKeys deseamos que todas las compras de nuestros clientes sean las mas informadas y claras para que as\u00ed pueda llevar un entretenimiento sano y responsable a su hogar.\u00a0 En consecuencia todos nuestros productos videojuegos han sido clasificados con la <em>Pan European Game Information<\/em> o <strong>PEGI <\/strong>\u00a0que es un <strong>sistema europeo para clasificar el contenido de los videojuegos<\/strong> y otro tipo de software de entretenimiento.<\/p>\n<p>(Esta es la clasificaci\u00f3n que Mercadokeys.com decide utilizar ya que creemos es la que se adapta mejor al mercado Mexicano.)<\/p>\n<p>Cualquier producto o servicios adquiridos en esta tienda no pueden ser usados para ning\u00fan prop\u00f3sito ilegal o no autorizado por MercadoKeys.com como la reventa de los mismos, nos reservamos el derecho a tomar acci\u00f3n legal en caso de sospecha del incumplimiento de esta o cualquier otra clausula.<\/p>\n<div><\/div>\n<div><strong>Clausula Segunda \u2013 Modificaciones de productos o servicios.<\/strong><\/div>\n<div><\/div>\n<div>\u2014\u2014\u2014-<\/div>\n<div>Los precios como cualquier otro tipo de informaci\u00f3n disponibles en la p\u00e1gina est\u00e1n sujetos a cambios sin previo aviso.<\/div>\n<div><\/div>\n<div><em>Nos reservamos el derecho a concretar o no con el env\u00edo de cualquier producto o servicio en caso de que alguno haya visto modificaci\u00f3n alguna en su precio aun luego de concretado el pago. El cliente podr\u00e1 exigir devoluci\u00f3n de su dinero en caso de que la entrega no sea efectuada.<\/em><\/div>\n<div><\/div>\n<div>No tomaremos responsabilidad alguna en caso de que usted se vea perjudicado de cualquier forma debido a la modificaci\u00f3n o cese de alguno de los productos o servicios aqu\u00ed brindados.<\/div>\n<div><\/div>\n<div><strong>Clausula Tercera \u2013 Exactitud de la informaci\u00f3n.<\/strong><\/div>\n<div><\/div>\n<div>\u2014\u2014\u2014-<\/div>\n<div>La palabra de cualquier asociado de MercadoKeys.com mediante el correo de contacto contacto@MercadoKeys.com ser\u00e1 tomada como legitima con respecto a cualquier informaci\u00f3n relacionada con MercadoKeys.com en caso de cualquier error o inexactitud que pueda haber con respecto a precios, disponibilidad de productos, ofertas o cualquier otra cosa.<\/div>\n<div><\/div>\n<div>Usted acepta que ser\u00e1 su responsabilidad verificar que la informaci\u00f3n brindada sea la correcta y no tendr\u00e1 derecho a reclamo alguno en caso de cualquier diferenciaci\u00f3n.<\/div>\n<div><\/div>\n<div><strong>Clausula Cuarta \u2013 Condiciones generales.<\/strong><\/div>\n<div><\/div>\n<div>\u2014\u2014\u2014-<\/div>\n<div>Nos reservamos el derecho de rechazar prestar el servicio a cualquier persona por cualquier motivo y en cualquier momento sin necesidad de explicaci\u00f3n alguna excepto por una notificaci\u00f3n del cese del mismo.<\/div>\n<div><\/div>\n<div>No asumimos ninguna obligaci\u00f3n de actualizar, corregir o aclarar la informaci\u00f3n en caso de error o inexactitud de la misma.<\/div>\n<div><\/div>\n<div>MercadoKeys.com asegura que no tiene acceso a ning\u00fan tipo de informaci\u00f3n que no haya sido proporcionada por usted mismo a trav\u00e9s del correo de contacto de MercadoKeys.com con excepci\u00f3n de la proporcionada por Paypal y dem\u00e1s servicios de transferencia de efectivo tercerizados que se utilizan en esta p\u00e1gina.<\/div>\n<div><\/div>\n<div>No tomaremos ning\u00fan tipo de responsabilidad en el caso de que su informaci\u00f3n personal, de tarjetas de cr\u00e9dito o similares se hayan visto comprometidas de cualquier forma.<\/div>\n<div><\/div>\n<div><strong>Clausula Quinta \u2013 Enlaces a sitios de terceros.<\/strong><\/div>\n<div><\/div>\n<div>\u2014\u2014\u2014-<\/div>\n<div>Los contenidos, productos y servicios disponibles a trav\u00e9s de nuestra web pueden incluir materiales de terceros.<\/div>\n<div><\/div>\n<div>Enlaces en este sitio pueden conducir al usuario a sitios web de terceros que pueden no estar relacionados a MercadoKeys.com y por lo tanto no estar sometido a estos mismos t\u00e9rminos y condiciones.<\/div>\n<div><\/div>\n<div>No nos haremos responsable del contenido o servicios que pueda haber en estos sitios terceros o cualquier tipo de perjuicio cometido por los mismos.<\/div>\n<div><\/div>\n<div><strong>Clausula Sexta \u2013 Indemnizaci\u00f3n.<\/strong><\/div>\n<div><\/div>\n<div>\u2014\u2014\u2014-<\/div>\n<div>Usted acepta indemnizar, defender y mantener indemne a MercadoKeys.com, subsidiarias, socios, funcionarios, licencias, proveedores, empleados, o cualquier otro asociado de cualquier reclamo o demanda generados por cualquier tercero o causa como consecuencia del incumplimiento de estas condiciones o las establecidas por un tercero.<\/div>\n<div><\/div>\n<div><strong>Clausula S\u00e9ptima \u2013 Ley.<\/strong><\/div>\n<div><\/div>\n<div>\u2014\u2014\u2014-<\/div>\n<div>Estos t\u00e9rminos y condiciones y cualquier acuerdo de MercadoKeys.com que no est\u00e9 disponible en esta p\u00e1gina se regir\u00e1n e interpretar\u00e1n de conformidad con las leyes mexicanas.<\/div>\n<div><\/div>\n<div><strong>Clausula Octava \u2013 Env\u00edos<\/strong><\/div>\n<div><\/div>\n<div>\u2014\u2014\u2014-<\/div>\n<div>El cliente debe proporcionar datos v\u00e1lidos y si hay alguno es incorrecto deber\u00e1 declararlo antes de confirmado el envi\u00f3.<\/div>\n<div><\/div>\n<div><strong>Si en alg\u00fan caso no existiera stock del producto solicitado, se le comunicar\u00e1 al cliente a trav\u00e9s de un email y se retendr\u00e1 el pedido hasta la recepci\u00f3n del producto o su cancelaci\u00f3n por parte del cliente o la tienda.<\/strong><\/div>\n<div><\/div>\n<div>Los env\u00edos f\u00edsicos quedan a cargo del proveedor del servicio el cual podr\u00eda ser o no, ajeno a MercadoKeys.com, por lo que este \u00faltimo no se har\u00e1 responsable de demoras, p\u00e9rdidas o perjuicios, costos extras o cualquier perjuicio ocasionado relacionado con productos de terceros quedando estos a responsabilidad del proveedor correspondiente.<\/div>\n<div><\/div>\n<div><strong>Clausula Novena \u2013 Garant\u00edas.<\/strong><\/div>\n<div><\/div>\n<div>\u2014\u2014\u2014-<\/div>\n<div><\/div>\n<div>La garant\u00eda de funcionalidad en los productos ser\u00e1 brindada directamente por los fabricantes y\/o distribuidores de los mismos, es decir sus proveedores, la duraci\u00f3n variara por producto y no ser\u00e1n responsabilidad de MercadoKeys.com, el cliente deber\u00e1 comunicarse directamente con los proveedores en caso de reclamar alguna garant\u00eda.<\/div>\n<div>\n<p>\u2014\u2014\u2014-<\/p>\n<\/div>\n<\/div>\n\n\t\t<\/div>\n\t<\/div>\n<\/div><\/div><\/div><\/div><div class=\"vc_row wpb_row vc_row-fluid\"><div class=\"wpb_column vc_column_container vc_col-sm-12\"><div class=\"vc_column-inner\"><div class=\"wpb_wrapper\">\n\t<div class=\"wpb_text_column wpb_content_element\" >\n\t\t<div class=\"wpb_wrapper\">\n\t\t\t<div><\/div>\n<div><strong>Clausula D\u00e9cima \u2013 Reembolsos y Devoluciones.<\/strong><\/div>\n<div><\/div>\n<div>\n<ol>\n<li><strong>Antes de comprar un juego, es su exclusiva responsabilidad y obligaci\u00f3n asegurarse de que tiene las bases t\u00e9cnicas para operar el juego y de que su sistema inform\u00e1tico cumple con los requisitos m\u00ednimos del sistema para el juego.<\/strong><br \/>\n<strong>A)\u00a0<\/strong>De lo contrario MercadoKeys.com no asume responsabilidad si un juego no trabaja de manera \u00f3ptima en un sistema operativo m\u00e1s nuevo o diferente al especificado en los Requisitos del sistema para cada juego.<br \/>\n<strong>B)\u00a0<\/strong>Los reembolsos no se emitir\u00e1n debido a su insatisfacci\u00f3n con el producto o si su computadora no cumple con los requisitos m\u00ednimos del Producto.<\/li>\n<li><b>En el caso de productos digitales que ya han sido enviados, no hay reembolso.<\/b><br \/>\nTodas las ventas, compras y pagos realizados a trav\u00e9s de MercadoKeys.com son finales y no son reembolsables, excepto que se indique expresamente a continuaci\u00f3n.<\/li>\n<li>En caso de que el serial fallara en la activaci\u00f3n MercadoKeys.com se reserva el derecho de verificar la validez de la clave del producto en un plazo de 4 d\u00edas de calendario laboral<br \/>\n<strong>A)\u00a0<\/strong>Si\u00a0 MercadoKeys.com determinara que el serial efectivamente fue defectuoso en su entrega, MercadoKeys.com se compromete a reemplazar el articulo con uno id\u00e9ntico, similar o de igual valor de la compra.<br \/>\n<strong>B)\u00a0<\/strong>Si la pruebas revelan que la clave del producto ya se ha activado, MercadoKeys.com tiene derecho a rechazar el pago, ya que el servicio adquirido se ha proporcionado seg\u00fan lo acordado.<\/li>\n<li>Las solicitudes no terminadas, fallidas y no completadas no pueden ser reembolsadas.<\/li>\n<li>MercadoKeys.com se\u00a0 reserva el derecho de solicitar informaci\u00f3n adicional del comprador, como una copia fotost\u00e1tica de una identificaci\u00f3n v\u00e1lida para\u00a0<strong>verificaci\u00f3n de identidad y rechazaremos o reembolsaremos cualquier orden que parezca ser fraudulenta.<\/strong><\/li>\n<li>Ser un cliente de registro reciente, El uso de un VPN, Proxy, n\u00famero VoIP, o cualquier otro medio de ocultar la ubicaci\u00f3n real del comprador ocasionar\u00e1 demoras con frecuencia, por verificaci\u00f3n de identidad.<\/li>\n<li>Cualquier compra que sea determinada como fraudulenta por nuestro sistema de \u201cverificaci\u00f3n de identidad\u201d ser\u00e1 cancelada, rechazada o reembolsada sin explicaci\u00f3n.<\/li>\n<li>MercadoKeys.com est\u00e1 dise\u00f1ado estrictamente para uso del consumidor. Cualquier compra que consideremos no se ha hecho para consumo personal podr\u00e1 cancelarse, rechazarse o reembolsarse sin explicaci\u00f3n<\/li>\n<li>En ventas mayores a $400.00 mxn y durante la\u00a0<strong>\u201cverificaci\u00f3n de identidad\u00a0de nuestro sitio\u201d<\/strong>, MercadoKeys.com podr\u00eda enviar o no, un\u00a0 <strong>escrito de \u201ccompra y entrega\u201d<\/strong> posteriormente y enviar el documento firmado a nuestro correo de atenci\u00f3n contacto@Mercadokeys.com<\/li>\n<li>\u00a0The <a href=\"https:\/\/www.mercadokeys.com.mx\/eng\/politica-de-reembolsos\/\"><span style=\"color: #ffcc00;\">Pol\u00edtica de reembolso<\/span><\/a> es solo una cortes\u00eda para nuestros &#8220;Clientes frecuentes&#8221; (<em>El cual deber\u00e1 contar por lo menos diez compras anteriores pagadas y finalizadas sin ning\u00fan tipo de <\/em><i>reclamaci\u00f3n.<\/i>)<\/li>\n<li>Nuestra <a href=\"https:\/\/www.mercadokeys.com.mx\/eng\/politica-de-reembolsos\/\"><span style=\"color: #ffcc00;\">Pol\u00edtica de reembolso<\/span><\/a>\u00a0 Puede ser suspendida en cualquier momento y sin previo aviso, este servicio es solo una cortes\u00eda y no tenemos la obligaci\u00f3n de aplicarla nuestros clientes.<\/li>\n<\/ol>\n<\/div>\n<p><strong>Clausula Onceava<\/strong>\u00a0\u2013\u00a0<strong>Cambios de los t\u00e9rminos y condiciones<br \/>\n<\/strong>\u2014\u2014\u2014-<br \/>\nLa versi\u00f3n m\u00e1s actualizada de nuestros t\u00e9rminos y condiciones estar\u00e1 siempre disponible en esta p\u00e1gina. Nos reservamos el derecho, a nuestra sola discreci\u00f3n, de actualizar, modificar o reemplazar cualquier parte de estos mismos. Sera responsabilidad suya comprobar peri\u00f3dicamente en caso de modificaciones.<\/p>\n\n\t\t<\/div>\n\t<\/div>\n<div class=\"vc_empty_space\"   style=\"height: 2.308rem\"><span class=\"vc_empty_space_inner\"><\/span><\/div><\/div><\/div><\/div><\/div>\n<\/div>","protected":false},"excerpt":{"rendered":"LOS MEJORES PRECIOS.MercadoKeys.com una tienda de videojuegos 100% Mexicana Soporte.contacto@MercadoKeys.com Sobre nosotros.Conoce nuestra misi\u00f3n, visi\u00f3n y valores de la empresa. Este sitio web es operado exclusivamente por MercadoKeys.com y sus asociados. &nbsp; Tanto la p\u00e1gina como todo contenido textual y audiovisual dentro de la misma o fuera de ella que est\u00e9n de alguna manera relacionados...","protected":false},"author":1,"featured_media":0,"parent":0,"menu_order":0,"comment_status":"closed","ping_status":"closed","template":"","meta":{"_monsterinsights_skip_tracking":false,"_monsterinsights_sitenote_active":false,"_monsterinsights_sitenote_note":"","_monsterinsights_sitenote_category":0,"footnotes":""},"class_list":["post-560","page","type-page","status-publish","hentry"],"yoast_head":"<!-- This site is optimized with the Yoast SEO plugin v27.0 - https:\/\/yoast.com\/product\/yoast-seo-wordpress\/ -->\n<title>T\u00e9rminos y condiciones - MERCADOKEYS<\/title>\n<meta name=\"robots\" content=\"index, follow, max-snippet:-1, max-image-preview:large, max-video-preview:-1\" \/>\n<link rel=\"canonical\" href=\"https:\/\/www.mercadokeys.com\/eng\/terminos-y-condiciones\/\" \/>\n<meta property=\"og:locale\" content=\"en_GB\" \/>\n<meta property=\"og:type\" content=\"article\" \/>\n<meta property=\"og:title\" content=\"T\u00e9rminos y condiciones - MERCADOKEYS\" \/>\n<meta property=\"og:url\" content=\"https:\/\/www.mercadokeys.com\/eng\/terminos-y-condiciones\/\" \/>\n<meta property=\"og:site_name\" content=\"MERCADOKEYS\" \/>\n<meta property=\"article:modified_time\" content=\"2021-07-11T15:25:04+00:00\" \/>\n<meta name=\"twitter:card\" content=\"summary_large_image\" \/>\n<meta name=\"twitter:label1\" content=\"Estimated reading time\" \/>\n\t<meta name=\"twitter:data1\" content=\"7 minutes\" \/>\n<script type=\"application\/ld+json\" class=\"yoast-schema-graph\">{\"@context\":\"https:\/\/schema.org\",\"@graph\":[{\"@type\":\"WebPage\",\"@id\":\"https:\/\/www.mercadokeys.com\/eng\/terminos-y-condiciones\/\",\"url\":\"https:\/\/www.mercadokeys.com\/eng\/terminos-y-condiciones\/\",\"name\":\"T\u00e9rminos y condiciones - MERCADOKEYS\",\"isPartOf\":{\"@id\":\"https:\/\/www.mercadokeys.com\/eng\/#website\"},\"datePublished\":\"2018-01-03T09:57:18+00:00\",\"dateModified\":\"2021-07-11T15:25:04+00:00\",\"breadcrumb\":{\"@id\":\"https:\/\/www.mercadokeys.com\/eng\/terminos-y-condiciones\/#breadcrumb\"},\"inLanguage\":\"en-GB\",\"potentialAction\":[{\"@type\":\"ReadAction\",\"target\":[\"https:\/\/www.mercadokeys.com\/eng\/terminos-y-condiciones\/\"]}]},{\"@type\":\"BreadcrumbList\",\"@id\":\"https:\/\/www.mercadokeys.com\/eng\/terminos-y-condiciones\/#breadcrumb\",\"itemListElement\":[{\"@type\":\"ListItem\",\"position\":1,\"name\":\"Inicio\",\"item\":\"https:\/\/www.mercadokeys.com.mx\/\"},{\"@type\":\"ListItem\",\"position\":2,\"name\":\"T\u00e9rminos y condiciones\"}]},{\"@type\":\"WebSite\",\"@id\":\"https:\/\/www.mercadokeys.com\/eng\/#website\",\"url\":\"https:\/\/www.mercadokeys.com\/eng\/\",\"name\":\"MERCADOKEYS\",\"description\":\"Tu Tienda de videojuegos digitales en Mexico!\",\"potentialAction\":[{\"@type\":\"SearchAction\",\"target\":{\"@type\":\"EntryPoint\",\"urlTemplate\":\"https:\/\/www.mercadokeys.com\/eng\/?s={search_term_string}\"},\"query-input\":{\"@type\":\"PropertyValueSpecification\",\"valueRequired\":true,\"valueName\":\"search_term_string\"}}],\"inLanguage\":\"en-GB\"}]}<\/script>\n<!-- \/ Yoast SEO plugin. -->","yoast_head_json":{"title":"T\u00e9rminos y condiciones - MERCADOKEYS","robots":{"index":"index","follow":"follow","max-snippet":"max-snippet:-1","max-image-preview":"max-image-preview:large","max-video-preview":"max-video-preview:-1"},"canonical":"https:\/\/www.mercadokeys.com\/eng\/terminos-y-condiciones\/","og_locale":"en_GB","og_type":"article","og_title":"T\u00e9rminos y condiciones - MERCADOKEYS","og_url":"https:\/\/www.mercadokeys.com\/eng\/terminos-y-condiciones\/","og_site_name":"MERCADOKEYS","article_modified_time":"2021-07-11T15:25:04+00:00","twitter_card":"summary_large_image","twitter_misc":{"Estimated reading time":"7 minutes"},"schema":{"@context":"https:\/\/schema.org","@graph":[{"@type":"WebPage","@id":"https:\/\/www.mercadokeys.com\/eng\/terminos-y-condiciones\/","url":"https:\/\/www.mercadokeys.com\/eng\/terminos-y-condiciones\/","name":"T\u00e9rminos y condiciones - MERCADOKEYS","isPartOf":{"@id":"https:\/\/www.mercadokeys.com\/eng\/#website"},"datePublished":"2018-01-03T09:57:18+00:00","dateModified":"2021-07-11T15:25:04+00:00","breadcrumb":{"@id":"https:\/\/www.mercadokeys.com\/eng\/terminos-y-condiciones\/#breadcrumb"},"inLanguage":"en-GB","potentialAction":[{"@type":"ReadAction","target":["https:\/\/www.mercadokeys.com\/eng\/terminos-y-condiciones\/"]}]},{"@type":"BreadcrumbList","@id":"https:\/\/www.mercadokeys.com\/eng\/terminos-y-condiciones\/#breadcrumb","itemListElement":[{"@type":"ListItem","position":1,"name":"Inicio","item":"https:\/\/www.mercadokeys.com.mx\/"},{"@type":"ListItem","position":2,"name":"T\u00e9rminos y condiciones"}]},{"@type":"WebSite","@id":"https:\/\/www.mercadokeys.com\/eng\/#website","url":"https:\/\/www.mercadokeys.com\/eng\/","name":"MERCADOKEYS","description":"Tu Tienda de videojuegos digitales en Mexico!","potentialAction":[{"@type":"SearchAction","target":{"@type":"EntryPoint","urlTemplate":"https:\/\/www.mercadokeys.com\/eng\/?s={search_term_string}"},"query-input":{"@type":"PropertyValueSpecification","valueRequired":true,"valueName":"search_term_string"}}],"inLanguage":"en-GB"}]}},"_links":{"self":[{"href":"https:\/\/www.mercadokeys.com.mx\/eng\/wp-json\/wp\/v2\/pages\/560","targetHints":{"allow":["GET"]}}],"collection":[{"href":"https:\/\/www.mercadokeys.com.mx\/eng\/wp-json\/wp\/v2\/pages"}],"about":[{"href":"https:\/\/www.mercadokeys.com.mx\/eng\/wp-json\/wp\/v2\/types\/page"}],"author":[{"embeddable":true,"href":"https:\/\/www.mercadokeys.com.mx\/eng\/wp-json\/wp\/v2\/users\/1"}],"replies":[{"embeddable":true,"href":"https:\/\/www.mercadokeys.com.mx\/eng\/wp-json\/wp\/v2\/comments?post=560"}],"version-history":[{"count":26,"href":"https:\/\/www.mercadokeys.com.mx\/eng\/wp-json\/wp\/v2\/pages\/560\/revisions"}],"predecessor-version":[{"id":114860,"href":"https:\/\/www.mercadokeys.com.mx\/eng\/wp-json\/wp\/v2\/pages\/560\/revisions\/114860"}],"wp:attachment":[{"href":"https:\/\/www.mercadokeys.com.mx\/eng\/wp-json\/wp\/v2\/media?parent=560"}],"curies":[{"name":"wp","href":"https:\/\/api.w.org\/{rel}","templated":true}]}}